{"id":170,"date":"2018-04-25T11:06:10","date_gmt":"2018-04-25T09:06:10","guid":{"rendered":"https:\/\/avf.asso.fr\/salon-de-provence\/?page_id=170"},"modified":"2022-09-28T21:16:38","modified_gmt":"2022-09-28T19:16:38","slug":"qui-sommes-nous","status":"publish","type":"page","link":"https:\/\/avf.asso.fr\/salon-de-provence\/qui-sommes-nous\/","title":{"rendered":"Pr\u00e9sentation"},"content":{"rendered":"<h2>L&rsquo;histoire de Salon De Provence<\/h2>\n<div><\/div>\n<p>En 1964 les premiers \u2018accueils\u2019 furent cr\u00e9\u00e9s pour faire face au mouvement de d\u00e9centralisation de l&rsquo;\u00e9poque. R\u00e9pondant \u00e0 un r\u00e9el besoin, ils se sont rapidement multipli\u00e9s.<br \/>\nOn en d\u00e9nombre \u00e0 ce jour plus de 300 en France et dom-tom. Ils agissent en collaboration \u00e9troite avec la F\u00e9d\u00e9ration Internationale \u00e0 l&rsquo;\u00e9tranger.<br \/>\nC\u2019est en 1971 que l&rsquo;association &lsquo;Salon Accueille\u00a0\u00bb est cr\u00e9\u00e9e en parte\u00adnariat avec la jeune Chambre \u00c9conomique.<\/p>\n<p>&nbsp;<\/p>\n<p><img decoding=\"async\" loading=\"lazy\" class=\" wp-image-1066 aligncenter\" src=\"https:\/\/avf.asso.fr\/salon-de-provence\/wp-content\/uploads\/sites\/337\/2019\/03\/pied-de-page_mobilite-300x55.jpeg\" alt=\"\" width=\"475\" height=\"87\" srcset=\"https:\/\/avf.asso.fr\/salon-de-provence\/wp-content\/uploads\/sites\/337\/2019\/03\/pied-de-page_mobilite-300x55.jpeg 300w, https:\/\/avf.asso.fr\/salon-de-provence\/wp-content\/uploads\/sites\/337\/2019\/03\/pied-de-page_mobilite-768x141.jpeg 768w, https:\/\/avf.asso.fr\/salon-de-provence\/wp-content\/uploads\/sites\/337\/2019\/03\/pied-de-page_mobilite-1024x188.jpeg 1024w, https:\/\/avf.asso.fr\/salon-de-provence\/wp-content\/uploads\/sites\/337\/2019\/03\/pied-de-page_mobilite.jpeg 1087w\" sizes=\"(max-width: 475px) 100vw, 475px\" \/><\/p>\n","protected":false},"excerpt":{"rendered":"<p>L&rsquo;histoire de Salon De Provence En 1964 les premiers \u2018accueils\u2019 furent cr\u00e9\u00e9s pour faire face au mouvement de d\u00e9centralisation de l&rsquo;\u00e9poque. R\u00e9pondant \u00e0 un r\u00e9el besoin, ils se sont rapidement multipli\u00e9s. On en d\u00e9nombre \u00e0 ce jour plus de 300 en France et dom-tom. Ils agissent en collaboration \u00e9troite avec la F\u00e9d\u00e9ration Internationale \u00e0 l&rsquo;\u00e9tranger. [&hellip;]<\/p>\n","protected":false},"author":10,"featured_media":991,"parent":0,"menu_order":0,"comment_status":"closed","ping_status":"closed","template":"","meta":[],"acf":[],"_links":{"self":[{"href":"https:\/\/avf.asso.fr\/salon-de-provence\/wp-json\/wp\/v2\/pages\/170"}],"collection":[{"href":"https:\/\/avf.asso.fr\/salon-de-provence\/wp-json\/wp\/v2\/pages"}],"about":[{"href":"https:\/\/avf.asso.fr\/salon-de-provence\/wp-json\/wp\/v2\/types\/page"}],"author":[{"embeddable":true,"href":"https:\/\/avf.asso.fr\/salon-de-provence\/wp-json\/wp\/v2\/users\/10"}],"replies":[{"embeddable":true,"href":"https:\/\/avf.asso.fr\/salon-de-provence\/wp-json\/wp\/v2\/comments?post=170"}],"version-history":[{"count":27,"href":"https:\/\/avf.asso.fr\/salon-de-provence\/wp-json\/wp\/v2\/pages\/170\/revisions"}],"predecessor-version":[{"id":1068,"href":"https:\/\/avf.asso.fr\/salon-de-provence\/wp-json\/wp\/v2\/pages\/170\/revisions\/1068"}],"wp:featuredmedia":[{"embeddable":true,"href":"https:\/\/avf.asso.fr\/salon-de-provence\/wp-json\/wp\/v2\/media\/991"}],"wp:attachment":[{"href":"https:\/\/avf.asso.fr\/salon-de-provence\/wp-json\/wp\/v2\/media?parent=170"}],"curies":[{"name":"wp","href":"https:\/\/api.w.org\/{rel}","templated":true}]}}

Présentation

<h2>L&rsquo;histoire de Salon De Provence</h2>
<div></div>
<p>En 1964 les premiers ‘accueils’ furent créés pour faire face au mouvement de décentralisation de l&rsquo;époque. Répondant à un réel besoin, ils se sont rapidement multipliés.<br />
On en dénombre à ce jour plus de 300 en France et dom-tom. Ils agissent en collaboration étroite avec la Fédération Internationale à l&rsquo;étranger.<br />
C’est en 1971 que l&rsquo;association &lsquo;Salon Accueille » est créée en parte­nariat avec la jeune Chambre Économique.</p>
<p>&nbsp;</p>
<p><img decoding="async" loading="lazy" class=" wp-image-1066 aligncenter" src="https://avf.asso.fr/salon-de-provence/wp-content/uploads/sites/337/2019/03/pied-de-page_mobilite-300x55.jpeg" alt="" width="475" height="87" srcset="https://avf.asso.fr/salon-de-provence/wp-content/uploads/sites/337/2019/03/pied-de-page_mobilite-300x55.jpeg 300w, https://avf.asso.fr/salon-de-provence/wp-content/uploads/sites/337/2019/03/pied-de-page_mobilite-768x141.jpeg 768w, https://avf.asso.fr/salon-de-provence/wp-content/uploads/sites/337/2019/03/pied-de-page_mobilite-1024x188.jpeg 1024w, https://avf.asso.fr/salon-de-provence/wp-content/uploads/sites/337/2019/03/pied-de-page_mobilite.jpeg 1087w" sizes="(max-width: 475px) 100vw, 475px" /></p>

<p>L&rsquo;histoire de Salon De Provence En 1964 les premiers ‘accueils’ furent créés pour faire face au mouvement de décentralisation de l&rsquo;époque. Répondant à un réel besoin, ils se sont rapidement multipliés. On en dénombre à ce jour plus de 300 en France et dom-tom. Ils agissent en collaboration étroite avec la Fédération Internationale à l&rsquo;étranger. [&hellip;]</p>
