{"id":143,"date":"2018-02-08T11:23:49","date_gmt":"2018-02-08T10:23:49","guid":{"rendered":"https:\/\/avf.asso.fr\/salon-de-provence\/?page_id=143"},"modified":"2019-03-29T15:53:00","modified_gmt":"2019-03-29T14:53:00","slug":"adherer-a-association","status":"publish","type":"page","link":"https:\/\/avf.asso.fr\/salon-de-provence\/adherer-a-association\/","title":{"rendered":"Adh\u00e9rer \u00e0 notre association"},"content":{"rendered":"<h5><\/h5>\n<p>Nous vous invitons \u00e0 nous rendre visite \u00e0 notre<strong> permanence <\/strong>o\u00f9 nos Accueillantes, toutes b\u00e9n\u00e9voles, sont \u00e0 votre disposition pour vous recevoir et vous informer.<\/p>\n<div><strong>L\u2019adh\u00e9sion \u00e0 notre Association s\u2019accompagnera\u00a0:<\/strong><\/div>\n<ul>\n<li>Du versement d\u2019une cotisation annuelle individuelle de 30\u20ac ou familiale de 49\u20ac<\/li>\n<li>De l\u2019adh\u00e9sion \u00e0 notre Charte<strong>\u00a0\u00a0<\/strong><\/li>\n<li>De l\u2019acceptation de notre R\u00e8glement Int\u00e9rieur<\/li>\n<\/ul>\n<div><\/div>\n<div>Les nouveaux membres d&rsquo;AVF b\u00e9n\u00e9ficieront d&rsquo;un\u00a0<strong>acc\u00e8s \u00e0 la partie privative du site Internet<\/strong>\u00a0d&rsquo;AVF Salon de Provence. Cet acc\u00e8s sera configur\u00e9 par le webmestre qui adressera un courriel avisant de la disponibilt\u00e9 de cet acc\u00e8s priv\u00e9.<\/div>\n<div><\/div>\n<div>\n<div><strong>Venez nous rencontrer, nous vous attendons avec impatience\u00a0!<\/strong><\/div>\n<\/div>\n<h4><\/h4>\n<p>&nbsp;<\/p>\n<div>\n<h3 style=\"text-align: center\"><span style=\"font-family: Liberation Serif\">PERMANENCES : Hall de la cafeteria de l\u2019ATRIUM <\/span><\/h3>\n<h3 style=\"text-align: center\"><span style=\"font-family: Liberation Serif\">94 Bd Aristide Briand \u2013 Tel. 06 82 58 12 48<\/span><\/h3>\n<h3 style=\"text-align: center\"><span style=\"font-family: Liberation Serif\">Lundi de 14h30 \u00e0 17h00 et Mercredi de 09h30 \u00e0 11h30<\/span><\/h3>\n<p>&nbsp;<\/p>\n<\/div>\n","protected":false},"excerpt":{"rendered":"<p>Nous vous invitons \u00e0 nous rendre visite \u00e0 notre permanence o\u00f9 nos Accueillantes, toutes b\u00e9n\u00e9voles, sont \u00e0 votre disposition pour vous recevoir et vous informer. L\u2019adh\u00e9sion \u00e0 notre Association s\u2019accompagnera\u00a0: Du versement d\u2019une cotisation annuelle individuelle de 30\u20ac ou familiale de 49\u20ac De l\u2019adh\u00e9sion \u00e0 notre Charte\u00a0\u00a0 De l\u2019acceptation de notre R\u00e8glement Int\u00e9rieur Les nouveaux [&hellip;]<\/p>\n","protected":false},"author":949,"featured_media":1063,"parent":0,"menu_order":0,"comment_status":"closed","ping_status":"closed","template":"","meta":[],"acf":[],"_links":{"self":[{"href":"https:\/\/avf.asso.fr\/salon-de-provence\/wp-json\/wp\/v2\/pages\/143"}],"collection":[{"href":"https:\/\/avf.asso.fr\/salon-de-provence\/wp-json\/wp\/v2\/pages"}],"about":[{"href":"https:\/\/avf.asso.fr\/salon-de-provence\/wp-json\/wp\/v2\/types\/page"}],"author":[{"embeddable":true,"href":"https:\/\/avf.asso.fr\/salon-de-provence\/wp-json\/wp\/v2\/users\/949"}],"replies":[{"embeddable":true,"href":"https:\/\/avf.asso.fr\/salon-de-provence\/wp-json\/wp\/v2\/comments?post=143"}],"version-history":[{"count":15,"href":"https:\/\/avf.asso.fr\/salon-de-provence\/wp-json\/wp\/v2\/pages\/143\/revisions"}],"predecessor-version":[{"id":1065,"href":"https:\/\/avf.asso.fr\/salon-de-provence\/wp-json\/wp\/v2\/pages\/143\/revisions\/1065"}],"wp:featuredmedia":[{"embeddable":true,"href":"https:\/\/avf.asso.fr\/salon-de-provence\/wp-json\/wp\/v2\/media\/1063"}],"wp:attachment":[{"href":"https:\/\/avf.asso.fr\/salon-de-provence\/wp-json\/wp\/v2\/media?parent=143"}],"curies":[{"name":"wp","href":"https:\/\/api.w.org\/{rel}","templated":true}]}}

Adhérer à notre association

<h5></h5>
<p>Nous vous invitons à nous rendre visite à notre<strong> permanence </strong>où nos Accueillantes, toutes bénévoles, sont à votre disposition pour vous recevoir et vous informer.</p>
<div><strong>L’adhésion à notre Association s’accompagnera :</strong></div>
<ul>
<li>Du versement d’une cotisation annuelle individuelle de 30€ ou familiale de 49€</li>
<li>De l’adhésion à notre Charte<strong>  </strong></li>
<li>De l’acceptation de notre Règlement Intérieur</li>
</ul>
<div></div>
<div>Les nouveaux membres d&rsquo;AVF bénéficieront d&rsquo;un <strong>accès à la partie privative du site Internet</strong> d&rsquo;AVF Salon de Provence. Cet accès sera configuré par le webmestre qui adressera un courriel avisant de la disponibilté de cet accès privé.</div>
<div></div>
<div>
<div><strong>Venez nous rencontrer, nous vous attendons avec impatience !</strong></div>
</div>
<h4></h4>
<p>&nbsp;</p>
<div>
<h3 style="text-align: center"><span style="font-family: Liberation Serif">PERMANENCES : Hall de la cafeteria de l’ATRIUM </span></h3>
<h3 style="text-align: center"><span style="font-family: Liberation Serif">94 Bd Aristide Briand – Tel. 06 82 58 12 48</span></h3>
<h3 style="text-align: center"><span style="font-family: Liberation Serif">Lundi de 14h30 à 17h00 et Mercredi de 09h30 à 11h30</span></h3>
<p>&nbsp;</p>
</div>

<p>Nous vous invitons à nous rendre visite à notre permanence où nos Accueillantes, toutes bénévoles, sont à votre disposition pour vous recevoir et vous informer. L’adhésion à notre Association s’accompagnera : Du versement d’une cotisation annuelle individuelle de 30€ ou familiale de 49€ De l’adhésion à notre Charte   De l’acceptation de notre Règlement Intérieur Les nouveaux [&hellip;]</p>
