{"id":170,"date":"2018-04-25T11:06:10","date_gmt":"2018-04-25T09:06:10","guid":{"rendered":"https:\/\/avf.asso.fr\/moulins-et-son-agglomeration\/?page_id=170"},"modified":"2020-09-08T15:31:05","modified_gmt":"2020-09-08T13:31:05","slug":"qui-sommes-nous","status":"publish","type":"page","link":"https:\/\/avf.asso.fr\/moulins-et-son-agglomeration\/qui-sommes-nous\/","title":{"rendered":"Pr\u00e9sentation"},"content":{"rendered":"<h2>Qui sommes nous ?<\/h2>\n<p>Les AVF sont des associations Loi 1901, sans appartenance politique ou confessionnelle, reconnues d&rsquo;int\u00e9r\u00eat g\u00e9n\u00e9ral.<\/p>\n<p>L&rsquo;AVF Moulins et son agglom\u00e9ration appartient \u00e0 ce r\u00e9seau national de plus de 300 AVF, anim\u00e9 par plus de 11 000 b\u00e9n\u00e9voles qui accueillent chaque ann\u00e9e plus de 70 000 adh\u00e9rents dans toutes les r\u00e9gions de France.<\/p>\n<p>&nbsp;<\/p>\n<p><img decoding=\"async\" loading=\"lazy\" class=\"alignnone size-medium wp-image-971\" src=\"https:\/\/avf.asso.fr\/moulins-et-son-agglomeration\/wp-content\/uploads\/sites\/89\/2020\/09\/schema_reseau_AVF_2013_grand-296x300.jpg\" alt=\"\" width=\"296\" height=\"300\" srcset=\"https:\/\/avf.asso.fr\/moulins-et-son-agglomeration\/wp-content\/uploads\/sites\/89\/2020\/09\/schema_reseau_AVF_2013_grand-296x300.jpg 296w, https:\/\/avf.asso.fr\/moulins-et-son-agglomeration\/wp-content\/uploads\/sites\/89\/2020\/09\/schema_reseau_AVF_2013_grand.jpg 715w\" sizes=\"(max-width: 296px) 100vw, 296px\" \/><\/p>\n<h5>LES AVF, UNE ASSOCIATION UNIQUE DEDIEE AU SERVICE DU NOUVEL ARRIVANT<\/h5>\n<h5>OUVERTE A TOUS CEUX QUI VIVENT LA MOBILITE GEOGRAPHIQUE<\/h5>\n<h5>AFIN DE LES AIDER A FAIRE DE CETTE MOBILITE UNE AVENTURE REUSSIE<\/h5>\n<h3><\/h3>\n<h3>LA CHARTE<\/h3>\n<h4>ARTICLE 1<\/h4>\n<p>L&rsquo;association a pour but d&rsquo;accueillir en priorit\u00e9 les personnes et les familles nouvellement arriv\u00e9es (depuis moins de trois ans) sur le territoire et de faciliter leur int\u00e9gration.<\/p>\n<h4>ARTICLE 2<\/h4>\n<p>L&rsquo;adh\u00e9sion implique, dans les trois ans, l&rsquo;engagement de contribuer b\u00e9n\u00e9volement, apr\u00e8s formation, aux actions et au fonctionnement de l&rsquo;association.<\/p>\n<h2><\/h2>\n<h2><\/h2>\n<h2>L&rsquo;histoire de Moulins<\/h2>\n<div><\/div>\n<div>Dans les <strong>ann\u00e9es 1960<\/strong>, on <em>assiste<\/em> au d\u00e9veloppement de la d\u00e9centralisation dans notre pays qui va entrainer une plus grande mobilit\u00e9 des familles. Celle-ci va conduire \u00e0 cr\u00e9er des structures d\u2019accueil d\u2019aide \u00e0 la mobilit\u00e9 dans de nombreuses villes.\u00a0C\u2019est dans ce but que l&rsquo;AVF Moulins a \u00e9t\u00e9 cr\u00e9\u00e9e avant de devenir l&rsquo;AVF Moulins-et-son-Agglom\u00e9ration.<\/div>\n<div>Depuis la cr\u00e9ation de notre association, adh\u00e9rente du r\u00e9seau Union National des Accueils des Villes Fran\u00e7aises (UNAVF), de nombreuses pr\u00e9sidentes se sont succ\u00e9d\u00e9es, chacunes avec leurs valeurs ajout\u00e9es.<\/div>\n<div><\/div>\n<div><\/div>\n<blockquote>\n<div><\/div>\n<\/blockquote>\n<div>\n<p>&nbsp;<\/p>\n<h2><\/h2>\n<\/div>\n","protected":false},"excerpt":{"rendered":"<p>Qui sommes nous ? Les AVF sont des associations Loi 1901, sans appartenance politique ou confessionnelle, reconnues d&rsquo;int\u00e9r\u00eat g\u00e9n\u00e9ral. L&rsquo;AVF Moulins et son agglom\u00e9ration appartient \u00e0 ce r\u00e9seau national de plus de 300 AVF, anim\u00e9 par plus de 11 000 b\u00e9n\u00e9voles qui accueillent chaque ann\u00e9e plus de 70 000 adh\u00e9rents dans toutes les r\u00e9gions de [&hellip;]<\/p>\n","protected":false},"author":1,"featured_media":830,"parent":0,"menu_order":0,"comment_status":"closed","ping_status":"closed","template":"","meta":[],"acf":[],"_links":{"self":[{"href":"https:\/\/avf.asso.fr\/moulins-et-son-agglomeration\/wp-json\/wp\/v2\/pages\/170"}],"collection":[{"href":"https:\/\/avf.asso.fr\/moulins-et-son-agglomeration\/wp-json\/wp\/v2\/pages"}],"about":[{"href":"https:\/\/avf.asso.fr\/moulins-et-son-agglomeration\/wp-json\/wp\/v2\/types\/page"}],"author":[{"embeddable":true,"href":"https:\/\/avf.asso.fr\/moulins-et-son-agglomeration\/wp-json\/wp\/v2\/users\/1"}],"replies":[{"embeddable":true,"href":"https:\/\/avf.asso.fr\/moulins-et-son-agglomeration\/wp-json\/wp\/v2\/comments?post=170"}],"version-history":[{"count":0,"href":"https:\/\/avf.asso.fr\/moulins-et-son-agglomeration\/wp-json\/wp\/v2\/pages\/170\/revisions"}],"wp:featuredmedia":[{"embeddable":true,"href":"https:\/\/avf.asso.fr\/moulins-et-son-agglomeration\/wp-json\/wp\/v2\/media\/830"}],"wp:attachment":[{"href":"https:\/\/avf.asso.fr\/moulins-et-son-agglomeration\/wp-json\/wp\/v2\/media?parent=170"}],"curies":[{"name":"wp","href":"https:\/\/api.w.org\/{rel}","templated":true}]}}

Présentation

<h2>Qui sommes nous ?</h2>
<p>Les AVF sont des associations Loi 1901, sans appartenance politique ou confessionnelle, reconnues d&rsquo;intérêt général.</p>
<p>L&rsquo;AVF Moulins et son agglomération appartient à ce réseau national de plus de 300 AVF, animé par plus de 11 000 bénévoles qui accueillent chaque année plus de 70 000 adhérents dans toutes les régions de France.</p>
<p>&nbsp;</p>
<p><img decoding="async" loading="lazy" class="alignnone size-medium wp-image-971" src="https://avf.asso.fr/moulins-et-son-agglomeration/wp-content/uploads/sites/89/2020/09/schema_reseau_AVF_2013_grand-296x300.jpg" alt="" width="296" height="300" srcset="https://avf.asso.fr/moulins-et-son-agglomeration/wp-content/uploads/sites/89/2020/09/schema_reseau_AVF_2013_grand-296x300.jpg 296w, https://avf.asso.fr/moulins-et-son-agglomeration/wp-content/uploads/sites/89/2020/09/schema_reseau_AVF_2013_grand.jpg 715w" sizes="(max-width: 296px) 100vw, 296px" /></p>
<h5>LES AVF, UNE ASSOCIATION UNIQUE DEDIEE AU SERVICE DU NOUVEL ARRIVANT</h5>
<h5>OUVERTE A TOUS CEUX QUI VIVENT LA MOBILITE GEOGRAPHIQUE</h5>
<h5>AFIN DE LES AIDER A FAIRE DE CETTE MOBILITE UNE AVENTURE REUSSIE</h5>
<h3></h3>
<h3>LA CHARTE</h3>
<h4>ARTICLE 1</h4>
<p>L&rsquo;association a pour but d&rsquo;accueillir en priorité les personnes et les familles nouvellement arrivées (depuis moins de trois ans) sur le territoire et de faciliter leur intégration.</p>
<h4>ARTICLE 2</h4>
<p>L&rsquo;adhésion implique, dans les trois ans, l&rsquo;engagement de contribuer bénévolement, après formation, aux actions et au fonctionnement de l&rsquo;association.</p>
<h2></h2>
<h2></h2>
<h2>L&rsquo;histoire de Moulins</h2>
<div></div>
<div>Dans les <strong>années 1960</strong>, on <em>assiste</em> au développement de la décentralisation dans notre pays qui va entrainer une plus grande mobilité des familles. Celle-ci va conduire à créer des structures d’accueil d’aide à la mobilité dans de nombreuses villes. C’est dans ce but que l&rsquo;AVF Moulins a été créée avant de devenir l&rsquo;AVF Moulins-et-son-Agglomération.</div>
<div>Depuis la création de notre association, adhérente du réseau Union National des Accueils des Villes Françaises (UNAVF), de nombreuses présidentes se sont succédées, chacunes avec leurs valeurs ajoutées.</div>
<div></div>
<div></div>
<blockquote>
<div></div>
</blockquote>
<div>
<p>&nbsp;</p>
<h2></h2>
</div>

<p>Qui sommes nous ? Les AVF sont des associations Loi 1901, sans appartenance politique ou confessionnelle, reconnues d&rsquo;intérêt général. L&rsquo;AVF Moulins et son agglomération appartient à ce réseau national de plus de 300 AVF, animé par plus de 11 000 bénévoles qui accueillent chaque année plus de 70 000 adhérents dans toutes les régions de [&hellip;]</p>
