{"id":1297,"date":"2019-04-23T19:44:37","date_gmt":"2019-04-23T17:44:37","guid":{"rendered":"https:\/\/avf.asso.fr\/les-herbiers\/?page_id=1297"},"modified":"2019-12-09T13:39:11","modified_gmt":"2019-12-09T12:39:11","slug":"colleges-et-lycees","status":"publish","type":"page","link":"https:\/\/avf.asso.fr\/les-herbiers\/colleges-et-lycees\/","title":{"rendered":"Coll\u00e8ges et lyc\u00e9es"},"content":{"rendered":"<h2 style=\"text-align: center\">LYCEE PUBLIC<\/h2>\n<p>&nbsp;<\/p>\n<p><span style=\"color: #0000ff\"><b>LYC\u00c9E JEAN MONNET<\/b><\/span><\/p>\n<p><span style=\"color: #0000ff\"><b>57 Rue de la Demoiselle- BP 20109 85500 LES HERBIERS<\/b><\/span><\/p>\n<p><span style=\"color: #0000ff\"><b>T\u00e9l: 02 51 64 80 00 \u2013 Fax : 02 51 66 84 08 <\/b><\/span><\/p>\n<p><strong><span style=\"color: #0000ff\">ce.0851400K@ac-nantes.fr &#8211; <a style=\"color: #0000ff\" href=\"https:\/jean-monnet.paysdelaloire.e-lyco.fr\/\">https:\/jean-monnet.paysdelaloire.e-lyco.fr\/<\/a><\/span><\/strong><\/p>\n<p>&nbsp;<\/p>\n<p><b>BACCALAUREATS\u00a0:<\/b><\/p>\n<p>G\u00e9n\u00e9raux : Litt\u00e9raire \u2013 Economique et Social \u2013 Scientifique (Options : Section europ\u00e9enne anglais \/ LV3 Espagnol \/ Latin)<\/p>\n<p>Technologiques : Sciences et Technologies du Management et de la Gestion<\/p>\n<p>Professionnels : Menuiserie Aluminium Verre<\/p>\n<p>Maintenance Equipements Industriels<\/p>\n<p>M\u00e9tiers de l\u2019Electricit\u00e9 et de ses Environnements Connect\u00e9s<\/p>\n<p>Gestion Administration<\/p>\n<p>Accueil Relations Clients Usagers<\/p>\n<p>Syst\u00e8mes Num\u00e9riques<\/p>\n<p><span style=\"color: #ff8000\">3\u00e8me Pr\u00e9paratoire \u00e0 l\u2019Enseignement Professionnel<\/span><\/p>\n<p>CAP\u00a0: R\u00e9alisation Industrielles en Chaudronnerie et Soudage ou Menuiserie Mobilier Agencement<\/p>\n<p>ENSEIGNEMENT SUPERIEUR :DN MADE (dipl\u00f4me Bac+3 des M\u00e9tiers d&rsquo;Arts et du DEsign )<\/p>\n<p>OPTIONS : Basket \/ Football \/ Atelier Th\u00e9\u00e2tre<\/p>\n<p>GRETA : Formation des adultes en groupe ou en individuel<\/p>\n<p>UFA : BTS Enveloppe du B\u00e2timent en apprentissage<\/p>\n<p>&nbsp;<\/p>\n<h2 style=\"text-align: center\">COLLEGE CATHOLIQUE<\/h2>\n<p>&nbsp;<\/p>\n<p><strong><span style=\"font-size: medium;color: #0000ff\">Jean Yole<\/span><\/strong><\/p>\n<p><strong><span style=\"color: #0000ff\">2 rue Amiral de l&rsquo;\u00c9tendu\u00e8re &#8211; 85500 LES HERBIERS<\/span><\/strong><\/p>\n<p><strong><span style=\"color: #0000ff\">Tel : 02 51 67 11 49<\/span><\/strong><\/p>\n<p><strong><span style=\"color: #0000ff\"><a style=\"color: #0000ff\" href=\"mailto:contact@college-jeanyole.com\">contact@college-jeanyole.com<\/a><\/span><\/strong><\/p>\n<p><strong><span style=\"color: #0000ff\"><a style=\"color: #0000ff\" href=\"http:\/jeanyole.vendee.e-lyco.fr\/\">http:\/jeanyole.vendee.e-lyco.fr<\/a><\/span><\/strong><\/p>\n<p>&#8211; Accompagnement personnalis\u00e9 de la 6e \u00e0 la 3e, dispositifs de consolidation<\/p>\n<p>&#8211; Langues : Anglais, Allemand, Espagnol ; S\u00e9jours et \u00e9changes \u00e0 l\u2019\u00e9tranger<\/p>\n<p>Options : classes bilangues anglais\/allemand, langues et cultures europ\u00e9ennes<\/p>\n<p>(allemand, anglais, espagnol) (4e \/ 3e), latin<\/p>\n<p>&#8211; ULIS, SEGPA<\/p>\n<p>&#8211; Sections sportives : P\u00f4le R\u00e9gional d\u2019Excellence Football, Athl\u00e9tisme, Handball<\/p>\n<p>&#8211; Arts et culture : ateliers arts plastiques, th\u00e9\u00e2tre, instrumental, chorale<\/p>\n<p>&nbsp;<\/p>\n<h2 style=\"text-align: center\">LYCEE CATHOLIQUE<\/h2>\n<p>&nbsp;<\/p>\n<p><strong><span style=\"color: #0000ff\">JEAN XXIII<\/span><\/strong><\/p>\n<p><strong><span style=\"color: #0000ff\">Av des Sables &#8211; B.P. 535 &#8211; 85500 LES HERBIERS<\/span><\/strong><\/p>\n<p><strong><span style=\"color: #0000ff\">Tel\u00a0: 02 51 64 99 64<\/span><\/strong><\/p>\n<p><strong><span style=\"color: #0000ff\"><a style=\"color: #0000ff\" href=\"http:\/\/www.lycee-jean23-herbiers.com\/\">www.lycee-jean23-herbiers.com<\/a><\/span><\/strong><\/p>\n<p>&nbsp;<\/p>\n<p><span style=\"font-family: Liberation Serif, serif\"><span style=\"font-size: large\"><b>BACCALAUREATS\u00a0:<\/b><\/span><\/span><\/p>\n<p>&#8211; G\u00e9n\u00e9raux et Technologique S.T.M.G.<\/p>\n<p>&#8211; Langues : anglais, allemand, espagnol, latin<\/p>\n<p>&#8211; Sections sportives : football, volley, athl\u00e9tisme<\/p>\n<p>&#8211; Section Europ\u00e9enne anglais<\/p>\n<p>&#8211; Echanges avec l&rsquo;Allemagne, les USA, la Grande-Bretagne, l&rsquo;Espagne<\/p>\n<p>&#8211; ISCV (Institut Sup\u00e9rieur de Commerce et de Vente) : Formations initiales<\/p>\n<p>&#8211; Apprentissage<\/p>\n<p>&#8211; Contrat de Professionnalisation<\/p>\n<p>&#8211; Formation continue<\/p>\n<p>&#8211; BAC + 2 : BTS Management des Unit\u00e9s Commerciales<\/p>\n<p>&#8211; BTS N\u00e9gociation Digitale et Relation Client<\/p>\n<p>&#8211; BTS Gestion de la PME ; Dipl\u00f4me Assistant.e Commercial.e sp\u00e9cialisation<\/p>\n<p>&#8211; E-commerce en 1 an (Titre RNCP)<\/p>\n<p>&#8211; BAC + 3 : Bachelor Marketing Commerce (Titre RNCP)<\/p>\n<p>&#8211; Dipl\u00f4me Conseiller Financier (Titre RNCP)<\/p>\n<p>&nbsp;<\/p>\n<p>&nbsp;<\/p>\n","protected":false},"excerpt":{"rendered":"<p>LYCEE PUBLIC &nbsp; LYC\u00c9E JEAN MONNET 57 Rue de la Demoiselle- BP 20109 85500 LES HERBIERS T\u00e9l: 02 51 64 80 00 \u2013 Fax : 02 51 66 84 08 ce.0851400K@ac-nantes.fr &#8211; https:\/jean-monnet.paysdelaloire.e-lyco.fr\/ &nbsp; BACCALAUREATS\u00a0: G\u00e9n\u00e9raux : Litt\u00e9raire \u2013 Economique et Social \u2013 Scientifique (Options : Section europ\u00e9enne anglais \/ LV3 Espagnol \/ Latin) Technologiques [&hellip;]<\/p>\n","protected":false},"author":1008,"featured_media":0,"parent":0,"menu_order":0,"comment_status":"closed","ping_status":"closed","template":"","meta":[],"acf":[],"_links":{"self":[{"href":"https:\/\/avf.asso.fr\/les-herbiers\/wp-json\/wp\/v2\/pages\/1297"}],"collection":[{"href":"https:\/\/avf.asso.fr\/les-herbiers\/wp-json\/wp\/v2\/pages"}],"about":[{"href":"https:\/\/avf.asso.fr\/les-herbiers\/wp-json\/wp\/v2\/types\/page"}],"author":[{"embeddable":true,"href":"https:\/\/avf.asso.fr\/les-herbiers\/wp-json\/wp\/v2\/users\/1008"}],"replies":[{"embeddable":true,"href":"https:\/\/avf.asso.fr\/les-herbiers\/wp-json\/wp\/v2\/comments?post=1297"}],"version-history":[{"count":12,"href":"https:\/\/avf.asso.fr\/les-herbiers\/wp-json\/wp\/v2\/pages\/1297\/revisions"}],"predecessor-version":[{"id":1564,"href":"https:\/\/avf.asso.fr\/les-herbiers\/wp-json\/wp\/v2\/pages\/1297\/revisions\/1564"}],"wp:attachment":[{"href":"https:\/\/avf.asso.fr\/les-herbiers\/wp-json\/wp\/v2\/media?parent=1297"}],"curies":[{"name":"wp","href":"https:\/\/api.w.org\/{rel}","templated":true}]}}