

{"id":248,"date":"2018-05-03T01:20:46","date_gmt":"2018-05-02T23:20:46","guid":{"rendered":"https:\/\/avf.asso.fr\/la-roche-sur-yon\/?page_id=248"},"modified":"2018-05-03T12:19:41","modified_gmt":"2018-05-03T10:19:41","slug":"actus","status":"publish","type":"page","link":"https:\/\/avf.asso.fr\/la-roche-sur-yon\/actus\/","title":{"rendered":"Actualit\u00e9s"},"content":{"rendered":"<div id=\"news\" class=\"nobg\"><div id=\"1195\" class=\"news-item row no-gutter\"><div class=\"news-thumb col-6\"><a href=\"https:\/\/avf.asso.fr\/la-roche-sur-yon\/actualites\/jrvb-a-saint-nazaire\/\"><img width=\"358\" height=\"148\" src=\"https:\/\/avf.asso.fr\/la-roche-sur-yon\/wp-content\/uploads\/sites\/298\/2024\/02\/JRVB4-scaled-358x148.jpg\" class=\"attachment-home_news size-home_news wp-post-image\" alt=\"\" decoding=\"async\" loading=\"lazy\" \/><\/a><div class=\"news-cat\" style=\"background-color:#bf00d1;\"><a href=\"https:\/\/avf.asso.fr\/la-roche-sur-yon\/actualites\/category\/agenda\/\">agenda<\/a><\/div><\/div><div class=\"news-info col-6\"><a href=\"https:\/\/avf.asso.fr\/la-roche-sur-yon\/actualites\/jrvb-a-saint-nazaire\/\"><h2 class=\"title-sub\">JRVB \u00e0 Saint Nazaire<\/h2><\/a>La journ\u00e9e de remerciements et de valorisation des b\u00e9n\u00e9voles aura lieu le samedi 8 juin \u00e0 Saint Nazaire<\/div> <\/div><div id=\"1192\" class=\"news-item row no-gutter\"><div class=\"news-thumb col-6\"><a href=\"https:\/\/avf.asso.fr\/la-roche-sur-yon\/actualites\/parution-du-flash-info-de-lunavf\/\"><img width=\"358\" height=\"148\" src=\"https:\/\/avf.asso.fr\/la-roche-sur-yon\/wp-content\/uploads\/sites\/298\/2022\/04\/Newsletter-358x148.jpg\" class=\"attachment-home_news size-home_news wp-post-image\" alt=\"\" decoding=\"async\" loading=\"lazy\" \/><\/a><div class=\"news-cat\" style=\"background-color:#f7f300;\"><a href=\"https:\/\/avf.asso.fr\/la-roche-sur-yon\/actualites\/category\/newsletter-de-lunavf\/\">Newsletter de l'UNAVF<\/a><\/div><\/div><div class=\"news-info col-6\"><a href=\"https:\/\/avf.asso.fr\/la-roche-sur-yon\/actualites\/parution-du-flash-info-de-lunavf\/\"><h2 class=\"title-sub\">Parution du flash info de l&rsquo;UNAVF<\/h2><\/a>Le flash info de l&rsquo;UNAVF janvier 2024 est publi\u00e9<\/div> <\/div><div id=\"1189\" class=\"news-item row no-gutter\"><div class=\"news-thumb col-6\"><a href=\"https:\/\/avf.asso.fr\/la-roche-sur-yon\/actualites\/flash-info-de-lunavf\/\"><img width=\"358\" height=\"148\" src=\"https:\/\/avf.asso.fr\/la-roche-sur-yon\/wp-content\/uploads\/sites\/298\/2022\/04\/Newsletter-358x148.jpg\" class=\"attachment-home_news size-home_news wp-post-image\" alt=\"\" decoding=\"async\" loading=\"lazy\" \/><\/a><div class=\"news-cat\" style=\"background-color:#f7f300;\"><a href=\"https:\/\/avf.asso.fr\/la-roche-sur-yon\/actualites\/category\/newsletter-de-lunavf\/\">Newsletter de l'UNAVF<\/a><\/div><\/div><div class=\"news-info col-6\"><a href=\"https:\/\/avf.asso.fr\/la-roche-sur-yon\/actualites\/flash-info-de-lunavf\/\"><h2 class=\"title-sub\">Flash info de l&rsquo;UNAVF<\/h2><\/a>Le flash info d&rsquo;octobre 2023 est paru<\/div> <\/div><div id=\"1186\" class=\"news-item row no-gutter\"><div class=\"news-thumb col-6\"><a href=\"https:\/\/avf.asso.fr\/la-roche-sur-yon\/actualites\/parution-du-flash-info-unavf\/\"><img width=\"358\" height=\"148\" src=\"https:\/\/avf.asso.fr\/la-roche-sur-yon\/wp-content\/uploads\/sites\/298\/2022\/12\/Flash-info-358x148.jpg\" class=\"attachment-home_news size-home_news wp-post-image\" alt=\"\" decoding=\"async\" loading=\"lazy\" \/><\/a><div class=\"news-cat\" style=\"background-color:#f7f300;\"><a href=\"https:\/\/avf.asso.fr\/la-roche-sur-yon\/actualites\/category\/newsletter-de-lunavf\/\">Newsletter de l'UNAVF<\/a><\/div><\/div><div class=\"news-info col-6\"><a href=\"https:\/\/avf.asso.fr\/la-roche-sur-yon\/actualites\/parution-du-flash-info-unavf\/\"><h2 class=\"title-sub\">Parution du flash info UNAVF<\/h2><\/a>Le flash info de juillet \u00e9dit\u00e9 par l&rsquo;UNAVF est publi\u00e9<\/div> <\/div><div id=\"1184\" class=\"news-item row no-gutter\"><div class=\"news-thumb col-6\"><a href=\"https:\/\/avf.asso.fr\/la-roche-sur-yon\/actualites\/le-flash-info-de-lunavf-est-paru\/\"><img width=\"358\" height=\"148\" src=\"https:\/\/avf.asso.fr\/la-roche-sur-yon\/wp-content\/uploads\/sites\/298\/2022\/04\/Newsletter-358x148.jpg\" class=\"attachment-home_news size-home_news wp-post-image\" alt=\"\" decoding=\"async\" loading=\"lazy\" \/><\/a><div class=\"news-cat\" style=\"background-color:#bf00d1;\"><a href=\"https:\/\/avf.asso.fr\/la-roche-sur-yon\/actualites\/category\/agenda\/\">agenda<\/a><\/div><\/div><div class=\"news-info col-6\"><a href=\"https:\/\/avf.asso.fr\/la-roche-sur-yon\/actualites\/le-flash-info-de-lunavf-est-paru\/\"><h2 class=\"title-sub\">Le flash info de l&rsquo;UNAVF est paru<\/h2><\/a>Le dernier flash info du mois de mai 23 de l&rsquo;UNAVF est publi\u00e9 &#8230;<\/div> <\/div><div id=\"1181\" class=\"news-item row no-gutter\"><div class=\"news-thumb col-6\"><a href=\"https:\/\/avf.asso.fr\/la-roche-sur-yon\/actualites\/la-revue-du-303-du-mois-de-mars-est-parue\/\"><img width=\"358\" height=\"148\" src=\"https:\/\/avf.asso.fr\/la-roche-sur-yon\/wp-content\/uploads\/sites\/298\/2021\/10\/formation-358x148.jpg\" class=\"attachment-home_news size-home_news wp-post-image\" alt=\"\" decoding=\"async\" loading=\"lazy\" srcset=\"https:\/\/avf.asso.fr\/la-roche-sur-yon\/wp-content\/uploads\/sites\/298\/2021\/10\/formation-358x148.jpg 358w, https:\/\/avf.asso.fr\/la-roche-sur-yon\/wp-content\/uploads\/sites\/298\/2021\/10\/formation-300x125.jpg 300w, https:\/\/avf.asso.fr\/la-roche-sur-yon\/wp-content\/uploads\/sites\/298\/2021\/10\/formation.jpg 498w\" sizes=\"(max-width: 358px) 100vw, 358px\" \/><\/a><div class=\"news-cat\" style=\"background-color:#d5e56e;\"><a href=\"https:\/\/avf.asso.fr\/la-roche-sur-yon\/actualites\/category\/revue-le-303\/\">Revue le 303<\/a><\/div><\/div><div class=\"news-info col-6\"><a href=\"https:\/\/avf.asso.fr\/la-roche-sur-yon\/actualites\/la-revue-du-303-du-mois-de-mars-est-parue\/\"><h2 class=\"title-sub\">La revue du 303 du mois de mars est parue<\/h2><\/a><p style=\"text-align: center;\"><span style=\"color: #333399;\">La publication de la revue r\u00e9gionale \u00ab\u00a0Le 303\u00a0\u00bb du mois de mars vient de para\u00eetre ! Cliquer sur le bouton ci-dessous:<\/span><\/p>\r\n&nbsp;\r\n<p style=\"text-align: center;\"><\/p><\/div> <\/div><div id=\"1177\" class=\"news-item row no-gutter\"><div class=\"news-thumb col-6\"><a href=\"https:\/\/avf.asso.fr\/la-roche-sur-yon\/actualites\/voeux-de-lunavf\/\"><img width=\"358\" height=\"148\" src=\"https:\/\/avf.asso.fr\/la-roche-sur-yon\/wp-content\/uploads\/sites\/298\/2022\/12\/Voeux-358x148.jpg\" class=\"attachment-home_news size-home_news wp-post-image\" alt=\"\" decoding=\"async\" loading=\"lazy\" \/><\/a><div class=\"news-cat\" style=\"background-color:#00569a;\"><a href=\"https:\/\/avf.asso.fr\/la-roche-sur-yon\/actualites\/category\/actualites\/\">Actualit\u00e9s<\/a><\/div><\/div><div class=\"news-info col-6\"><a href=\"https:\/\/avf.asso.fr\/la-roche-sur-yon\/actualites\/voeux-de-lunavf\/\"><h2 class=\"title-sub\">Voeux de l&rsquo;UNAVF<\/h2><\/a>L&rsquo;Union Nationale des AVF Vous pr\u00e9sente ses meilleurs v\u0153ux pour 2023<\/div> <\/div><div id=\"1173\" class=\"news-item row no-gutter\"><div class=\"news-thumb col-6\"><a href=\"https:\/\/avf.asso.fr\/la-roche-sur-yon\/actualites\/flash-info-de-lunavf-decembre-2022\/\"><img width=\"358\" height=\"148\" src=\"https:\/\/avf.asso.fr\/la-roche-sur-yon\/wp-content\/uploads\/sites\/298\/2022\/12\/Flash-info-358x148.jpg\" class=\"attachment-home_news size-home_news wp-post-image\" alt=\"\" decoding=\"async\" loading=\"lazy\" \/><\/a><div class=\"news-cat\" style=\"background-color:#f7f300;\"><a href=\"https:\/\/avf.asso.fr\/la-roche-sur-yon\/actualites\/category\/newsletter-de-lunavf\/\">Newsletter de l'UNAVF<\/a><\/div><\/div><div class=\"news-info col-6\"><a href=\"https:\/\/avf.asso.fr\/la-roche-sur-yon\/actualites\/flash-info-de-lunavf-decembre-2022\/\"><h2 class=\"title-sub\">Flash info de l&rsquo;UNAVF d\u00e9cembre 2022<\/h2><\/a>Un flash info publi\u00e9 par l&rsquo;UNAVF vient de para\u00eetre !<\/div> <\/div><div id=\"1161\" class=\"news-item row no-gutter\"><div class=\"news-thumb col-6\"><a href=\"https:\/\/avf.asso.fr\/la-roche-sur-yon\/actualites\/flash-info-de-lunavf-juillet-2022\/\"><img width=\"358\" height=\"148\" src=\"https:\/\/avf.asso.fr\/la-roche-sur-yon\/wp-content\/uploads\/sites\/298\/2022\/04\/Newsletter-358x148.jpg\" class=\"attachment-home_news size-home_news wp-post-image\" alt=\"\" decoding=\"async\" loading=\"lazy\" \/><\/a><div class=\"news-cat\" style=\"background-color:#f7f300;\"><a href=\"https:\/\/avf.asso.fr\/la-roche-sur-yon\/actualites\/category\/newsletter-de-lunavf\/\">Newsletter de l'UNAVF<\/a><\/div><\/div><div class=\"news-info col-6\"><a href=\"https:\/\/avf.asso.fr\/la-roche-sur-yon\/actualites\/flash-info-de-lunavf-juillet-2022\/\"><h2 class=\"title-sub\">Flash info de l&rsquo;UNAVF &#8211; Juillet 2022<\/h2><\/a><span style=\"color: #003366;\">Cap sur l&rsquo;avenir tous ensemble.<\/span>\r\n<span style=\"color: #003366;\">Bon \u00e9t\u00e9 \u00e0 tous !\u00a0\u00bb<\/span>\r\n\r\n<span style=\"color: #003366;\">Brigitte de METZ NOBLAT &#8211; Pr\u00e9sidente Nationale des Accueils des Villes Fran\u00e7aises<\/span><\/div> <\/div><div id=\"1159\" class=\"news-item row no-gutter\"><div class=\"news-thumb col-6\"><a href=\"https:\/\/avf.asso.fr\/la-roche-sur-yon\/actualites\/publication-de-la-newsletter-n26\/\"><img width=\"358\" height=\"148\" src=\"https:\/\/avf.asso.fr\/la-roche-sur-yon\/wp-content\/uploads\/sites\/298\/2022\/04\/Newsletter-358x148.jpg\" class=\"attachment-home_news size-home_news wp-post-image\" alt=\"\" decoding=\"async\" loading=\"lazy\" \/><\/a><div class=\"news-cat\" style=\"background-color:#f7f300;\"><a href=\"https:\/\/avf.asso.fr\/la-roche-sur-yon\/actualites\/category\/newsletter-de-lunavf\/\">Newsletter de l'UNAVF<\/a><\/div><\/div><div class=\"news-info col-6\"><a href=\"https:\/\/avf.asso.fr\/la-roche-sur-yon\/actualites\/publication-de-la-newsletter-n26\/\"><h2 class=\"title-sub\">Publication de la newsletter N\u00b026<\/h2><\/a>Cette newsletter comprend des r\u00e9ponses \u00e0 certaines questions pos\u00e9es durant le congr\u00e8s national des AVF \u00e0 Nantes<\/div> <\/div><div id=\"1155\" class=\"news-item row no-gutter\"><div class=\"news-thumb col-6\"><a href=\"https:\/\/avf.asso.fr\/la-roche-sur-yon\/actualites\/parution-de-la-newsletter-n11\/\"><img width=\"358\" height=\"148\" src=\"https:\/\/avf.asso.fr\/la-roche-sur-yon\/wp-content\/uploads\/sites\/298\/2022\/03\/Exterier-palais-358x148.jpg\" class=\"attachment-home_news size-home_news wp-post-image\" alt=\"\" decoding=\"async\" loading=\"lazy\" \/><\/a><div class=\"news-cat\" style=\"background-color:#ef7f00;\"><a href=\"https:\/\/avf.asso.fr\/la-roche-sur-yon\/actualites\/category\/congres-national\/\">Congr\u00e8s national<\/a><\/div><\/div><div class=\"news-info col-6\"><a href=\"https:\/\/avf.asso.fr\/la-roche-sur-yon\/actualites\/parution-de-la-newsletter-n11\/\"><h2 class=\"title-sub\">Parution de la newsletter N\u00b011<\/h2><\/a>Le congr\u00e8s, c&rsquo;est tr\u00e8s bient\u00f4t ! consultez la newsletter N\u00b011<\/div> <\/div><div id=\"1153\" class=\"news-item row no-gutter\"><div class=\"news-thumb col-6\"><a href=\"https:\/\/avf.asso.fr\/la-roche-sur-yon\/actualites\/nouvelles-du-congres-n10\/\"><img width=\"358\" height=\"148\" src=\"https:\/\/avf.asso.fr\/la-roche-sur-yon\/wp-content\/uploads\/sites\/298\/2022\/03\/Entr\u00e9e-palais-358x148.jpg\" class=\"attachment-home_news size-home_news wp-post-image\" alt=\"\" decoding=\"async\" loading=\"lazy\" \/><\/a><div class=\"news-cat\" style=\"background-color:#ef7f00;\"><a href=\"https:\/\/avf.asso.fr\/la-roche-sur-yon\/actualites\/category\/congres-national\/\">Congr\u00e8s national<\/a><\/div><\/div><div class=\"news-info col-6\"><a href=\"https:\/\/avf.asso.fr\/la-roche-sur-yon\/actualites\/nouvelles-du-congres-n10\/\"><h2 class=\"title-sub\">Nouvelles du congr\u00e8s N\u00b010<\/h2><\/a><div><em><em><span>Oui, il est temps, encore temps de s&rsquo;inscrire au congr\u00e8s&#8230; soit pour venir \u00e0 Nantes, soit pour suivre la retransmission du congr\u00e8s via la WebTV<\/span><\/em><\/em><span><\/span><\/div><\/div> <\/div><div id=\"1152\" class=\"news-item row no-gutter\"><div class=\"news-thumb col-6\"><a href=\"https:\/\/avf.asso.fr\/la-roche-sur-yon\/actualites\/parution-des-nouvelles-du-congres-n9\/\"><img width=\"358\" height=\"148\" src=\"https:\/\/avf.asso.fr\/la-roche-sur-yon\/wp-content\/uploads\/sites\/298\/2022\/02\/AVFwebTV-358x148.jpg\" class=\"attachment-home_news size-home_news wp-post-image\" alt=\"\" decoding=\"async\" loading=\"lazy\" \/><\/a><div class=\"news-cat\" style=\"background-color:#ef7f00;\"><a href=\"https:\/\/avf.asso.fr\/la-roche-sur-yon\/actualites\/category\/congres-national\/\">Congr\u00e8s national<\/a><\/div><\/div><div class=\"news-info col-6\"><a href=\"https:\/\/avf.asso.fr\/la-roche-sur-yon\/actualites\/parution-des-nouvelles-du-congres-n9\/\"><h2 class=\"title-sub\">Parution des nouvelles du congr\u00e8s N\u00b09<\/h2><\/a>Tout est en place pour accueillir les e.congressistes&#8230; la webTV, le module d&rsquo;inscription et de paiement sont en ligne.\r\nLe bulletin n\u00b0 9, \u00a0\u00bb Les nouvelles du congr\u00e8s\u00a0\u00bb, donne les cl\u00e9s d&rsquo;acc\u00e8s aux pionniers de cette aventure virtuelle.<\/div> <\/div><div id=\"1147\" class=\"news-item row no-gutter\"><div class=\"news-thumb col-6\"><a href=\"https:\/\/avf.asso.fr\/la-roche-sur-yon\/actualites\/le-bulletin-n8-du-congres-avf-est-paru\/\"><img width=\"358\" height=\"148\" src=\"https:\/\/avf.asso.fr\/la-roche-sur-yon\/wp-content\/uploads\/sites\/298\/2022\/02\/Bureau2-358x148.jpg\" class=\"attachment-home_news size-home_news wp-post-image\" alt=\"\" decoding=\"async\" loading=\"lazy\" \/><\/a><div class=\"news-cat\" style=\"background-color:#ef7f00;\"><a href=\"https:\/\/avf.asso.fr\/la-roche-sur-yon\/actualites\/category\/congres-national\/\">Congr\u00e8s national<\/a><\/div><\/div><div class=\"news-info col-6\"><a href=\"https:\/\/avf.asso.fr\/la-roche-sur-yon\/actualites\/le-bulletin-n8-du-congres-avf-est-paru\/\"><h2 class=\"title-sub\">Le bulletin N\u00b08 du congr\u00e8s AVF est paru<\/h2><\/a><em><span>Ce bulletin annonce <strong>l&rsquo;ouverture de la cha\u00eene AVF-webtv<\/strong>.\r\nCe nouveau m\u00e9dia est inaugur\u00e9 <strong>pour relayer le Congr\u00e8s \u00e0 distance<\/strong>.\r\nIl ouvre \u00e0 des&#8230; milliers de t\u00e9l\u00e9spectateurs curieux&#8230; l&rsquo;acc\u00e8s \u00e0 la diffusion \u00e0 distance de l&rsquo;int\u00e9gralit\u00e9 de cet \u00e9v\u00e8nement.<\/span><\/em><\/div> <\/div><div id=\"1146\" class=\"news-item row no-gutter\"><div class=\"news-thumb col-6\"><a href=\"https:\/\/avf.asso.fr\/la-roche-sur-yon\/actualites\/nouvelles-du-congres-avf\/\"><img width=\"358\" height=\"148\" src=\"https:\/\/avf.asso.fr\/la-roche-sur-yon\/wp-content\/uploads\/sites\/298\/2019\/05\/Palais-congr\u00e8s-Nantes-358x148.jpg\" class=\"attachment-home_news size-home_news wp-post-image\" alt=\"\" decoding=\"async\" loading=\"lazy\" \/><\/a><div class=\"news-cat\" style=\"background-color:#ef7f00;\"><a href=\"https:\/\/avf.asso.fr\/la-roche-sur-yon\/actualites\/category\/congres-national\/\">Congr\u00e8s national<\/a><\/div><\/div><div class=\"news-info col-6\"><a href=\"https:\/\/avf.asso.fr\/la-roche-sur-yon\/actualites\/nouvelles-du-congres-avf\/\"><h2 class=\"title-sub\">Nouvelles du congr\u00e8s AVF N\u00b07<\/h2><\/a>Le bulletin d&rsquo;information N\u00b07 du congr\u00e8s des AVF est paru &#8230;.<\/div> <\/div><div id=\"1142\" class=\"news-item row no-gutter\"><div class=\"news-thumb col-6\"><a href=\"https:\/\/avf.asso.fr\/la-roche-sur-yon\/actualites\/atelier-de-formation-des-webmestres-pays-de-la-lire\/\"><img width=\"329\" height=\"148\" src=\"https:\/\/avf.asso.fr\/la-roche-sur-yon\/wp-content\/uploads\/sites\/298\/2021\/10\/formation2-329x148.jpg\" class=\"attachment-home_news size-home_news wp-post-image\" alt=\"\" decoding=\"async\" loading=\"lazy\" \/><\/a><div class=\"news-cat\" style=\"background-color:#096abf;\"><a href=\"https:\/\/avf.asso.fr\/la-roche-sur-yon\/actualites\/category\/formations\/\">Formations<\/a><\/div><\/div><div class=\"news-info col-6\"><a href=\"https:\/\/avf.asso.fr\/la-roche-sur-yon\/actualites\/atelier-de-formation-des-webmestres-pays-de-la-lire\/\"><h2 class=\"title-sub\">Atelier de formation des webmestres Pays de la Loire<\/h2><\/a>L&rsquo;URAVF des Pays de la Loire organise une formation compl\u00e9mentaire destin\u00e9e aux webmestres de la r\u00e9gion.<\/div> <\/div><div id=\"1126\" class=\"news-item row no-gutter\"><div class=\"news-thumb col-6\"><a href=\"https:\/\/avf.asso.fr\/la-roche-sur-yon\/actualites\/en-juin-avf-en-fete\/\"><img width=\"358\" height=\"148\" src=\"https:\/\/avf.asso.fr\/la-roche-sur-yon\/wp-content\/uploads\/sites\/298\/2021\/06\/picnic2-358x148.jpg\" class=\"attachment-home_news size-home_news wp-post-image\" alt=\"\" decoding=\"async\" loading=\"lazy\" \/><\/a><div class=\"news-cat\" style=\"background-color:#bf00d1;\"><a href=\"https:\/\/avf.asso.fr\/la-roche-sur-yon\/actualites\/category\/agenda\/\">agenda<\/a><\/div><\/div><div class=\"news-info col-6\"><a href=\"https:\/\/avf.asso.fr\/la-roche-sur-yon\/actualites\/en-juin-avf-en-fete\/\"><h2 class=\"title-sub\">En juin, AVF en f\u00eate !!<\/h2><\/a><span>Lors de la r\u00e9union SNA du mardi 18 mai<\/span><span class=\"gmail_default\">,<\/span><span>\u00a0nous avons d\u00e9cid\u00e9<\/span><span class=\"gmail_default\">\u00a0coll\u00e9gialement de proposer un<\/span><span>\u00a0<\/span><span class=\"gmail_default\">\u00ab\u00a0<\/span><span class=\"gmail_default\">Picnic\u00a0\u00bb<\/span><span>\u00a0aux AVF pour motiver les r\u00e9ouvertures<\/span><span class=\"gmail_default\">\u00a0et reprendre contact.<\/span><\/div> <\/div><div id=\"1124\" class=\"news-item row no-gutter\"><div class=\"news-thumb col-6\"><a href=\"https:\/\/avf.asso.fr\/la-roche-sur-yon\/actualites\/la-newsletter-n21-de-lunavf-est-parue-2\/\"><img src=\"\" alt=\"La Roche-sur-Yon\" \/><\/a><div class=\"news-cat\" style=\"background-color:#bf00d1;\"><a href=\"https:\/\/avf.asso.fr\/la-roche-sur-yon\/actualites\/category\/agenda\/\">agenda<\/a><\/div><\/div><div class=\"news-info col-6\"><a href=\"https:\/\/avf.asso.fr\/la-roche-sur-yon\/actualites\/la-newsletter-n21-de-lunavf-est-parue-2\/\"><h2 class=\"title-sub\">Newsletter N\u00b022 de l&rsquo;UNAVF<\/h2><\/a><\/div> <\/div><div id=\"1114\" class=\"news-item row no-gutter\"><div class=\"news-thumb col-6\"><a href=\"https:\/\/avf.asso.fr\/la-roche-sur-yon\/actualites\/la-newsletter-n21-de-lunavf-est-parue\/\"><img src=\"\" alt=\"La Roche-sur-Yon\" \/><\/a><div class=\"news-cat\" style=\"background-color:#bf00d1;\"><a href=\"https:\/\/avf.asso.fr\/la-roche-sur-yon\/actualites\/category\/agenda\/\">agenda<\/a><\/div><\/div><div class=\"news-info col-6\"><a href=\"https:\/\/avf.asso.fr\/la-roche-sur-yon\/actualites\/la-newsletter-n21-de-lunavf-est-parue\/\"><h2 class=\"title-sub\">La newsletter N\u00b021 de l&rsquo;UNAVF est parue<\/h2><\/a>Cliquer sur l&rsquo;image pour d\u00e9couvrir la newsletter de l&rsquo;UNAVF de septembre 2020<\/div> <\/div><div id=\"1113\" class=\"news-item row no-gutter\"><div class=\"news-thumb col-6\"><a href=\"https:\/\/avf.asso.fr\/la-roche-sur-yon\/actualites\/annonce-du-report-du-congres\/\"><img src=\"\" alt=\"La Roche-sur-Yon\" \/><\/a><div class=\"news-cat\" style=\"background-color:#bf00d1;\"><a href=\"https:\/\/avf.asso.fr\/la-roche-sur-yon\/actualites\/category\/agenda\/\">agenda<\/a><\/div><\/div><div class=\"news-info col-6\"><a href=\"https:\/\/avf.asso.fr\/la-roche-sur-yon\/actualites\/annonce-du-report-du-congres\/\"><h2 class=\"title-sub\">Annonce du report du congr\u00e8s<\/h2><\/a>D\u00e8s le mois de juillet 2020 la Pr\u00e9sidente nationale et le Directeur du Comit\u00e9 d\u2019organisation du congr\u00e8s ont examin\u00e9 les choix possibles au sujet de l\u2019organisation du congr\u00e8s. La d\u00e9cision de report du congr\u00e8s a \u00e9t\u00e9 prise au niveau du national par le Conseil d\u2019administration de l\u2019UNAVF qui s\u2019est r\u00e9uni le 16\/09\/20 et qui a [&hellip;]<\/div> <\/div><div id=\"1111\" class=\"news-item row no-gutter\"><div class=\"news-thumb col-6\"><a href=\"https:\/\/avf.asso.fr\/la-roche-sur-yon\/actualites\/la-newslettrer-de-lunavf-est-parue\/\"><img src=\"\" alt=\"La Roche-sur-Yon\" \/><\/a><div class=\"news-cat\" style=\"background-color:#bf00d1;\"><a href=\"https:\/\/avf.asso.fr\/la-roche-sur-yon\/actualites\/category\/agenda\/\">agenda<\/a><\/div><\/div><div class=\"news-info col-6\"><a href=\"https:\/\/avf.asso.fr\/la-roche-sur-yon\/actualites\/la-newslettrer-de-lunavf-est-parue\/\"><h2 class=\"title-sub\">La newsletter du mois de mai de l&rsquo;UNAVF est parue.<\/h2><\/a>Cliquer sur l&rsquo;image ci-dessous (Voir \u00e9galement l&rsquo;extrait de la newsletter ci-dessous) &nbsp; &nbsp;<\/div> <\/div><div id=\"1109\" class=\"news-item row no-gutter\"><div class=\"news-thumb col-6\"><a href=\"https:\/\/avf.asso.fr\/la-roche-sur-yon\/actualites\/la-lettre-mensuelle-davril-de-lunavf-est-publiee\/\"><img src=\"\" alt=\"La Roche-sur-Yon\" \/><\/a><div class=\"news-cat\" style=\"background-color:#bf00d1;\"><a href=\"https:\/\/avf.asso.fr\/la-roche-sur-yon\/actualites\/category\/agenda\/\">agenda<\/a><\/div><\/div><div class=\"news-info col-6\"><a href=\"https:\/\/avf.asso.fr\/la-roche-sur-yon\/actualites\/la-lettre-mensuelle-davril-de-lunavf-est-publiee\/\"><h2 class=\"title-sub\">La lettre mensuelle d&rsquo;avril de l&rsquo;UNAVF est publi\u00e9e<\/h2><\/a>Cliquer sur l&rsquo;image ci-dessous pour consulter la lettre de l&rsquo;UNAVF du mois d&rsquo;avril<\/div> <\/div><div id=\"1106\" class=\"news-item row no-gutter\"><div class=\"news-thumb col-6\"><a href=\"https:\/\/avf.asso.fr\/la-roche-sur-yon\/actualites\/newsletter-de-lunavf-mars-2020\/\"><img src=\"\" alt=\"La Roche-sur-Yon\" \/><\/a><div class=\"news-cat\" style=\"background-color:#bf00d1;\"><a href=\"https:\/\/avf.asso.fr\/la-roche-sur-yon\/actualites\/category\/agenda\/\">agenda<\/a><\/div><\/div><div class=\"news-info col-6\"><a href=\"https:\/\/avf.asso.fr\/la-roche-sur-yon\/actualites\/newsletter-de-lunavf-mars-2020\/\"><h2 class=\"title-sub\">Newsletter de l&rsquo;UNAVF mars 2020<\/h2><\/a>Cliquer sur l&rsquo;image ci-dessous pour acc\u00e9der \u00e0 la newsletter<\/div> <\/div><div id=\"1051\" class=\"news-item row no-gutter\"><div class=\"news-thumb col-6\"><a href=\"https:\/\/avf.asso.fr\/la-roche-sur-yon\/actualites\/reunion-du-conseil-dadministration-des-avf-du-pays-de-la-loire\/\"><img src=\"\" alt=\"La Roche-sur-Yon\" \/><\/a><div class=\"news-cat\" style=\"background-color:#bf00d1;\"><a href=\"https:\/\/avf.asso.fr\/la-roche-sur-yon\/actualites\/category\/agenda\/\">agenda<\/a><\/div><\/div><div class=\"news-info col-6\"><a href=\"https:\/\/avf.asso.fr\/la-roche-sur-yon\/actualites\/reunion-du-conseil-dadministration-des-avf-du-pays-de-la-loire\/\"><h2 class=\"title-sub\">R\u00e9union du conseil d&rsquo;administration des AVF du Pays de la Loire<\/h2><\/a>Le conseil d'administration des AVF du Pays de la Loire s'est r\u00e9uni le 14 novembre<\/div> <\/div><\/div>\n","protected":false},"excerpt":{"rendered":"","protected":false},"author":13,"featured_media":0,"parent":0,"menu_order":0,"comment_status":"closed","ping_status":"closed","template":"actualites.php","meta":[],"acf":[],"_links":{"self":[{"href":"https:\/\/avf.asso.fr\/la-roche-sur-yon\/wp-json\/wp\/v2\/pages\/248"}],"collection":[{"href":"https:\/\/avf.asso.fr\/la-roche-sur-yon\/wp-json\/wp\/v2\/pages"}],"about":[{"href":"https:\/\/avf.asso.fr\/la-roche-sur-yon\/wp-json\/wp\/v2\/types\/page"}],"author":[{"embeddable":true,"href":"https:\/\/avf.asso.fr\/la-roche-sur-yon\/wp-json\/wp\/v2\/users\/13"}],"replies":[{"embeddable":true,"href":"https:\/\/avf.asso.fr\/la-roche-sur-yon\/wp-json\/wp\/v2\/comments?post=248"}],"version-history":[{"count":2,"href":"https:\/\/avf.asso.fr\/la-roche-sur-yon\/wp-json\/wp\/v2\/pages\/248\/revisions"}],"predecessor-version":[{"id":260,"href":"https:\/\/avf.asso.fr\/la-roche-sur-yon\/wp-json\/wp\/v2\/pages\/248\/revisions\/260"}],"wp:attachment":[{"href":"https:\/\/avf.asso.fr\/la-roche-sur-yon\/wp-json\/wp\/v2\/media?parent=248"}],"curies":[{"name":"wp","href":"https:\/\/api.w.org\/{rel}","templated":true}]}}