{"id":279,"date":"2018-09-18T15:03:22","date_gmt":"2018-09-18T13:03:22","guid":{"rendered":"https:\/\/avf.asso.fr\/honfleur\/?page_id=279"},"modified":"2023-05-07T20:33:21","modified_gmt":"2023-05-07T18:33:21","slug":"agenda","status":"publish","type":"page","link":"https:\/\/avf.asso.fr\/honfleur\/agenda\/","title":{"rendered":"Agenda"},"content":{"rendered":"<h3><strong><span style=\"color: #000000;\">Activit\u00e9 du 3\u00e8me trimestre\u00a0 :<\/span><\/strong><\/h3>\n<p><span style=\"color: #333399;\"><strong>R\u00e9union d&rsquo;information P\u00e9rier voyages le mardi 16 mai \u00e0 14h30, en pr\u00e9vision d&rsquo;un voyage au Maroc Marrakech.<\/strong><\/span><\/p>\n<p><span style=\"color: #339966;\"><strong>Visite du ch\u00e2teau de Boutement le mardi 23 mai 2023: 13\u20ac<\/strong><\/span><\/p>\n<p><span style=\"color: #ff0000;\"><strong>Vir\u00e9e gourmande dans le pays de Vire sur une journ\u00e9e le mardi 20 juin 2023<\/strong><\/span><\/p>\n<p><span style=\"color: #800000;\"><strong>Barbecue le mardi 6 juin 2023 \u00e0 la salle des f\u00eates de Gonneville sur Honfleur: 20\u20ac<\/strong><\/span><\/p>\n<p><span style=\"color: #3366ff;\"><strong>Conf\u00e9rence: graphologie le jeudi 22 juin 2023 \u00e0 17h, pr\u00e9sent\u00e9 par Denis Lecrux.<\/strong><\/span><\/p>\n<p><span style=\"color: #ff0000;\"><strong>Pour toutes ces activit\u00e9s, inscription et paiement \u00e0 l&rsquo;inscription au bureau AVF.<\/strong><\/span><\/p>\n<p>&nbsp;<\/p>\n<p>&nbsp;<\/p>\n<p>&nbsp;<\/p>\n<p>&nbsp;<\/p>\n<p>&nbsp;<\/p>\n","protected":false},"excerpt":{"rendered":"<p>Activit\u00e9 du 3\u00e8me trimestre\u00a0 : R\u00e9union d&rsquo;information P\u00e9rier voyages le mardi 16 mai \u00e0 14h30, en pr\u00e9vision d&rsquo;un voyage au Maroc Marrakech. Visite du ch\u00e2teau de Boutement le mardi 23 mai 2023: 13\u20ac Vir\u00e9e gourmande dans le pays de Vire sur une journ\u00e9e le mardi 20 juin 2023 Barbecue le mardi 6 juin 2023 \u00e0 [&hellip;]<\/p>\n","protected":false},"author":10,"featured_media":1257,"parent":0,"menu_order":0,"comment_status":"closed","ping_status":"closed","template":"","meta":[],"acf":[],"_links":{"self":[{"href":"https:\/\/avf.asso.fr\/honfleur\/wp-json\/wp\/v2\/pages\/279"}],"collection":[{"href":"https:\/\/avf.asso.fr\/honfleur\/wp-json\/wp\/v2\/pages"}],"about":[{"href":"https:\/\/avf.asso.fr\/honfleur\/wp-json\/wp\/v2\/types\/page"}],"author":[{"embeddable":true,"href":"https:\/\/avf.asso.fr\/honfleur\/wp-json\/wp\/v2\/users\/10"}],"replies":[{"embeddable":true,"href":"https:\/\/avf.asso.fr\/honfleur\/wp-json\/wp\/v2\/comments?post=279"}],"version-history":[{"count":10,"href":"https:\/\/avf.asso.fr\/honfleur\/wp-json\/wp\/v2\/pages\/279\/revisions"}],"predecessor-version":[{"id":1599,"href":"https:\/\/avf.asso.fr\/honfleur\/wp-json\/wp\/v2\/pages\/279\/revisions\/1599"}],"wp:featuredmedia":[{"embeddable":true,"href":"https:\/\/avf.asso.fr\/honfleur\/wp-json\/wp\/v2\/media\/1257"}],"wp:attachment":[{"href":"https:\/\/avf.asso.fr\/honfleur\/wp-json\/wp\/v2\/media?parent=279"}],"curies":[{"name":"wp","href":"https:\/\/api.w.org\/{rel}","templated":true}]}}

<h3><strong><span style="color: #000000;">Activité du 3ème trimestre  :</span></strong></h3>
<p><span style="color: #333399;"><strong>Réunion d&rsquo;information Périer voyages le mardi 16 mai à 14h30, en prévision d&rsquo;un voyage au Maroc Marrakech.</strong></span></p>
<p><span style="color: #339966;"><strong>Visite du château de Boutement le mardi 23 mai 2023: 13€</strong></span></p>
<p><span style="color: #ff0000;"><strong>Virée gourmande dans le pays de Vire sur une journée le mardi 20 juin 2023</strong></span></p>
<p><span style="color: #800000;"><strong>Barbecue le mardi 6 juin 2023 à la salle des fêtes de Gonneville sur Honfleur: 20€</strong></span></p>
<p><span style="color: #3366ff;"><strong>Conférence: graphologie le jeudi 22 juin 2023 à 17h, présenté par Denis Lecrux.</strong></span></p>
<p><span style="color: #ff0000;"><strong>Pour toutes ces activités, inscription et paiement à l&rsquo;inscription au bureau AVF.</strong></span></p>
<p>&nbsp;</p>
<p>&nbsp;</p>
<p>&nbsp;</p>
<p>&nbsp;</p>
<p>&nbsp;</p>

<p>Activité du 3ème trimestre  : Réunion d&rsquo;information Périer voyages le mardi 16 mai à 14h30, en prévision d&rsquo;un voyage au Maroc Marrakech. Visite du château de Boutement le mardi 23 mai 2023: 13€ Virée gourmande dans le pays de Vire sur une journée le mardi 20 juin 2023 Barbecue le mardi 6 juin 2023 à [&hellip;]</p>
