{"id":143,"date":"2018-02-08T11:23:49","date_gmt":"2018-02-08T10:23:49","guid":{"rendered":"https:\/\/avf.asso.fr\/guerande\/?page_id=143"},"modified":"2022-06-26T12:02:22","modified_gmt":"2022-06-26T10:02:22","slug":"adherer-a-association","status":"publish","type":"page","link":"https:\/\/avf.asso.fr\/guerande\/le-reseau-avf\/qui-sommes-nous\/adherer-a-association\/","title":{"rendered":"Adh\u00e9rer \u00e0 notre association"},"content":{"rendered":"<p><span style=\"color: #3366ff;\">Nous vous invitons \u00e0 nous rendre visite <strong>\u00e0 notre Si\u00e8ge<\/strong> o\u00f9 nos Accueillants et Accueillantes, tous b\u00e9n\u00e9voles, sont \u00e0 votre disposition pour vous recevoir et vous informer.<\/span><\/p>\n<p><span style=\"color: #3366ff;\">Vous serez accueillis lors des permanences :<\/span><\/p>\n<p><span style=\"color: #3366ff;\"><strong>mardis, jeudis et vendredis de 10 h \u00e0 12 h\u00a0 et de 14 h \u00e0 16 h 30.<\/strong><\/span><\/p>\n<p><span style=\"color: #3366ff;\">On vous pr\u00e9sentera nos activit\u00e9s culturelles, sportives, cr\u00e9atives, ludiques vous permettant des rencontres amicales.<\/span><\/p>\n<div><span style=\"color: #3366ff;\"><strong>L\u2019adh\u00e9sion \u00e0 notre Association s\u2019accompagnera\u00a0:<\/strong><\/span><\/div>\n<ul>\n<li><span style=\"color: #3366ff;\">Du versement d\u2019une cotisation annuelle de 30 \u20ac<\/span><\/li>\n<li><span style=\"color: #3366ff;\">De l\u2019adh\u00e9sion \u00e0 notre Charte<strong>\u00a0\u00a0<\/strong><\/span><\/li>\n<li><span style=\"color: #3366ff;\">De l\u2019acceptation de notre R\u00e8glement Int\u00e9rieur<\/span><\/li>\n<\/ul>\n<p><span style=\"color: #3366ff;\">Pour le yoga :<\/span><\/p>\n<p><span style=\"color: #3366ff;\">Cotisation suppl\u00e9mentaire de 60 \u20ac et certificat m\u00e9dical obligatoire lors de l\u2019inscription.<\/span><\/p>\n<p><span><span style=\"color: #3366ff;\">Les nouveaux membres d\u2019AVF b\u00e9n\u00e9ficieront d\u2019un <\/span><\/span><span style=\"color: #3366ff;\"><strong>acc\u00e8s \u00e0 la partie privative du site Internet<\/strong> d\u2019AVF Gu\u00e9rande . Cet acc\u00e8s sera configur\u00e9 par le webmestre qui adressera un courriel avisant de la disponibilit\u00e9 de cet acc\u00e8s priv\u00e9.<\/span><\/p>\n<p><span style=\"color: #3366ff;\"><strong>Venez nous rencontrer, nous vous attendons avec impatience\u00a0!<\/strong><\/span><\/p>\n<div><img decoding=\"async\" loading=\"lazy\" class=\"alignnone wp-image-2089 size-medium\" src=\"https:\/\/avf.asso.fr\/guerande\/wp-content\/uploads\/sites\/299\/2022\/06\/Accueillants-300x188.jpg\" alt=\"\" width=\"300\" height=\"188\" srcset=\"https:\/\/avf.asso.fr\/guerande\/wp-content\/uploads\/sites\/299\/2022\/06\/Accueillants-300x188.jpg 300w, https:\/\/avf.asso.fr\/guerande\/wp-content\/uploads\/sites\/299\/2022\/06\/Accueillants-1024x643.jpg 1024w, https:\/\/avf.asso.fr\/guerande\/wp-content\/uploads\/sites\/299\/2022\/06\/Accueillants-768x482.jpg 768w, https:\/\/avf.asso.fr\/guerande\/wp-content\/uploads\/sites\/299\/2022\/06\/Accueillants-1536x964.jpg 1536w, https:\/\/avf.asso.fr\/guerande\/wp-content\/uploads\/sites\/299\/2022\/06\/Accueillants.jpg 1740w\" sizes=\"(max-width: 300px) 100vw, 300px\" \/><\/div>\n<div><\/div>\n<div><\/div>\n<div><\/div>\n","protected":false},"excerpt":{"rendered":"<p>Nous vous invitons \u00e0 nous rendre visite \u00e0 notre Si\u00e8ge o\u00f9 nos Accueillants et Accueillantes, tous b\u00e9n\u00e9voles, sont \u00e0 votre disposition pour vous recevoir et vous informer. Vous serez accueillis lors des permanences : mardis, jeudis et vendredis de 10 h \u00e0 12 h\u00a0 et de 14 h \u00e0 16 h 30. On vous pr\u00e9sentera [&hellip;]<\/p>\n","protected":false},"author":1,"featured_media":0,"parent":170,"menu_order":2,"comment_status":"closed","ping_status":"closed","template":"actualites.php","meta":[],"acf":[],"_links":{"self":[{"href":"https:\/\/avf.asso.fr\/guerande\/wp-json\/wp\/v2\/pages\/143"}],"collection":[{"href":"https:\/\/avf.asso.fr\/guerande\/wp-json\/wp\/v2\/pages"}],"about":[{"href":"https:\/\/avf.asso.fr\/guerande\/wp-json\/wp\/v2\/types\/page"}],"author":[{"embeddable":true,"href":"https:\/\/avf.asso.fr\/guerande\/wp-json\/wp\/v2\/users\/1"}],"replies":[{"embeddable":true,"href":"https:\/\/avf.asso.fr\/guerande\/wp-json\/wp\/v2\/comments?post=143"}],"version-history":[{"count":12,"href":"https:\/\/avf.asso.fr\/guerande\/wp-json\/wp\/v2\/pages\/143\/revisions"}],"predecessor-version":[{"id":2090,"href":"https:\/\/avf.asso.fr\/guerande\/wp-json\/wp\/v2\/pages\/143\/revisions\/2090"}],"up":[{"embeddable":true,"href":"https:\/\/avf.asso.fr\/guerande\/wp-json\/wp\/v2\/pages\/170"}],"wp:attachment":[{"href":"https:\/\/avf.asso.fr\/guerande\/wp-json\/wp\/v2\/media?parent=143"}],"curies":[{"name":"wp","href":"https:\/\/api.w.org\/{rel}","templated":true}]}}

Adhérer à notre association

<p><span style="color: #3366ff;">Nous vous invitons à nous rendre visite <strong>à notre Siège</strong> où nos Accueillants et Accueillantes, tous bénévoles, sont à votre disposition pour vous recevoir et vous informer.</span></p>
<p><span style="color: #3366ff;">Vous serez accueillis lors des permanences :</span></p>
<p><span style="color: #3366ff;"><strong>mardis, jeudis et vendredis de 10 h à 12 h  et de 14 h à 16 h 30.</strong></span></p>
<p><span style="color: #3366ff;">On vous présentera nos activités culturelles, sportives, créatives, ludiques vous permettant des rencontres amicales.</span></p>
<div><span style="color: #3366ff;"><strong>L’adhésion à notre Association s’accompagnera :</strong></span></div>
<ul>
<li><span style="color: #3366ff;">Du versement d’une cotisation annuelle de 30 €</span></li>
<li><span style="color: #3366ff;">De l’adhésion à notre Charte<strong>  </strong></span></li>
<li><span style="color: #3366ff;">De l’acceptation de notre Règlement Intérieur</span></li>
</ul>
<p><span style="color: #3366ff;">Pour le yoga :</span></p>
<p><span style="color: #3366ff;">Cotisation supplémentaire de 60 € et certificat médical obligatoire lors de l’inscription.</span></p>
<p><span><span style="color: #3366ff;">Les nouveaux membres d’AVF bénéficieront d’un </span></span><span style="color: #3366ff;"><strong>accès à la partie privative du site Internet</strong> d’AVF Guérande . Cet accès sera configuré par le webmestre qui adressera un courriel avisant de la disponibilité de cet accès privé.</span></p>
<p><span style="color: #3366ff;"><strong>Venez nous rencontrer, nous vous attendons avec impatience !</strong></span></p>
<div><img decoding="async" loading="lazy" class="alignnone wp-image-2089 size-medium" src="https://avf.asso.fr/guerande/wp-content/uploads/sites/299/2022/06/Accueillants-300x188.jpg" alt="" width="300" height="188" srcset="https://avf.asso.fr/guerande/wp-content/uploads/sites/299/2022/06/Accueillants-300x188.jpg 300w, https://avf.asso.fr/guerande/wp-content/uploads/sites/299/2022/06/Accueillants-1024x643.jpg 1024w, https://avf.asso.fr/guerande/wp-content/uploads/sites/299/2022/06/Accueillants-768x482.jpg 768w, https://avf.asso.fr/guerande/wp-content/uploads/sites/299/2022/06/Accueillants-1536x964.jpg 1536w, https://avf.asso.fr/guerande/wp-content/uploads/sites/299/2022/06/Accueillants.jpg 1740w" sizes="(max-width: 300px) 100vw, 300px" /></div>
<div></div>
<div></div>
<div></div>

<p>Nous vous invitons à nous rendre visite à notre Siège où nos Accueillants et Accueillantes, tous bénévoles, sont à votre disposition pour vous recevoir et vous informer. Vous serez accueillis lors des permanences : mardis, jeudis et vendredis de 10 h à 12 h  et de 14 h à 16 h 30. On vous présentera [&hellip;]</p>
