{"id":170,"date":"2018-04-25T11:06:10","date_gmt":"2018-04-25T09:06:10","guid":{"rendered":"https:\/\/avf.asso.fr\/flers\/?page_id=170"},"modified":"2023-09-01T17:36:18","modified_gmt":"2023-09-01T15:36:18","slug":"qui-sommes-nous","status":"publish","type":"page","link":"https:\/\/avf.asso.fr\/flers\/qui-sommes-nous\/","title":{"rendered":"Pr\u00e9sentation"},"content":{"rendered":"<h2>Pr\u00e9sente \u00e0 Flers et son agglom\u00e9ration (Flers-Agglo)<\/h2>\n<div>Install\u00e9e dans un cadre magnifique, le Ch\u00e2teau Duhaz\u00e9, en face de la M\u00e9diath\u00e8que et deux pas du \u00ab\u00a0Forum de Flers\u00a0\u00bb, dans une ville attrayante, votre association AVF est pr\u00eate \u00e0 accueillir dans la plus grande convivialit\u00e9 les nouveaux arrivants. Elle offre diff\u00e9rentes activit\u00e9s comme la marche, la couture, le billard, la broderie, le tricot, la chorale, la p\u00e9tanque, le scrabble, les jeux de cartes, l&rsquo;aquagym, le bowling, le patchwork, la danse, la gym, l&rsquo;art floral ,activit\u00e9s soutenues par des b\u00e9n\u00e9voles aguerris.<\/div>\n<div>\n<p>&nbsp;<\/p>\n<h2><\/h2>\n<\/div>\n","protected":false},"excerpt":{"rendered":"<p>Pr\u00e9sente \u00e0 Flers et son agglom\u00e9ration (Flers-Agglo) Install\u00e9e dans un cadre magnifique, le Ch\u00e2teau Duhaz\u00e9, en face de la M\u00e9diath\u00e8que et deux pas du \u00ab\u00a0Forum de Flers\u00a0\u00bb, dans une ville attrayante, votre association AVF est pr\u00eate \u00e0 accueillir dans la plus grande convivialit\u00e9 les nouveaux arrivants. Elle offre diff\u00e9rentes activit\u00e9s comme la marche, la couture, [&hellip;]<\/p>\n","protected":false},"author":1,"featured_media":0,"parent":0,"menu_order":0,"comment_status":"open","ping_status":"closed","template":"","meta":[],"acf":[],"_links":{"self":[{"href":"https:\/\/avf.asso.fr\/flers\/wp-json\/wp\/v2\/pages\/170"}],"collection":[{"href":"https:\/\/avf.asso.fr\/flers\/wp-json\/wp\/v2\/pages"}],"about":[{"href":"https:\/\/avf.asso.fr\/flers\/wp-json\/wp\/v2\/types\/page"}],"author":[{"embeddable":true,"href":"https:\/\/avf.asso.fr\/flers\/wp-json\/wp\/v2\/users\/1"}],"replies":[{"embeddable":true,"href":"https:\/\/avf.asso.fr\/flers\/wp-json\/wp\/v2\/comments?post=170"}],"version-history":[{"count":11,"href":"https:\/\/avf.asso.fr\/flers\/wp-json\/wp\/v2\/pages\/170\/revisions"}],"predecessor-version":[{"id":1934,"href":"https:\/\/avf.asso.fr\/flers\/wp-json\/wp\/v2\/pages\/170\/revisions\/1934"}],"wp:attachment":[{"href":"https:\/\/avf.asso.fr\/flers\/wp-json\/wp\/v2\/media?parent=170"}],"curies":[{"name":"wp","href":"https:\/\/api.w.org\/{rel}","templated":true}]}}