{"id":1333,"date":"2021-10-11T17:56:34","date_gmt":"2021-10-11T15:56:34","guid":{"rendered":"https:\/\/avf.asso.fr\/cholet\/?page_id=1333"},"modified":"2021-10-28T15:03:24","modified_gmt":"2021-10-28T13:03:24","slug":"le-theatre","status":"publish","type":"page","link":"https:\/\/avf.asso.fr\/cholet\/les-arts-creatifs\/le-theatre\/","title":{"rendered":"Le Th\u00e9atre &#8230;"},"content":{"rendered":"<h3><span>\u00a0 \u00a0 \u00a0 \u00a0 \u00a0 \u00a0 \u00a0 \u00a0 \u00a0 \u00a0 \u00a0 \u00a0 \u00a0 \u00a0 \u00a0 <em>\u00a0 \u00a0 \u00a0 \u00a0 \u00a0 \u00a0 \u00a0 \u00ab\u00a0DU RIRE ET DES MOTS\u00a0\u00bb<\/em><\/span><\/h3>\n<h3>\u00a0 \u00a0 \u00a0 \u00a0 \u00a0 \u00a0 \u00a0 \u00a0 \u00a0 \u00a0 \u00a0 \u00a0 \u00a0 \u00a0 \u00a0 \u00a0 \u00a0 \u00a0Notre Atelier Th\u00e9\u00e2tre a d\u00e9but\u00e9 en Octobre.<\/h3>\n<h3 style=\"font-weight: 400;\">Le but\u00a0: s\u2019amuser avec les mots, mettre en sc\u00e8ne la vie quotidienne avec humour et tendresse\u2026.<\/h3>\n<h3 style=\"font-weight: 400;\">\u00a0 \u00a0 \u00a0 \u00a0 \u00a0 \u00a0 \u00a0 \u00a0 \u00a0 \u00a0 \u00a0 \u00a0 \u00a0 \u00a0 \u00a0 \u00a0 \u00a0 \u00a0 Et surtout sans se \u00ab prendre la t\u00eate \u00bb.<\/h3>\n<h3><\/h3>\n<p>&nbsp;<\/p>\n","protected":false},"excerpt":{"rendered":"<p>\u00a0 \u00a0 \u00a0 \u00a0 \u00a0 \u00a0 \u00a0 \u00a0 \u00a0 \u00a0 \u00a0 \u00a0 \u00a0 \u00a0 \u00a0 \u00a0 \u00a0 \u00a0 \u00a0 \u00a0 \u00a0 \u00a0 \u00ab\u00a0DU RIRE ET DES MOTS\u00a0\u00bb \u00a0 \u00a0 \u00a0 \u00a0 \u00a0 \u00a0 \u00a0 \u00a0 \u00a0 \u00a0 \u00a0 \u00a0 \u00a0 \u00a0 \u00a0 \u00a0 \u00a0 \u00a0Notre Atelier Th\u00e9\u00e2tre a d\u00e9but\u00e9 en Octobre. Le but\u00a0: s\u2019amuser avec [&hellip;]<\/p>\n","protected":false},"author":35054,"featured_media":0,"parent":1119,"menu_order":0,"comment_status":"closed","ping_status":"closed","template":"","meta":[],"acf":[],"_links":{"self":[{"href":"https:\/\/avf.asso.fr\/cholet\/wp-json\/wp\/v2\/pages\/1333"}],"collection":[{"href":"https:\/\/avf.asso.fr\/cholet\/wp-json\/wp\/v2\/pages"}],"about":[{"href":"https:\/\/avf.asso.fr\/cholet\/wp-json\/wp\/v2\/types\/page"}],"author":[{"embeddable":true,"href":"https:\/\/avf.asso.fr\/cholet\/wp-json\/wp\/v2\/users\/35054"}],"replies":[{"embeddable":true,"href":"https:\/\/avf.asso.fr\/cholet\/wp-json\/wp\/v2\/comments?post=1333"}],"version-history":[{"count":9,"href":"https:\/\/avf.asso.fr\/cholet\/wp-json\/wp\/v2\/pages\/1333\/revisions"}],"predecessor-version":[{"id":1402,"href":"https:\/\/avf.asso.fr\/cholet\/wp-json\/wp\/v2\/pages\/1333\/revisions\/1402"}],"up":[{"embeddable":true,"href":"https:\/\/avf.asso.fr\/cholet\/wp-json\/wp\/v2\/pages\/1119"}],"wp:attachment":[{"href":"https:\/\/avf.asso.fr\/cholet\/wp-json\/wp\/v2\/media?parent=1333"}],"curies":[{"name":"wp","href":"https:\/\/api.w.org\/{rel}","templated":true}]}}