

{"id":248,"date":"2018-05-03T01:20:46","date_gmt":"2018-05-02T23:20:46","guid":{"rendered":"https:\/\/avf.asso.fr\/chamalieres\/?page_id=248"},"modified":"2020-02-24T13:12:16","modified_gmt":"2020-02-24T12:12:16","slug":"actus","status":"publish","type":"page","link":"https:\/\/avf.asso.fr\/chamalieres-royat\/actus\/","title":{"rendered":"Actualit\u00e9s"},"content":{"rendered":"<div id=\"news\" class=\"nobg\"><div id=\"1866\" class=\"news-item row no-gutter\"><div class=\"news-thumb col-6\"><a href=\"https:\/\/avf.asso.fr\/chamalieres-royat\/actualites\/journee-nationale-des-nouveaux-arrivants-2\/\"><img width=\"358\" height=\"148\" src=\"https:\/\/avf.asso.fr\/chamalieres-royat\/wp-content\/uploads\/sites\/96\/2022\/11\/20221119_094824-358x148.jpg\" class=\"attachment-home_news size-home_news wp-post-image\" alt=\"\" decoding=\"async\" loading=\"lazy\" \/><\/a><div class=\"news-cat\" style=\"background-color:#14ce1d;\"><a href=\"https:\/\/avf.asso.fr\/chamalieres-royat\/actualites\/category\/les-echos-de-lavf\/\">Retour sur ...<\/a><\/div><\/div><div class=\"news-info col-6\"><a href=\"https:\/\/avf.asso.fr\/chamalieres-royat\/actualites\/journee-nationale-des-nouveaux-arrivants-2\/\"><h2 class=\"title-sub\">Journ\u00e9e Nationale des Nouveaux Arrivants<\/h2><\/a>Samedi 19 novembre, nous \u00e9tions pr\u00e9sents au march\u00e9 de Chamali\u00e8res.\u00a0 L&rsquo;objectif : aller \u00e0 la rencontre du public et lui faire d\u00e9couvrir notre association&#8230; \u2193<\/div> <\/div><div id=\"1854\" class=\"news-item row no-gutter\"><div class=\"news-thumb col-6\"><a href=\"https:\/\/avf.asso.fr\/chamalieres-royat\/actualites\/novembre-2022\/\"><img width=\"358\" height=\"148\" src=\"https:\/\/avf.asso.fr\/chamalieres-royat\/wp-content\/uploads\/sites\/96\/2022\/10\/DSC_1928-358x148.jpg\" class=\"attachment-home_news size-home_news wp-post-image\" alt=\"\" decoding=\"async\" loading=\"lazy\" \/><\/a><div class=\"news-cat\" style=\"background-color:#00ddcb;\"><a href=\"https:\/\/avf.asso.fr\/chamalieres-royat\/actualites\/category\/agenda\/\">Agenda<\/a><\/div><\/div><div class=\"news-info col-6\"><a href=\"https:\/\/avf.asso.fr\/chamalieres-royat\/actualites\/novembre-2022\/\"><h2 class=\"title-sub\">Novembre 2022<\/h2><\/a>Quelques rendez-vous \u00e0 ne pas manquer\u2026 \u2193\r\n\r\n<strong><\/strong><\/div> <\/div><div id=\"1841\" class=\"news-item row no-gutter\"><div class=\"news-thumb col-6\"><a href=\"https:\/\/avf.asso.fr\/chamalieres-royat\/actualites\/septembre-octobre-2022\/\"><img width=\"358\" height=\"148\" src=\"https:\/\/avf.asso.fr\/chamalieres-royat\/wp-content\/uploads\/sites\/96\/2022\/09\/20210419_120957-358x148.jpg\" class=\"attachment-home_news size-home_news wp-post-image\" alt=\"\" decoding=\"async\" loading=\"lazy\" \/><\/a><div class=\"news-cat\" style=\"background-color:#00ddcb;\"><a href=\"https:\/\/avf.asso.fr\/chamalieres-royat\/actualites\/category\/agenda\/\">Agenda<\/a><\/div><\/div><div class=\"news-info col-6\"><a href=\"https:\/\/avf.asso.fr\/chamalieres-royat\/actualites\/septembre-octobre-2022\/\"><h2 class=\"title-sub\">Septembre &#8211; octobre 2022<\/h2><\/a>Les animations reprennent progressivement.\u00a0 Voici nos premiers rendez-vous de la rentr\u00e9e :\r\n\r\n<strong>Dimanche 18 septembre \u00e0 15h<\/strong> : visite guid\u00e9e de l&rsquo;\u00e9glise &#8230; \u2193<\/div> <\/div><div id=\"1837\" class=\"news-item row no-gutter\"><div class=\"news-thumb col-6\"><a href=\"https:\/\/avf.asso.fr\/chamalieres-royat\/actualites\/aperitif-de-bienvenue-5\/\"><img width=\"358\" height=\"148\" src=\"https:\/\/avf.asso.fr\/chamalieres-royat\/wp-content\/uploads\/sites\/96\/2022\/09\/Aperitif-3-Copie-358x148.jpg\" class=\"attachment-home_news size-home_news wp-post-image\" alt=\"\" decoding=\"async\" loading=\"lazy\" \/><\/a><div class=\"news-cat\" style=\"background-color:#00ddcb;\"><a href=\"https:\/\/avf.asso.fr\/chamalieres-royat\/actualites\/category\/agenda\/\">Agenda<\/a><\/div><\/div><div class=\"news-info col-6\"><a href=\"https:\/\/avf.asso.fr\/chamalieres-royat\/actualites\/aperitif-de-bienvenue-5\/\"><h2 class=\"title-sub\">APERITIF DE BIENVENUE<\/h2><\/a>Vendredi 14 octobre \u00e0 18 heures &#8211; salle Yves Cognat &#8211; maison des associations<\/div> <\/div><div id=\"1830\" class=\"news-item row no-gutter\"><div class=\"news-thumb col-6\"><a href=\"https:\/\/avf.asso.fr\/chamalieres-royat\/actualites\/a-noter-dans-vos-agendas-%f0%9f%8d%b7\/\"><img width=\"358\" height=\"148\" src=\"https:\/\/avf.asso.fr\/chamalieres-royat\/wp-content\/uploads\/sites\/96\/2022\/09\/DSC_1141-Copie-358x148.jpg\" class=\"attachment-home_news size-home_news wp-post-image\" alt=\"\" decoding=\"async\" loading=\"lazy\" \/><\/a><div class=\"news-cat\" style=\"background-color:#00ddcb;\"><a href=\"https:\/\/avf.asso.fr\/chamalieres-royat\/actualites\/category\/agenda\/\">Agenda<\/a><\/div><\/div><div class=\"news-info col-6\"><a href=\"https:\/\/avf.asso.fr\/chamalieres-royat\/actualites\/a-noter-dans-vos-agendas-%f0%9f%8d%b7\/\"><h2 class=\"title-sub\">A noter dans vos agendas &#x1f377;<\/h2><\/a>La rentr\u00e9e \u00e0 peine pass\u00e9e, nous pr\u00e9parons d\u00e9j\u00e0 le premier \u00e9v\u00e9nement convivial : un ap\u00e9ritif de bienvenue. \u00a0 Aussi, r\u00e9servez votre soir\u00e9e&#8230; \u00a0 \u2193<\/div> <\/div><div id=\"1827\" class=\"news-item row no-gutter\"><div class=\"news-thumb col-6\"><a href=\"https:\/\/avf.asso.fr\/chamalieres-royat\/actualites\/venez-faire-un-tour-au-forum\/\"><img width=\"358\" height=\"148\" src=\"https:\/\/avf.asso.fr\/chamalieres-royat\/wp-content\/uploads\/sites\/96\/2022\/09\/montage-forum-358x148.jpg\" class=\"attachment-home_news size-home_news wp-post-image\" alt=\"\" decoding=\"async\" loading=\"lazy\" \/><\/a><div class=\"news-cat\" style=\"background-color:#00ddcb;\"><a href=\"https:\/\/avf.asso.fr\/chamalieres-royat\/actualites\/category\/agenda\/\">Agenda<\/a><\/div><\/div><div class=\"news-info col-6\"><a href=\"https:\/\/avf.asso.fr\/chamalieres-royat\/actualites\/venez-faire-un-tour-au-forum\/\"><h2 class=\"title-sub\">Venez faire un tour au Forum !<\/h2><\/a>Ce <strong>samedi 10 septembre<\/strong>, nous serons pr\u00e9sents aux forums des associations\r\n\r\n-de 9h \u00e0 13h au complexe sportif Alain Bresson, Voie Romaine \u00e0 Chamali\u00e8res et\r\n\r\n-de 9h30 \u00e0 13h \u00e0 l&rsquo;Avan C, chemin du Breuil \u00e0 Royat\r\n\r\nVous souhaitez en savoir plus&#8230;<\/div> <\/div><div id=\"1821\" class=\"news-item row no-gutter\"><div class=\"news-thumb col-6\"><a href=\"https:\/\/avf.asso.fr\/chamalieres-royat\/actualites\/escapade-auvergnate-a-issoire\/\"><img width=\"358\" height=\"148\" src=\"https:\/\/avf.asso.fr\/chamalieres-royat\/wp-content\/uploads\/sites\/96\/2022\/06\/20220608_151016-358x148.jpg\" class=\"attachment-home_news size-home_news wp-post-image\" alt=\"\" decoding=\"async\" loading=\"lazy\" \/><\/a><div class=\"news-cat\" style=\"background-color:#14ce1d;\"><a href=\"https:\/\/avf.asso.fr\/chamalieres-royat\/actualites\/category\/les-echos-de-lavf\/\">Retour sur ...<\/a><\/div><\/div><div class=\"news-info col-6\"><a href=\"https:\/\/avf.asso.fr\/chamalieres-royat\/actualites\/escapade-auvergnate-a-issoire\/\"><h2 class=\"title-sub\">Escapade auvergnate \u00e0 Issoire<\/h2><\/a>Nous avons encore pass\u00e9 un super apr\u00e8s-midi \u00e0 la d\u00e9couverte du patrimoine auvergnat.\u00a0 L&rsquo;\u00e9tonnante abbatiale Saint-Austremoine, &#8230; \u2193<\/div> <\/div><div id=\"1813\" class=\"news-item row no-gutter\"><div class=\"news-thumb col-6\"><a href=\"https:\/\/avf.asso.fr\/chamalieres-royat\/actualites\/saint-nectaire\/\"><img width=\"358\" height=\"148\" src=\"https:\/\/avf.asso.fr\/chamalieres-royat\/wp-content\/uploads\/sites\/96\/2022\/05\/Saint-Nectaire-358x148.jpg\" class=\"attachment-home_news size-home_news wp-post-image\" alt=\"\" decoding=\"async\" loading=\"lazy\" \/><\/a><div class=\"news-cat\" style=\"background-color:#14ce1d;\"><a href=\"https:\/\/avf.asso.fr\/chamalieres-royat\/actualites\/category\/les-echos-de-lavf\/\">Retour sur ...<\/a><\/div><\/div><div class=\"news-info col-6\"><a href=\"https:\/\/avf.asso.fr\/chamalieres-royat\/actualites\/saint-nectaire\/\"><h2 class=\"title-sub\">Saint-Nectaire<\/h2><\/a>Ce lundi 16 mai, visite de l&rsquo;Eglise Note Dame du Mont Cornadore \u00e0 Saint-Nectaire.\r\n\r\nUne des plus belles \u00e9glises romanes d&rsquo;Auvergne avec ses 103 chapiteaux.\r\n\r\nNotre visite s&rsquo;est poursuivie \u00e0 la ferme de Lambres, producteur de Saint-Nectaire fermier AOP.\r\n\r\nUn bel apr\u00e8s-midi enrichissant.<\/div> <\/div><div id=\"1804\" class=\"news-item row no-gutter\"><div class=\"news-thumb col-6\"><a href=\"https:\/\/avf.asso.fr\/chamalieres-royat\/actualites\/atelier-culinaire-simple-et-ludique\/\"><img width=\"358\" height=\"148\" src=\"https:\/\/avf.asso.fr\/chamalieres-royat\/wp-content\/uploads\/sites\/96\/2022\/05\/soupes-froides-358x148.jpg\" class=\"attachment-home_news size-home_news wp-post-image\" alt=\"\" decoding=\"async\" loading=\"lazy\" \/><\/a><div class=\"news-cat\" style=\"background-color:#14ce1d;\"><a href=\"https:\/\/avf.asso.fr\/chamalieres-royat\/actualites\/category\/les-echos-de-lavf\/\">Retour sur ...<\/a><\/div><\/div><div class=\"news-info col-6\"><a href=\"https:\/\/avf.asso.fr\/chamalieres-royat\/actualites\/atelier-culinaire-simple-et-ludique\/\"><h2 class=\"title-sub\">Atelier culinaire simple et ludique<\/h2><\/a>Cet \u00e9t\u00e9, prenons un grand bol de fra\u00eecheur pour mettre nos papilles en folie.\r\n\r\nAdoptons les soupes froides.\r\n\r\nC&rsquo;est bon, c&rsquo;est simple, c&rsquo;est sain !<\/div> <\/div><div id=\"1801\" class=\"news-item row no-gutter\"><div class=\"news-thumb col-6\"><a href=\"https:\/\/avf.asso.fr\/chamalieres-royat\/actualites\/balade-urbaine-8\/\"><img width=\"358\" height=\"148\" src=\"https:\/\/avf.asso.fr\/chamalieres-royat\/wp-content\/uploads\/sites\/96\/2022\/05\/DSC_2576-358x148.jpg\" class=\"attachment-home_news size-home_news wp-post-image\" alt=\"\" decoding=\"async\" loading=\"lazy\" \/><\/a><div class=\"news-cat\" style=\"background-color:#00ddcb;\"><a href=\"https:\/\/avf.asso.fr\/chamalieres-royat\/actualites\/category\/agenda\/\">Agenda<\/a><\/div><\/div><div class=\"news-info col-6\"><a href=\"https:\/\/avf.asso.fr\/chamalieres-royat\/actualites\/balade-urbaine-8\/\"><h2 class=\"title-sub\">Balade urbaine<\/h2><\/a>Nouveaux Arrivants, nous vous invitons \u00e0 parcourir avec nous Chamali\u00e8res \u00ab\u00a0au fil de la Tiretaine\u00a0\u00bb &#8230;\u2193<\/div> <\/div><\/div>\n","protected":false},"excerpt":{"rendered":"","protected":false},"author":13,"featured_media":0,"parent":0,"menu_order":0,"comment_status":"closed","ping_status":"closed","template":"actualites.php","meta":[],"acf":[],"_links":{"self":[{"href":"https:\/\/avf.asso.fr\/chamalieres-royat\/wp-json\/wp\/v2\/pages\/248"}],"collection":[{"href":"https:\/\/avf.asso.fr\/chamalieres-royat\/wp-json\/wp\/v2\/pages"}],"about":[{"href":"https:\/\/avf.asso.fr\/chamalieres-royat\/wp-json\/wp\/v2\/types\/page"}],"author":[{"embeddable":true,"href":"https:\/\/avf.asso.fr\/chamalieres-royat\/wp-json\/wp\/v2\/users\/13"}],"replies":[{"embeddable":true,"href":"https:\/\/avf.asso.fr\/chamalieres-royat\/wp-json\/wp\/v2\/comments?post=248"}],"version-history":[{"count":0,"href":"https:\/\/avf.asso.fr\/chamalieres-royat\/wp-json\/wp\/v2\/pages\/248\/revisions"}],"wp:attachment":[{"href":"https:\/\/avf.asso.fr\/chamalieres-royat\/wp-json\/wp\/v2\/media?parent=248"}],"curies":[{"name":"wp","href":"https:\/\/api.w.org\/{rel}","templated":true}]}}