{"id":143,"date":"2018-02-08T11:23:49","date_gmt":"2018-02-08T10:23:49","guid":{"rendered":"https:\/\/avf.asso.fr\/chamalieres\/?page_id=143"},"modified":"2019-10-18T12:40:40","modified_gmt":"2019-10-18T10:40:40","slug":"adherer-a-association","status":"publish","type":"page","link":"https:\/\/avf.asso.fr\/chamalieres-royat\/adherer-a-association\/","title":{"rendered":"Adh\u00e9rer \u00e0 notre association"},"content":{"rendered":"<h5><\/h5>\n<p>Nous vous invitons \u00e0 nous rendre visite lors d&rsquo;une<strong> de nos permanences <\/strong>pendant lesquelles nos Accueillants, tous b\u00e9n\u00e9voles, sont \u00e0 votre disposition pour vous recevoir et vous informer.<\/p>\n<p><strong>Nous organisons r\u00e9guli\u00e8rement des rendez-vous d&rsquo;accueil<\/strong>, gratuits et ouverts \u00e0 tous : petit d\u00e9jeuners, caf\u00e9s accueil, ap\u00e9ritifs, afterwork&#8230;\u00a0\u00a0 Ceux-ci sont annonc\u00e9s sur ce site, dans la presse locale et sur notre page Facebook. Ils vous permettent de rencontrer d&rsquo;autres Nouveaux Arrivants et de d\u00e9couvrir notre association.<\/p>\n<p><strong>Les autres animations\u00a0<\/strong> (balades, visites de la ville et de la r\u00e9gion, d\u00eeners, soir\u00e9es jeux&#8230;) sont r\u00e9serv\u00e9es aux adh\u00e9rents de l&rsquo;AVF Chamali\u00e8res-Royat.<\/p>\n<div><strong>L\u2019adh\u00e9sion \u00e0 notre Association s\u2019accompagne :<\/strong><\/div>\n<ul>\n<li>du versement d\u2019une cotisation annuelle<\/li>\n<li>de l\u2019adh\u00e9sion \u00e0 notre Charte<strong>\u00a0\u00a0<\/strong><\/li>\n<li>de l\u2019acceptation de notre R\u00e8glement Int\u00e9rieur<\/li>\n<\/ul>\n<p>Elle permet :<\/p>\n<ul>\n<li>de participer \u00e0 toutes les animations propos\u00e9es<\/li>\n<li>de recevoir les informations d\u00e9taill\u00e9es sur nos rendez-vous<\/li>\n<li>de b\u00e9n\u00e9ficier d&rsquo;un acc\u00e8s la partie priv\u00e9e du site internet<\/li>\n<\/ul>\n<div>\n<div><strong>Venez nous rencontrer, nous vous attendons !<\/strong><\/div>\n<\/div>\n","protected":false},"excerpt":{"rendered":"<p>Nous vous invitons \u00e0 nous rendre visite lors d&rsquo;une de nos permanences pendant lesquelles nos Accueillants, tous b\u00e9n\u00e9voles, sont \u00e0 votre disposition pour vous recevoir et vous informer. Nous organisons r\u00e9guli\u00e8rement des rendez-vous d&rsquo;accueil, gratuits et ouverts \u00e0 tous : petit d\u00e9jeuners, caf\u00e9s accueil, ap\u00e9ritifs, afterwork&#8230;\u00a0\u00a0 Ceux-ci sont annonc\u00e9s sur ce site, dans la presse [&hellip;]<\/p>\n","protected":false},"author":1,"featured_media":0,"parent":0,"menu_order":0,"comment_status":"closed","ping_status":"closed","template":"","meta":[],"acf":[],"_links":{"self":[{"href":"https:\/\/avf.asso.fr\/chamalieres-royat\/wp-json\/wp\/v2\/pages\/143"}],"collection":[{"href":"https:\/\/avf.asso.fr\/chamalieres-royat\/wp-json\/wp\/v2\/pages"}],"about":[{"href":"https:\/\/avf.asso.fr\/chamalieres-royat\/wp-json\/wp\/v2\/types\/page"}],"author":[{"embeddable":true,"href":"https:\/\/avf.asso.fr\/chamalieres-royat\/wp-json\/wp\/v2\/users\/1"}],"replies":[{"embeddable":true,"href":"https:\/\/avf.asso.fr\/chamalieres-royat\/wp-json\/wp\/v2\/comments?post=143"}],"version-history":[{"count":0,"href":"https:\/\/avf.asso.fr\/chamalieres-royat\/wp-json\/wp\/v2\/pages\/143\/revisions"}],"wp:attachment":[{"href":"https:\/\/avf.asso.fr\/chamalieres-royat\/wp-json\/wp\/v2\/media?parent=143"}],"curies":[{"name":"wp","href":"https:\/\/api.w.org\/{rel}","templated":true}]}}