{"id":143,"date":"2018-02-08T11:23:49","date_gmt":"2018-02-08T10:23:49","guid":{"rendered":"https:\/\/avf.asso.fr\/cebazat\/?page_id=143"},"modified":"2023-11-06T18:24:28","modified_gmt":"2023-11-06T17:24:28","slug":"adherer-a-association","status":"publish","type":"page","link":"https:\/\/avf.asso.fr\/cebazat\/adherer-a-association\/","title":{"rendered":"Adh\u00e9rer \u00e0 notre association"},"content":{"rendered":"<h5><img decoding=\"async\" loading=\"lazy\" class=\"size-medium wp-image-1180 alignleft\" src=\"https:\/\/avf.asso.fr\/cebazat\/wp-content\/uploads\/sites\/92\/2020\/09\/AVF-local-300x263.png\" alt=\"\" width=\"300\" height=\"263\" srcset=\"https:\/\/avf.asso.fr\/cebazat\/wp-content\/uploads\/sites\/92\/2020\/09\/AVF-local-300x263.png 300w, https:\/\/avf.asso.fr\/cebazat\/wp-content\/uploads\/sites\/92\/2020\/09\/AVF-local-768x674.png 768w, https:\/\/avf.asso.fr\/cebazat\/wp-content\/uploads\/sites\/92\/2020\/09\/AVF-local.png 780w\" sizes=\"(max-width: 300px) 100vw, 300px\" \/><\/h5>\n<h5>Nous vous invitons \u00e0 nous rendre visite\u00a0 \u00e0 notre<strong style=\"font-size: 14px;\"> permanence au Si\u00e8ge de l&rsquo;association<\/strong><span style=\"font-size: 14px;\"> o\u00f9 nos Accueillants (es), tous b\u00e9n\u00e9voles, sont \u00e0 votre disposition pour vous recevoir et vous informer.<\/span><\/h5>\n<div><strong>L\u2019adh\u00e9sion \u00e0 notre Association s\u2019accompagnera\u00a0:<\/strong><\/div>\n<ul>\n<li>Du versement d\u2019une cotisation annuelle<\/li>\n<li>De l\u2019acceptation de notre R\u00e8glement Int\u00e9rieur<\/li>\n<\/ul>\n<div><\/div>\n<div>Les nouveaux membres d&rsquo;AVF b\u00e9n\u00e9ficierons d&rsquo;un\u00a0<strong>acc\u00e8s \u00e0 la partie privative du site Internet<\/strong>\u00a0d&rsquo;AVF C\u00e9bazat. Cet acc\u00e8s sera configur\u00e9 par le webmestre qui adressera un courriel avisant de la disponibilt\u00e9 de cet acc\u00e8s priv\u00e9.<\/div>\n<div><\/div>\n<div>\n<div><strong>Venez nous rencontrer, nous vous attendons avec impatience\u00a0!<\/strong><\/div>\n<\/div>\n","protected":false},"excerpt":{"rendered":"<p>Nous vous invitons \u00e0 nous rendre visite\u00a0 \u00e0 notre permanence au Si\u00e8ge de l&rsquo;association o\u00f9 nos Accueillants (es), tous b\u00e9n\u00e9voles, sont \u00e0 votre disposition pour vous recevoir et vous informer. L\u2019adh\u00e9sion \u00e0 notre Association s\u2019accompagnera\u00a0: Du versement d\u2019une cotisation annuelle De l\u2019acceptation de notre R\u00e8glement Int\u00e9rieur Les nouveaux membres d&rsquo;AVF b\u00e9n\u00e9ficierons d&rsquo;un\u00a0acc\u00e8s \u00e0 la partie [&hellip;]<\/p>\n","protected":false},"author":1,"featured_media":0,"parent":0,"menu_order":0,"comment_status":"closed","ping_status":"closed","template":"","meta":[],"acf":[],"_links":{"self":[{"href":"https:\/\/avf.asso.fr\/cebazat\/wp-json\/wp\/v2\/pages\/143"}],"collection":[{"href":"https:\/\/avf.asso.fr\/cebazat\/wp-json\/wp\/v2\/pages"}],"about":[{"href":"https:\/\/avf.asso.fr\/cebazat\/wp-json\/wp\/v2\/types\/page"}],"author":[{"embeddable":true,"href":"https:\/\/avf.asso.fr\/cebazat\/wp-json\/wp\/v2\/users\/1"}],"replies":[{"embeddable":true,"href":"https:\/\/avf.asso.fr\/cebazat\/wp-json\/wp\/v2\/comments?post=143"}],"version-history":[{"count":2,"href":"https:\/\/avf.asso.fr\/cebazat\/wp-json\/wp\/v2\/pages\/143\/revisions"}],"predecessor-version":[{"id":1715,"href":"https:\/\/avf.asso.fr\/cebazat\/wp-json\/wp\/v2\/pages\/143\/revisions\/1715"}],"wp:attachment":[{"href":"https:\/\/avf.asso.fr\/cebazat\/wp-json\/wp\/v2\/media?parent=143"}],"curies":[{"name":"wp","href":"https:\/\/api.w.org\/{rel}","templated":true}]}}