{"id":3714,"date":"2023-01-29T19:27:36","date_gmt":"2023-01-29T18:27:36","guid":{"rendered":"https:\/\/avf.asso.fr\/bourges\/?page_id=3714"},"modified":"2023-05-17T16:17:56","modified_gmt":"2023-05-17T14:17:56","slug":"galerie-photos","status":"publish","type":"page","link":"https:\/\/avf.asso.fr\/bourges\/galerie-photos\/","title":{"rendered":"Galerie photos"},"content":{"rendered":"<h3>Sorties et manifestation diverses<\/h3>\n<ul>\n<li><a href=\"https:\/\/photos.app.goo.gl\/ujDEj3Tkq3qhiKcm8\" target=\"_blank\" rel=\"noopener\">Vierzon &#8211; octobre 2018<\/a><\/li>\n<li><a href=\"https:\/\/photos.app.goo.gl\/CefAhgwwo1oarunU6\" target=\"_blank\" rel=\"noopener\">Bracieux La chocolaterie &#8211; avril 2019<\/a><\/li>\n<li><a href=\"https:\/\/photos.app.goo.gl\/RYKsFEEtuU6q77PMA\" target=\"_blank\" rel=\"noopener\">Orchidium &#8211; avril 2019<\/a><\/li>\n<li><a href=\"https:\/\/photos.app.goo.gl\/cFVNkwKYUHRkd6yX6\" target=\"_blank\" rel=\"noopener\">P\u00f4le de l&rsquo;\u00e2ne Lign\u00e8res &#8211; avril 2019<\/a><\/li>\n<li><a href=\"https:\/\/photos.app.goo.gl\/VQvoz76x6giP13Gm6\" target=\"_blank\" rel=\"noopener\">Maison peintre Chop et distillerie M. Balthazar -juin 2019<\/a><\/li>\n<li><a href=\"https:\/\/photos.app.goo.gl\/TXZbAeuaKqzJCUE89\" target=\"_blank\" rel=\"noopener\">Mus\u00e9e de la chemiserie &#8211; octobre 2019<\/a><\/li>\n<li><a href=\"https:\/\/photos.app.goo.gl\/nBh7kykATRdsRJDy6\" target=\"_blank\" rel=\"noopener\">Argentomagus &#8211; octobre 2019<\/a><\/li>\n<li><a href=\"https:\/\/photos.app.goo.gl\/79Dg8J4ZVcTQu2e3A\" target=\"_blank\" rel=\"noopener\">Avord P\u00f4le a\u00e9ronautique &#8211; novembre 2019<\/a><\/li>\n<li><a href=\"https:\/\/photos.app.goo.gl\/LbAy5CKWnmnTzFeQ8\" target=\"_blank\" rel=\"noopener\">Soir\u00e9e Carnaval &#8211; mars 2020<\/a><\/li>\n<li><a href=\"https:\/\/photos.app.goo.gl\/PBd8nuUZ68nY8tEx5\" target=\"_blank\" rel=\"noopener\">Blancafort Briare &#8211; mars 2020<\/a><\/li>\n<li><a href=\"https:\/\/photos.app.goo.gl\/nK9URGasJXiGZRpMA\" target=\"_blank\" rel=\"noopener\">Valen\u00e7ay &#8211; octobre 2021<\/a><\/li>\n<li><a href=\"https:\/\/photos.app.goo.gl\/6JLLJxF2Tuvn93Bh6\" target=\"_blank\" rel=\"noopener\">Soir\u00e9e karaok\u00e9 &#8211; novembre 2022<\/a><\/li>\n<li><a href=\"https:\/\/photos.app.goo.gl\/xxy2ho3RJs2fnXUh6\" target=\"_blank\" rel=\"noopener\">Atelier cuisine &#8211; d\u00e9cembre 2022<\/a><\/li>\n<li><a href=\"https:\/\/photos.app.goo.gl\/eufyWQgPMKmXq7ra7\" target=\"_blank\" rel=\"noopener\">Atelier aquarelle &#8211; janvier 2023<\/a><\/li>\n<li><a href=\"https:\/\/photos.app.goo.gl\/8ri8uvgkKsoMS4L66\" target=\"_blank\" rel=\"noopener\">Sortie Romorantin &#8211; mars 2023<\/a><\/li>\n<li><a href=\"https:\/\/photos.app.goo.gl\/Btd3E7jiBX93M7Ve6\" target=\"_blank\" rel=\"noopener\">Atelier \u00e9changes culturels livres \u00e9tudi\u00e9s 2022-2023<\/a><\/li>\n<li><a href=\"https:\/\/photos.app.goo.gl\/Gsk5DxQw4EjM6aix9\" target=\"_blank\" rel=\"noopener\">Sortie Aubigny sur N\u00e8re &#8211; Argent sur Sauldre avril 2023<\/a><\/li>\n<li><a href=\"https:\/\/photos.app.goo.gl\/rws6ZmYKvoXo5u3G7\" target=\"_blank\" rel=\"noopener\">Sortie Noyant d&rsquo;Allier mai 2023<\/a><\/li>\n<\/ul>\n<h3>Marches<\/h3>\n<ul>\n<li><a href=\"https:\/\/photos.app.goo.gl\/XdhN1LM9p62W7a2UA\" target=\"_blank\" rel=\"noopener\">Journ\u00e9e vers Culan &#8211; novembre 2022<\/a><\/li>\n<li><a href=\"https:\/\/photos.app.goo.gl\/y3PuRF88s2KQAT1b8\" target=\"_blank\" rel=\"noopener\">En Pays Fort &#8211; janvier 2023<\/a><\/li>\n<\/ul>\n","protected":false},"excerpt":{"rendered":"<p>Sorties et manifestation diverses Vierzon &#8211; octobre 2018 Bracieux La chocolaterie &#8211; avril 2019 Orchidium &#8211; avril 2019 P\u00f4le de l&rsquo;\u00e2ne Lign\u00e8res &#8211; avril 2019 Maison peintre Chop et distillerie M. Balthazar -juin 2019 Mus\u00e9e de la chemiserie &#8211; octobre 2019 Argentomagus &#8211; octobre 2019 Avord P\u00f4le a\u00e9ronautique &#8211; novembre 2019 Soir\u00e9e Carnaval &#8211; mars [&hellip;]<\/p>\n","protected":false},"author":31906,"featured_media":0,"parent":0,"menu_order":0,"comment_status":"closed","ping_status":"closed","template":"","meta":[],"acf":[],"_links":{"self":[{"href":"https:\/\/avf.asso.fr\/bourges\/wp-json\/wp\/v2\/pages\/3714"}],"collection":[{"href":"https:\/\/avf.asso.fr\/bourges\/wp-json\/wp\/v2\/pages"}],"about":[{"href":"https:\/\/avf.asso.fr\/bourges\/wp-json\/wp\/v2\/types\/page"}],"author":[{"embeddable":true,"href":"https:\/\/avf.asso.fr\/bourges\/wp-json\/wp\/v2\/users\/31906"}],"replies":[{"embeddable":true,"href":"https:\/\/avf.asso.fr\/bourges\/wp-json\/wp\/v2\/comments?post=3714"}],"version-history":[{"count":10,"href":"https:\/\/avf.asso.fr\/bourges\/wp-json\/wp\/v2\/pages\/3714\/revisions"}],"predecessor-version":[{"id":3863,"href":"https:\/\/avf.asso.fr\/bourges\/wp-json\/wp\/v2\/pages\/3714\/revisions\/3863"}],"wp:attachment":[{"href":"https:\/\/avf.asso.fr\/bourges\/wp-json\/wp\/v2\/media?parent=3714"}],"curies":[{"name":"wp","href":"https:\/\/api.w.org\/{rel}","templated":true}]}}

<h3>Sorties et manifestation diverses</h3>
<ul>
<li><a href="https://photos.app.goo.gl/ujDEj3Tkq3qhiKcm8" target="_blank" rel="noopener">Vierzon &#8211; octobre 2018</a></li>
<li><a href="https://photos.app.goo.gl/CefAhgwwo1oarunU6" target="_blank" rel="noopener">Bracieux La chocolaterie &#8211; avril 2019</a></li>
<li><a href="https://photos.app.goo.gl/RYKsFEEtuU6q77PMA" target="_blank" rel="noopener">Orchidium &#8211; avril 2019</a></li>
<li><a href="https://photos.app.goo.gl/cFVNkwKYUHRkd6yX6" target="_blank" rel="noopener">Pôle de l&rsquo;âne Lignères &#8211; avril 2019</a></li>
<li><a href="https://photos.app.goo.gl/VQvoz76x6giP13Gm6" target="_blank" rel="noopener">Maison peintre Chop et distillerie M. Balthazar -juin 2019</a></li>
<li><a href="https://photos.app.goo.gl/TXZbAeuaKqzJCUE89" target="_blank" rel="noopener">Musée de la chemiserie &#8211; octobre 2019</a></li>
<li><a href="https://photos.app.goo.gl/nBh7kykATRdsRJDy6" target="_blank" rel="noopener">Argentomagus &#8211; octobre 2019</a></li>
<li><a href="https://photos.app.goo.gl/79Dg8J4ZVcTQu2e3A" target="_blank" rel="noopener">Avord Pôle aéronautique &#8211; novembre 2019</a></li>
<li><a href="https://photos.app.goo.gl/LbAy5CKWnmnTzFeQ8" target="_blank" rel="noopener">Soirée Carnaval &#8211; mars 2020</a></li>
<li><a href="https://photos.app.goo.gl/PBd8nuUZ68nY8tEx5" target="_blank" rel="noopener">Blancafort Briare &#8211; mars 2020</a></li>
<li><a href="https://photos.app.goo.gl/nK9URGasJXiGZRpMA" target="_blank" rel="noopener">Valençay &#8211; octobre 2021</a></li>
<li><a href="https://photos.app.goo.gl/6JLLJxF2Tuvn93Bh6" target="_blank" rel="noopener">Soirée karaoké &#8211; novembre 2022</a></li>
<li><a href="https://photos.app.goo.gl/xxy2ho3RJs2fnXUh6" target="_blank" rel="noopener">Atelier cuisine &#8211; décembre 2022</a></li>
<li><a href="https://photos.app.goo.gl/eufyWQgPMKmXq7ra7" target="_blank" rel="noopener">Atelier aquarelle &#8211; janvier 2023</a></li>
<li><a href="https://photos.app.goo.gl/8ri8uvgkKsoMS4L66" target="_blank" rel="noopener">Sortie Romorantin &#8211; mars 2023</a></li>
<li><a href="https://photos.app.goo.gl/Btd3E7jiBX93M7Ve6" target="_blank" rel="noopener">Atelier échanges culturels livres étudiés 2022-2023</a></li>
<li><a href="https://photos.app.goo.gl/Gsk5DxQw4EjM6aix9" target="_blank" rel="noopener">Sortie Aubigny sur Nère &#8211; Argent sur Sauldre avril 2023</a></li>
<li><a href="https://photos.app.goo.gl/rws6ZmYKvoXo5u3G7" target="_blank" rel="noopener">Sortie Noyant d&rsquo;Allier mai 2023</a></li>
</ul>
<h3>Marches</h3>
<ul>
<li><a href="https://photos.app.goo.gl/XdhN1LM9p62W7a2UA" target="_blank" rel="noopener">Journée vers Culan &#8211; novembre 2022</a></li>
<li><a href="https://photos.app.goo.gl/y3PuRF88s2KQAT1b8" target="_blank" rel="noopener">En Pays Fort &#8211; janvier 2023</a></li>
</ul>

<p>Sorties et manifestation diverses Vierzon &#8211; octobre 2018 Bracieux La chocolaterie &#8211; avril 2019 Orchidium &#8211; avril 2019 Pôle de l&rsquo;âne Lignères &#8211; avril 2019 Maison peintre Chop et distillerie M. Balthazar -juin 2019 Musée de la chemiserie &#8211; octobre 2019 Argentomagus &#8211; octobre 2019 Avord Pôle aéronautique &#8211; novembre 2019 Soirée Carnaval &#8211; mars [&hellip;]</p>
