{"id":279,"date":"2020-10-14T15:03:22","date_gmt":"2020-10-14T13:03:22","guid":{"rendered":"https:\/\/avf.asso.fr\/bourges\/?page_id=279"},"modified":"2025-02-28T15:06:16","modified_gmt":"2025-02-28T14:06:16","slug":"agenda","status":"publish","type":"page","link":"https:\/\/avf.asso.fr\/bourges\/agenda\/","title":{"rendered":"Agenda"},"content":{"rendered":"<h2><span style=\"color: #326e42;\">Lundi 3 mars 2025<\/span><\/h2>\n<ul>\n<li>R\u00e9visons notre code de la route. D\u00e9tails pratiques sur notre nouveau site : <a href=\"https:\/\/avf-bourges.assoconnect.com\/page\/3165980-evenement\" target=\"_blank\" rel=\"noopener\">cliquez ici<\/a>.<\/li>\n<\/ul>\n<h2><span style=\"color: #326e42;\">Mardi 4 mars 2025<\/span><\/h2>\n<ul>\n<li>Marche active. D\u00e9tails pratiques sur notre nouveau site : <a href=\"https:\/\/avf-bourges.assoconnect.com\/page\/3165980-evenement\" target=\"_blank\" rel=\"noopener\">cliquez ici<\/a>.<\/li>\n<\/ul>\n<hr \/>\n<h4><span style=\"color: #ff0000;\">Attention, ce site va bient\u00f4t fermer, pour voir nos prochains rendez-vous merci de consulter notre nouveau site gr\u00e2ce au lien qui se trouve sur la page d&rsquo;accueil.<\/span><\/h4>\n<hr \/>\n<p>&nbsp;<\/p>\n","protected":false},"excerpt":{"rendered":"<p>Lundi 3 mars 2025 R\u00e9visons notre code de la route. D\u00e9tails pratiques sur notre nouveau site : cliquez ici. Mardi 4 mars 2025 Marche active. D\u00e9tails pratiques sur notre nouveau site : cliquez ici. Attention, ce site va bient\u00f4t fermer, pour voir nos prochains rendez-vous merci de consulter notre nouveau site gr\u00e2ce au lien qui [&hellip;]<\/p>\n","protected":false},"author":10,"featured_media":0,"parent":0,"menu_order":0,"comment_status":"closed","ping_status":"closed","template":"","meta":[],"acf":[],"_links":{"self":[{"href":"https:\/\/avf.asso.fr\/bourges\/wp-json\/wp\/v2\/pages\/279"}],"collection":[{"href":"https:\/\/avf.asso.fr\/bourges\/wp-json\/wp\/v2\/pages"}],"about":[{"href":"https:\/\/avf.asso.fr\/bourges\/wp-json\/wp\/v2\/types\/page"}],"author":[{"embeddable":true,"href":"https:\/\/avf.asso.fr\/bourges\/wp-json\/wp\/v2\/users\/10"}],"replies":[{"embeddable":true,"href":"https:\/\/avf.asso.fr\/bourges\/wp-json\/wp\/v2\/comments?post=279"}],"version-history":[{"count":10,"href":"https:\/\/avf.asso.fr\/bourges\/wp-json\/wp\/v2\/pages\/279\/revisions"}],"predecessor-version":[{"id":4324,"href":"https:\/\/avf.asso.fr\/bourges\/wp-json\/wp\/v2\/pages\/279\/revisions\/4324"}],"wp:attachment":[{"href":"https:\/\/avf.asso.fr\/bourges\/wp-json\/wp\/v2\/media?parent=279"}],"curies":[{"name":"wp","href":"https:\/\/api.w.org\/{rel}","templated":true}]}}

<h2><span style="color: #326e42;">Lundi 3 mars 2025</span></h2>
<ul>
<li>Révisons notre code de la route. Détails pratiques sur notre nouveau site : <a href="https://avf-bourges.assoconnect.com/page/3165980-evenement" target="_blank" rel="noopener">cliquez ici</a>.</li>
</ul>
<h2><span style="color: #326e42;">Mardi 4 mars 2025</span></h2>
<ul>
<li>Marche active. Détails pratiques sur notre nouveau site : <a href="https://avf-bourges.assoconnect.com/page/3165980-evenement" target="_blank" rel="noopener">cliquez ici</a>.</li>
</ul>
<hr />
<h4><span style="color: #ff0000;">Attention, ce site va bientôt fermer, pour voir nos prochains rendez-vous merci de consulter notre nouveau site grâce au lien qui se trouve sur la page d&rsquo;accueil.</span></h4>
<hr />
<p>&nbsp;</p>

<p>Lundi 3 mars 2025 Révisons notre code de la route. Détails pratiques sur notre nouveau site : cliquez ici. Mardi 4 mars 2025 Marche active. Détails pratiques sur notre nouveau site : cliquez ici. Attention, ce site va bientôt fermer, pour voir nos prochains rendez-vous merci de consulter notre nouveau site grâce au lien qui [&hellip;]</p>
