{"id":1764,"date":"2020-09-20T07:48:48","date_gmt":"2020-09-20T05:48:48","guid":{"rendered":"https:\/\/avf.asso.fr\/bourges\/?page_id=1764"},"modified":"2024-04-14T17:18:04","modified_gmt":"2024-04-14T15:18:04","slug":"vie-de-lassociation","status":"publish","type":"page","link":"https:\/\/avf.asso.fr\/bourges\/vie-de-lassociation\/","title":{"rendered":"Vie de l&rsquo;association"},"content":{"rendered":"<p style=\"text-align: right;\"><span style=\"color: #808000;\">(derni\u00e8re mise \u00e0 jour vendredi 14 avril 2024)<\/span><\/p>\n<p style=\"text-align: justify;\">Le conseil d&rsquo;administration se doit de rappeler que toutes nos activit\u00e9s ont pour but de provoquer des rencontres pour que chacun soit bien int\u00e9gr\u00e9 dans le tissu social de la ville de Bourges et de ses environs. Il n&rsquo;est donc pas recherch\u00e9 l&rsquo;excellence dans la pratique des activit\u00e9s propos\u00e9es, les d\u00e9butants et les moins exp\u00e9riment\u00e9s sont toujours les bienvenus. Seule la convivialit\u00e9 et le plaisir de se retrouver guident les animateurs.<\/p>\n<p>Les activit\u00e9s de fin de cycle 2023-2024 se pr\u00e9parent avec le repas du 6 juin salle du Moutet et l&rsquo;assembl\u00e9e g\u00e9n\u00e9rale du 14 juin salle du Val d&rsquo;Auron. Le CA a pris connaissance de la nouvelle image des AVF propos\u00e9e par notre union nationale, qui fait partie d&rsquo;actions propres \u00e0 accroitre notre notori\u00e9t\u00e9.<\/p>\n<p style=\"text-align: justify;\">La gazette du mois d&rsquo;avril 2024 est disponible !<\/p>\n","protected":false},"excerpt":{"rendered":"<p>(derni\u00e8re mise \u00e0 jour vendredi 14 avril 2024) Le conseil d&rsquo;administration se doit de rappeler que toutes nos activit\u00e9s ont pour but de provoquer des rencontres pour que chacun soit bien int\u00e9gr\u00e9 dans le tissu social de la ville de Bourges et de ses environs. Il n&rsquo;est donc pas recherch\u00e9 l&rsquo;excellence dans la pratique des [&hellip;]<\/p>\n","protected":false},"author":10,"featured_media":0,"parent":0,"menu_order":0,"comment_status":"closed","ping_status":"closed","template":"","meta":[],"acf":[],"_links":{"self":[{"href":"https:\/\/avf.asso.fr\/bourges\/wp-json\/wp\/v2\/pages\/1764"}],"collection":[{"href":"https:\/\/avf.asso.fr\/bourges\/wp-json\/wp\/v2\/pages"}],"about":[{"href":"https:\/\/avf.asso.fr\/bourges\/wp-json\/wp\/v2\/types\/page"}],"author":[{"embeddable":true,"href":"https:\/\/avf.asso.fr\/bourges\/wp-json\/wp\/v2\/users\/10"}],"replies":[{"embeddable":true,"href":"https:\/\/avf.asso.fr\/bourges\/wp-json\/wp\/v2\/comments?post=1764"}],"version-history":[{"count":10,"href":"https:\/\/avf.asso.fr\/bourges\/wp-json\/wp\/v2\/pages\/1764\/revisions"}],"predecessor-version":[{"id":4162,"href":"https:\/\/avf.asso.fr\/bourges\/wp-json\/wp\/v2\/pages\/1764\/revisions\/4162"}],"wp:attachment":[{"href":"https:\/\/avf.asso.fr\/bourges\/wp-json\/wp\/v2\/media?parent=1764"}],"curies":[{"name":"wp","href":"https:\/\/api.w.org\/{rel}","templated":true}]}}

<p style="text-align: right;"><span style="color: #808000;">(dernière mise à jour vendredi 14 avril 2024)</span></p>
<p style="text-align: justify;">Le conseil d&rsquo;administration se doit de rappeler que toutes nos activités ont pour but de provoquer des rencontres pour que chacun soit bien intégré dans le tissu social de la ville de Bourges et de ses environs. Il n&rsquo;est donc pas recherché l&rsquo;excellence dans la pratique des activités proposées, les débutants et les moins expérimentés sont toujours les bienvenus. Seule la convivialité et le plaisir de se retrouver guident les animateurs.</p>
<p>Les activités de fin de cycle 2023-2024 se préparent avec le repas du 6 juin salle du Moutet et l&rsquo;assemblée générale du 14 juin salle du Val d&rsquo;Auron. Le CA a pris connaissance de la nouvelle image des AVF proposée par notre union nationale, qui fait partie d&rsquo;actions propres à accroitre notre notoriété.</p>
<p style="text-align: justify;">La gazette du mois d&rsquo;avril 2024 est disponible !</p>

<p>(dernière mise à jour vendredi 14 avril 2024) Le conseil d&rsquo;administration se doit de rappeler que toutes nos activités ont pour but de provoquer des rencontres pour que chacun soit bien intégré dans le tissu social de la ville de Bourges et de ses environs. Il n&rsquo;est donc pas recherché l&rsquo;excellence dans la pratique des [&hellip;]</p>
