{"id":170,"date":"2018-04-25T11:06:10","date_gmt":"2018-04-25T09:06:10","guid":{"rendered":"https:\/\/avf.asso.fr\/bourges\/?page_id=170"},"modified":"2019-09-25T14:57:13","modified_gmt":"2019-09-25T12:57:13","slug":"qui-sommes-nous","status":"publish","type":"page","link":"https:\/\/avf.asso.fr\/bourges\/qui-sommes-nous\/","title":{"rendered":"Son histoire"},"content":{"rendered":"<h2>L&rsquo;histoire de l&rsquo;AVF de Bourges<\/h2>\n<p>&nbsp;<\/p>\n<p style=\"text-align: justify\">En 1969, de\u00a0 la rencontre d\u2019une Berruy\u00e8re de vieille souche et d\u2019une nouvelle arriv\u00e9e victime, comme tant d\u2019autres, d\u2019isolement et d\u2019indiff\u00e9rence, na\u00eet une structure d&rsquo;accueil tout d&rsquo;abord int\u00e9gr\u00e9e au syndicat d&rsquo;initiative de la ville. Puis sous le statut d&rsquo;association loi de 1901 baptis\u00e9e \u00ab\u00a0Bourges Vous Accueille\u00a0\u00bb cette jeune structure\u00a0prend rapidement\u00a0le sillage du\u00a0 r\u00e9seau d\u2019associations form\u00e9 autour de l\u2019acronyme AVF (Accueil de Villes Fran\u00e7aises) qui n\u2019est alors qu\u2019embryonnaire.\u00a0 Ce mod\u00e8le\u00a0s\u2019impose comme formule efficace\u00a0pour r\u00e9ussir l\u2019int\u00e9gration des nouveaux arriv\u00e9s dans une ville avec l\u2019appui et l\u2019amiti\u00e9 de ses habitants d\u00e9j\u00e0 install\u00e9s.<\/p>\n<p style=\"text-align: justify\">Dans les ann\u00e9es qui vont suivre l\u2019association dont le nombre d\u2019adh\u00e9rents va rapidement cro\u00eetre offre tout un panel d\u2019animations artistiques, culturelles et sportives destin\u00e9es \u00e0 entretenir le tissu relationnel entre les membres. Parall\u00e8lement au d\u00e9veloppement du r\u00e9seau AVF de l\u00e9g\u00e8res modifications statutaires seront apport\u00e9es avec des changements dans le nom de l\u2019association qui deviendra successivement \u00abBourges Accueil\u00bb, \u00ab\u00a0Bourges AVF Accueil\u00a0\u00bb puis \u00ab\u00a0Accueil des Villes Fran\u00e7aises de Bourges\u00a0 (AVF de Bourges)\u00bb en 2000. A cette m\u00eame date l\u2019Union Nationale des AVF fait adopter de nouveaux statuts qui s\u2019appliquent \u00e0 toutes les associations locales dont les r\u00e8gles particuli\u00e8res seront consign\u00e9es dans un\u00a0r\u00e8glement int\u00e9rieur.<\/p>\n<p style=\"text-align: justify\">A partir de 2010, notre association parraine et apporte son aide \u00e0 la cr\u00e9ation d\u2019une nouvelle association AVF \u00e0 St Amand Montrond qui devient autonome en 2013.<\/p>\n<p style=\"text-align: justify\">Actuellement l\u2019AVF de Bourges qui maintient le nombre de ses membres gr\u00e2ce \u00e0 l\u2019adh\u00e9sion continue de nouveaux arrivants poursuit ses objectifs en multipliant les actions\u00a0 ponctuelles, en recherchant constamment de nouveaux partenariats et\u00a0 en renouvelant sa pr\u00e9sence sur les m\u00e9dias d\u2019information.<\/p>\n<div><\/div>\n<div>\n<p>&nbsp;<\/p>\n<h2><\/h2>\n<\/div>\n","protected":false},"excerpt":{"rendered":"<p>L&rsquo;histoire de l&rsquo;AVF de Bourges &nbsp; En 1969, de\u00a0 la rencontre d\u2019une Berruy\u00e8re de vieille souche et d\u2019une nouvelle arriv\u00e9e victime, comme tant d\u2019autres, d\u2019isolement et d\u2019indiff\u00e9rence, na\u00eet une structure d&rsquo;accueil tout d&rsquo;abord int\u00e9gr\u00e9e au syndicat d&rsquo;initiative de la ville. Puis sous le statut d&rsquo;association loi de 1901 baptis\u00e9e \u00ab\u00a0Bourges Vous Accueille\u00a0\u00bb cette jeune structure\u00a0prend [&hellip;]<\/p>\n","protected":false},"author":1,"featured_media":0,"parent":0,"menu_order":0,"comment_status":"closed","ping_status":"closed","template":"","meta":[],"acf":[],"_links":{"self":[{"href":"https:\/\/avf.asso.fr\/bourges\/wp-json\/wp\/v2\/pages\/170"}],"collection":[{"href":"https:\/\/avf.asso.fr\/bourges\/wp-json\/wp\/v2\/pages"}],"about":[{"href":"https:\/\/avf.asso.fr\/bourges\/wp-json\/wp\/v2\/types\/page"}],"author":[{"embeddable":true,"href":"https:\/\/avf.asso.fr\/bourges\/wp-json\/wp\/v2\/users\/1"}],"replies":[{"embeddable":true,"href":"https:\/\/avf.asso.fr\/bourges\/wp-json\/wp\/v2\/comments?post=170"}],"version-history":[{"count":0,"href":"https:\/\/avf.asso.fr\/bourges\/wp-json\/wp\/v2\/pages\/170\/revisions"}],"wp:attachment":[{"href":"https:\/\/avf.asso.fr\/bourges\/wp-json\/wp\/v2\/media?parent=170"}],"curies":[{"name":"wp","href":"https:\/\/api.w.org\/{rel}","templated":true}]}}

<h2>L&rsquo;histoire de l&rsquo;AVF de Bourges</h2>
<p>&nbsp;</p>
<p style="text-align: justify">En 1969, de  la rencontre d’une Berruyère de vieille souche et d’une nouvelle arrivée victime, comme tant d’autres, d’isolement et d’indifférence, naît une structure d&rsquo;accueil tout d&rsquo;abord intégrée au syndicat d&rsquo;initiative de la ville. Puis sous le statut d&rsquo;association loi de 1901 baptisée « Bourges Vous Accueille » cette jeune structure prend rapidement le sillage du  réseau d’associations formé autour de l’acronyme AVF (Accueil de Villes Françaises) qui n’est alors qu’embryonnaire.  Ce modèle s’impose comme formule efficace pour réussir l’intégration des nouveaux arrivés dans une ville avec l’appui et l’amitié de ses habitants déjà installés.</p>
<p style="text-align: justify">Dans les années qui vont suivre l’association dont le nombre d’adhérents va rapidement croître offre tout un panel d’animations artistiques, culturelles et sportives destinées à entretenir le tissu relationnel entre les membres. Parallèlement au développement du réseau AVF de légères modifications statutaires seront apportées avec des changements dans le nom de l’association qui deviendra successivement «Bourges Accueil», « Bourges AVF Accueil » puis « Accueil des Villes Françaises de Bourges  (AVF de Bourges)» en 2000. A cette même date l’Union Nationale des AVF fait adopter de nouveaux statuts qui s’appliquent à toutes les associations locales dont les règles particulières seront consignées dans un règlement intérieur.</p>
<p style="text-align: justify">A partir de 2010, notre association parraine et apporte son aide à la création d’une nouvelle association AVF à St Amand Montrond qui devient autonome en 2013.</p>
<p style="text-align: justify">Actuellement l’AVF de Bourges qui maintient le nombre de ses membres grâce à l’adhésion continue de nouveaux arrivants poursuit ses objectifs en multipliant les actions  ponctuelles, en recherchant constamment de nouveaux partenariats et  en renouvelant sa présence sur les médias d’information.</p>
<div></div>
<div>
<p>&nbsp;</p>
<h2></h2>
</div>

<p>L&rsquo;histoire de l&rsquo;AVF de Bourges &nbsp; En 1969, de  la rencontre d’une Berruyère de vieille souche et d’une nouvelle arrivée victime, comme tant d’autres, d’isolement et d’indifférence, naît une structure d&rsquo;accueil tout d&rsquo;abord intégrée au syndicat d&rsquo;initiative de la ville. Puis sous le statut d&rsquo;association loi de 1901 baptisée « Bourges Vous Accueille » cette jeune structure prend [&hellip;]</p>
