{"id":143,"date":"2018-02-08T11:23:49","date_gmt":"2018-02-08T10:23:49","guid":{"rendered":"https:\/\/avf.asso.fr\/bourges\/?page_id=143"},"modified":"2023-09-04T09:59:44","modified_gmt":"2023-09-04T07:59:44","slug":"adherer-a-association","status":"publish","type":"page","link":"https:\/\/avf.asso.fr\/bourges\/adherer-a-association\/","title":{"rendered":"Adh\u00e9rer \u00e0 notre association"},"content":{"rendered":"<p style=\"text-align: justify;\">Nous vous invitons \u00e0 nous rendre visite dans un de nos\u00a0<strong>lieux de permanence<\/strong> au troisi\u00e8me \u00e9tage de la Maison des Associations Marguerite Renaudat o\u00f9 nos Accueillants, tous b\u00e9n\u00e9voles, sont \u00e0 votre disposition pour vous recevoir et vous informer.<\/p>\n<div><strong>L\u2019adh\u00e9sion \u00e0 notre Association s\u2019accompagnera\u00a0:<\/strong><\/div>\n<ul>\n<li>Du versement d\u2019une cotisation annuelle actuellement fix\u00e9e \u00e0 39 \u20ac<\/li>\n<li>De l&rsquo;acceptation des objectifs de l&rsquo;Union des AVF.<strong>\u00a0<\/strong><\/li>\n<li>De l\u2019acceptation des termes des Statuts et du R\u00e8glement Int\u00e9rieur.<\/li>\n<\/ul>\n<p style=\"text-align: justify;\">Les adh\u00e9sions sont individuelles, les dates de r\u00e9f\u00e9rence correspondent \u00e0 l&rsquo;ann\u00e9e scolaire.<\/p>\n<p style=\"text-align: justify;\">Aucune adh\u00e9sions ne peut \u00eatre prise en ligne.<\/p>\n<p style=\"text-align: justify;\">Si, par suite de contraintes personnelles,\u00a0 vous ne pouvez vous rendre disponible aux jours et heures de nos permanences, vous pouvez prendre rendez-vous \u00e0 un moment qui vous conviendra, par t\u00e9l\u00e9phone ou en utilisant le formulaire de contact.<\/p>\n<div><\/div>\n<div>\n<div><strong>Venez nous rencontrer, nous vous attendons avec impatience\u00a0!<\/strong><\/div>\n<\/div>\n","protected":false},"excerpt":{"rendered":"<p>Nous vous invitons \u00e0 nous rendre visite dans un de nos\u00a0lieux de permanence au troisi\u00e8me \u00e9tage de la Maison des Associations Marguerite Renaudat o\u00f9 nos Accueillants, tous b\u00e9n\u00e9voles, sont \u00e0 votre disposition pour vous recevoir et vous informer. L\u2019adh\u00e9sion \u00e0 notre Association s\u2019accompagnera\u00a0: Du versement d\u2019une cotisation annuelle actuellement fix\u00e9e \u00e0 39 \u20ac De l&rsquo;acceptation [&hellip;]<\/p>\n","protected":false},"author":1,"featured_media":0,"parent":0,"menu_order":0,"comment_status":"closed","ping_status":"closed","template":"","meta":[],"acf":[],"_links":{"self":[{"href":"https:\/\/avf.asso.fr\/bourges\/wp-json\/wp\/v2\/pages\/143"}],"collection":[{"href":"https:\/\/avf.asso.fr\/bourges\/wp-json\/wp\/v2\/pages"}],"about":[{"href":"https:\/\/avf.asso.fr\/bourges\/wp-json\/wp\/v2\/types\/page"}],"author":[{"embeddable":true,"href":"https:\/\/avf.asso.fr\/bourges\/wp-json\/wp\/v2\/users\/1"}],"replies":[{"embeddable":true,"href":"https:\/\/avf.asso.fr\/bourges\/wp-json\/wp\/v2\/comments?post=143"}],"version-history":[{"count":7,"href":"https:\/\/avf.asso.fr\/bourges\/wp-json\/wp\/v2\/pages\/143\/revisions"}],"predecessor-version":[{"id":3944,"href":"https:\/\/avf.asso.fr\/bourges\/wp-json\/wp\/v2\/pages\/143\/revisions\/3944"}],"wp:attachment":[{"href":"https:\/\/avf.asso.fr\/bourges\/wp-json\/wp\/v2\/media?parent=143"}],"curies":[{"name":"wp","href":"https:\/\/api.w.org\/{rel}","templated":true}]}}

Adhérer à notre association

<p style="text-align: justify;">Nous vous invitons à nous rendre visite dans un de nos <strong>lieux de permanence</strong> au troisième étage de la Maison des Associations Marguerite Renaudat où nos Accueillants, tous bénévoles, sont à votre disposition pour vous recevoir et vous informer.</p>
<div><strong>L’adhésion à notre Association s’accompagnera :</strong></div>
<ul>
<li>Du versement d’une cotisation annuelle actuellement fixée à 39 €</li>
<li>De l&rsquo;acceptation des objectifs de l&rsquo;Union des AVF.<strong> </strong></li>
<li>De l’acceptation des termes des Statuts et du Règlement Intérieur.</li>
</ul>
<p style="text-align: justify;">Les adhésions sont individuelles, les dates de référence correspondent à l&rsquo;année scolaire.</p>
<p style="text-align: justify;">Aucune adhésions ne peut être prise en ligne.</p>
<p style="text-align: justify;">Si, par suite de contraintes personnelles,  vous ne pouvez vous rendre disponible aux jours et heures de nos permanences, vous pouvez prendre rendez-vous à un moment qui vous conviendra, par téléphone ou en utilisant le formulaire de contact.</p>
<div></div>
<div>
<div><strong>Venez nous rencontrer, nous vous attendons avec impatience !</strong></div>
</div>

<p>Nous vous invitons à nous rendre visite dans un de nos lieux de permanence au troisième étage de la Maison des Associations Marguerite Renaudat où nos Accueillants, tous bénévoles, sont à votre disposition pour vous recevoir et vous informer. L’adhésion à notre Association s’accompagnera : Du versement d’une cotisation annuelle actuellement fixée à 39 € De l&rsquo;acceptation [&hellip;]</p>
