{"id":2630,"date":"2023-07-26T12:07:18","date_gmt":"2023-07-26T10:07:18","guid":{"rendered":"https:\/\/avf.asso.fr\/bayeux\/?page_id=2630"},"modified":"2023-08-21T10:58:24","modified_gmt":"2023-08-21T08:58:24","slug":"vous-etes-adherent-avf-bayeux","status":"publish","type":"page","link":"https:\/\/avf.asso.fr\/bayeux\/vous-etes-adherent-avf-bayeux\/","title":{"rendered":"Connexion AssoConnect"},"content":{"rendered":"<p><span><strong>En tant qu&rsquo;adh\u00e9rent, vous pourrez acc\u00e9der \u00e0 notre application Assoconnect.<\/strong><\/span><\/p>\n<p>&nbsp;<\/p>\n<p>Apr\u00e8s vous \u00eatre identifi\u00e9 \u00e0 l&rsquo;aide de votre adresse mail et du mot de passe confidentiel que vous aurez cr\u00e9\u00e9 lors de votre 1 \u00e8re connexion, vous disposerez d&rsquo;informations plus d\u00e9di\u00e9es \u00e0 l&rsquo;association de Bayeux et pourrez participer \u00e0 son animation.<\/p>\n<p>&nbsp;<\/p>\n<p style=\"text-align: justify;\">Vous pourrez alors:<\/p>\n<ul>\n<li><span>Actualiser votre profil<\/span><\/li>\n<li><span>Consulter la communaut\u00e9 et ses diff\u00e9rents groupes<\/span><\/li>\n<li><span>Consulter les activit\u00e9s propos\u00e9es<\/span><\/li>\n<li><span>Prendre connaissance des articles et \u00e9changer sur le blog<\/span><\/li>\n<li><span>D\u00e9couvrir, r\u00e9server et r\u00e9gler \u00e0 distance les \u00e9v\u00e9nements propos\u00e9s<\/span><\/li>\n<li><span>Connaitre l&rsquo;agenda de l&rsquo;association<\/span><\/li>\n<li><span>Consulter la phototh\u00e8que<\/span><\/li>\n<\/ul>\n<p>&nbsp;<\/p>\n<p>Cliquez sur le lien suivant : <a href=\"https:\/\/avf-bayeux.assoconnect.com\">https:\/\/avf-baueux.assoconnect.com<\/a><\/p>\n","protected":false},"excerpt":{"rendered":"<p>En tant qu&rsquo;adh\u00e9rent, vous pourrez acc\u00e9der \u00e0 notre application Assoconnect. &nbsp; Apr\u00e8s vous \u00eatre identifi\u00e9 \u00e0 l&rsquo;aide de votre adresse mail et du mot de passe confidentiel que vous aurez cr\u00e9\u00e9 lors de votre 1 \u00e8re connexion, vous disposerez d&rsquo;informations plus d\u00e9di\u00e9es \u00e0 l&rsquo;association de Bayeux et pourrez participer \u00e0 son animation. &nbsp; Vous pourrez [&hellip;]<\/p>\n","protected":false},"author":53332,"featured_media":0,"parent":0,"menu_order":0,"comment_status":"closed","ping_status":"closed","template":"","meta":[],"acf":[],"_links":{"self":[{"href":"https:\/\/avf.asso.fr\/bayeux\/wp-json\/wp\/v2\/pages\/2630"}],"collection":[{"href":"https:\/\/avf.asso.fr\/bayeux\/wp-json\/wp\/v2\/pages"}],"about":[{"href":"https:\/\/avf.asso.fr\/bayeux\/wp-json\/wp\/v2\/types\/page"}],"author":[{"embeddable":true,"href":"https:\/\/avf.asso.fr\/bayeux\/wp-json\/wp\/v2\/users\/53332"}],"replies":[{"embeddable":true,"href":"https:\/\/avf.asso.fr\/bayeux\/wp-json\/wp\/v2\/comments?post=2630"}],"version-history":[{"count":4,"href":"https:\/\/avf.asso.fr\/bayeux\/wp-json\/wp\/v2\/pages\/2630\/revisions"}],"predecessor-version":[{"id":2719,"href":"https:\/\/avf.asso.fr\/bayeux\/wp-json\/wp\/v2\/pages\/2630\/revisions\/2719"}],"wp:attachment":[{"href":"https:\/\/avf.asso.fr\/bayeux\/wp-json\/wp\/v2\/media?parent=2630"}],"curies":[{"name":"wp","href":"https:\/\/api.w.org\/{rel}","templated":true}]}}

<p><span><strong>En tant qu&rsquo;adhérent, vous pourrez accéder à notre application Assoconnect.</strong></span></p>
<p>&nbsp;</p>
<p>Après vous être identifié à l&rsquo;aide de votre adresse mail et du mot de passe confidentiel que vous aurez créé lors de votre 1 ère connexion, vous disposerez d&rsquo;informations plus dédiées à l&rsquo;association de Bayeux et pourrez participer à son animation.</p>
<p>&nbsp;</p>
<p style="text-align: justify;">Vous pourrez alors:</p>
<ul>
<li><span>Actualiser votre profil</span></li>
<li><span>Consulter la communauté et ses différents groupes</span></li>
<li><span>Consulter les activités proposées</span></li>
<li><span>Prendre connaissance des articles et échanger sur le blog</span></li>
<li><span>Découvrir, réserver et régler à distance les événements proposés</span></li>
<li><span>Connaitre l&rsquo;agenda de l&rsquo;association</span></li>
<li><span>Consulter la photothèque</span></li>
</ul>
<p>&nbsp;</p>
<p>Cliquez sur le lien suivant : <a href="https://avf-bayeux.assoconnect.com">https://avf-baueux.assoconnect.com</a></p>

<p>En tant qu&rsquo;adhérent, vous pourrez accéder à notre application Assoconnect. &nbsp; Après vous être identifié à l&rsquo;aide de votre adresse mail et du mot de passe confidentiel que vous aurez créé lors de votre 1 ère connexion, vous disposerez d&rsquo;informations plus dédiées à l&rsquo;association de Bayeux et pourrez participer à son animation. &nbsp; Vous pourrez [&hellip;]</p>
