{"id":2625,"date":"2023-08-03T15:21:42","date_gmt":"2023-08-03T13:21:42","guid":{"rendered":"https:\/\/avf.asso.fr\/bayeux\/?page_id=2625"},"modified":"2023-08-26T22:43:55","modified_gmt":"2023-08-26T20:43:55","slug":"evenements","status":"publish","type":"page","link":"https:\/\/avf.asso.fr\/bayeux\/evenements\/","title":{"rendered":"Ev\u00e8nements"},"content":{"rendered":"<p>Pour connaitre nos \u00e9v\u00e8nements \u00e0 venir et vous inscrire, cliquez sur le lien suivant :<\/p>\n<p><a href=\"https:\/\/avf-bayeux.assoconnect.com\/collect\/description\/341515-p-un-dimanche-a-la-campagne-et-a-la-mer?header=%2Fpage%2F2391460-evenements\">https:\/\/avf-bayeux.assoconnect.com\/collect\/description\/341515-p-un-dimanche-a-la-campagne-et-a-la-mer?header=%2Fpage%2F2391460-evenements<\/a><\/p>\n","protected":false},"excerpt":{"rendered":"<p>Pour connaitre nos \u00e9v\u00e8nements \u00e0 venir et vous inscrire, cliquez sur le lien suivant : https:\/\/avf-bayeux.assoconnect.com\/collect\/description\/341515-p-un-dimanche-a-la-campagne-et-a-la-mer?header=%2Fpage%2F2391460-evenements<\/p>\n","protected":false},"author":53332,"featured_media":2696,"parent":0,"menu_order":0,"comment_status":"closed","ping_status":"closed","template":"","meta":[],"acf":[],"_links":{"self":[{"href":"https:\/\/avf.asso.fr\/bayeux\/wp-json\/wp\/v2\/pages\/2625"}],"collection":[{"href":"https:\/\/avf.asso.fr\/bayeux\/wp-json\/wp\/v2\/pages"}],"about":[{"href":"https:\/\/avf.asso.fr\/bayeux\/wp-json\/wp\/v2\/types\/page"}],"author":[{"embeddable":true,"href":"https:\/\/avf.asso.fr\/bayeux\/wp-json\/wp\/v2\/users\/53332"}],"replies":[{"embeddable":true,"href":"https:\/\/avf.asso.fr\/bayeux\/wp-json\/wp\/v2\/comments?post=2625"}],"version-history":[{"count":4,"href":"https:\/\/avf.asso.fr\/bayeux\/wp-json\/wp\/v2\/pages\/2625\/revisions"}],"predecessor-version":[{"id":2748,"href":"https:\/\/avf.asso.fr\/bayeux\/wp-json\/wp\/v2\/pages\/2625\/revisions\/2748"}],"wp:featuredmedia":[{"embeddable":true,"href":"https:\/\/avf.asso.fr\/bayeux\/wp-json\/wp\/v2\/media\/2696"}],"wp:attachment":[{"href":"https:\/\/avf.asso.fr\/bayeux\/wp-json\/wp\/v2\/media?parent=2625"}],"curies":[{"name":"wp","href":"https:\/\/api.w.org\/{rel}","templated":true}]}}