

{"id":248,"date":"2018-05-03T01:20:46","date_gmt":"2018-05-02T23:20:46","guid":{"rendered":"https:\/\/avf.asso.fr\/bayeux\/?page_id=248"},"modified":"2019-06-18T16:19:12","modified_gmt":"2019-06-18T14:19:12","slug":"actus","status":"publish","type":"page","link":"https:\/\/avf.asso.fr\/bayeux\/actus\/","title":{"rendered":"Actualit\u00e9s"},"content":{"rendered":"<div id=\"news\" class=\"nobg\"><div id=\"2885\" class=\"news-item row no-gutter\"><div class=\"news-thumb col-6\"><a href=\"https:\/\/avf.asso.fr\/bayeux\/actualites\/sortie-gourmande-a-la-cidrerie-de-gueron\/\"><img width=\"358\" height=\"148\" src=\"https:\/\/avf.asso.fr\/bayeux\/wp-content\/uploads\/sites\/260\/2023\/12\/1702052163700-358x148.jpg\" class=\"attachment-home_news size-home_news wp-post-image\" alt=\"\" decoding=\"async\" loading=\"lazy\" \/><\/a><div class=\"news-cat\" style=\"background-color:#2300bf;\"><a href=\"https:\/\/avf.asso.fr\/bayeux\/actualites\/category\/animations-culturelles\/\">Animations culturelles<\/a><\/div><\/div><div class=\"news-info col-6\"><a href=\"https:\/\/avf.asso.fr\/bayeux\/actualites\/sortie-gourmande-a-la-cidrerie-de-gueron\/\"><h2 class=\"title-sub\">Sortie gourmande \u00e0 la cidrerie de Gu\u00e9ron<\/h2><\/a>https:\/\/avf-bayeux.assoconnect.com\/articles\/135199-sortie-gourmande-a-la-cidrerie-de-gueron<\/div> <\/div><div id=\"2882\" class=\"news-item row no-gutter\"><div class=\"news-thumb col-6\"><a href=\"https:\/\/avf.asso.fr\/bayeux\/actualites\/2eme-des-3-conferences-du-cycle-victor-hugo\/\"><img width=\"358\" height=\"148\" src=\"https:\/\/avf.asso.fr\/bayeux\/wp-content\/uploads\/sites\/260\/2023\/12\/vh2-358x148.png\" class=\"attachment-home_news size-home_news wp-post-image\" alt=\"\" decoding=\"async\" loading=\"lazy\" \/><\/a><div class=\"news-cat\" style=\"background-color:#2300bf;\"><a href=\"https:\/\/avf.asso.fr\/bayeux\/actualites\/category\/animations-culturelles\/\">Animations culturelles<\/a><\/div><\/div><div class=\"news-info col-6\"><a href=\"https:\/\/avf.asso.fr\/bayeux\/actualites\/2eme-des-3-conferences-du-cycle-victor-hugo\/\"><h2 class=\"title-sub\">2\u00e8me des 3 conf\u00e9rences du CYCLE Victor HUGO<\/h2><\/a>AVF BAyeux pr\u00e9sentera <b>jeudi 14 d\u00e9cembre 2023 \u00e0 13h45 \u00e0 l&rsquo;Espace Saint-Patrice<\/b> &#8211; BAYEUX &#8211; 1 rue du March\u00e9, <b>la 2 \u00e8me des 3 conf\u00e9rences propos\u00e9es par G\u00e9rard POUCHAIN<\/b><\/div> <\/div><div id=\"2879\" class=\"news-item row no-gutter\"><div class=\"news-thumb col-6\"><a href=\"https:\/\/avf.asso.fr\/bayeux\/actualites\/le-grand-choral-pour-la-paix\/\"><img width=\"358\" height=\"148\" src=\"https:\/\/avf.asso.fr\/bayeux\/wp-content\/uploads\/sites\/260\/2023\/12\/Nc-358x148.png\" class=\"attachment-home_news size-home_news wp-post-image\" alt=\"\" decoding=\"async\" loading=\"lazy\" \/><\/a><div class=\"news-cat\" style=\"background-color:#2300bf;\"><a href=\"https:\/\/avf.asso.fr\/bayeux\/actualites\/category\/animations-culturelles\/\">Animations culturelles<\/a><\/div><\/div><div class=\"news-info col-6\"><a href=\"https:\/\/avf.asso.fr\/bayeux\/actualites\/le-grand-choral-pour-la-paix\/\"><h2 class=\"title-sub\">Le GRAND CHORAL POUR LA PAIX<\/h2><\/a>Le GRAND CHORAL POUR LA PAIX au z\u00e9nith de Caen le 27 juin 2024 \u00e0 20h<\/div> <\/div><div id=\"2873\" class=\"news-item row no-gutter\"><div class=\"news-thumb col-6\"><a href=\"https:\/\/avf.asso.fr\/bayeux\/actualites\/balade-dans-bayeux-le-17-novembre-2023\/\"><img width=\"358\" height=\"148\" src=\"https:\/\/avf.asso.fr\/bayeux\/wp-content\/uploads\/sites\/260\/2023\/11\/1700338687762.large_-358x148.jpg\" class=\"attachment-home_news size-home_news wp-post-image\" alt=\"\" decoding=\"async\" loading=\"lazy\" \/><\/a><div class=\"news-cat\" style=\"background-color:#2300bf;\"><a href=\"https:\/\/avf.asso.fr\/bayeux\/actualites\/category\/animations-culturelles\/\">Animations culturelles<\/a><\/div><\/div><div class=\"news-info col-6\"><a href=\"https:\/\/avf.asso.fr\/bayeux\/actualites\/balade-dans-bayeux-le-17-novembre-2023\/\"><h2 class=\"title-sub\">Balade dans Bayeux le 17 novembre 2023<\/h2><\/a><a href=\"https:\/\/avf-bayeux.assoconnect.com\/articles\/133021-balade-dans-bayeux-le-17-novembre-2023\">Accueil des nouveaux arrivants<\/a><\/div> <\/div><div id=\"2868\" class=\"news-item row no-gutter\"><div class=\"news-thumb col-6\"><a href=\"https:\/\/avf.asso.fr\/bayeux\/actualites\/les-choses-nocturnesde-victor-hugo\/\"><img width=\"358\" height=\"148\" src=\"https:\/\/avf.asso.fr\/bayeux\/wp-content\/uploads\/sites\/260\/2023\/11\/conf9-358x148.png\" class=\"attachment-home_news size-home_news wp-post-image\" alt=\"\" decoding=\"async\" loading=\"lazy\" \/><\/a><div class=\"news-cat\" style=\"background-color:#2300bf;\"><a href=\"https:\/\/avf.asso.fr\/bayeux\/actualites\/category\/animations-culturelles\/\">Animations culturelles<\/a><\/div><\/div><div class=\"news-info col-6\"><a href=\"https:\/\/avf.asso.fr\/bayeux\/actualites\/les-choses-nocturnesde-victor-hugo\/\"><h2 class=\"title-sub\">\u00ab\u00a0Les choses nocturnes\u00a0\u00bbde Victor Hugo<\/h2><\/a>Conf\u00e9rence du 9 novembre 2023\r\n\r\n&nbsp;<\/div> <\/div><div id=\"2862\" class=\"news-item row no-gutter\"><div class=\"news-thumb col-6\"><a href=\"https:\/\/avf.asso.fr\/bayeux\/actualites\/une-exposition-sur-la-prehistoire-avec-de-vrais-tresors\/\"><img width=\"309\" height=\"148\" src=\"https:\/\/avf.asso.fr\/bayeux\/wp-content\/uploads\/sites\/260\/2023\/10\/prehisto-309x148.png\" class=\"attachment-home_news size-home_news wp-post-image\" alt=\"\" decoding=\"async\" loading=\"lazy\" \/><\/a><div class=\"news-cat\" style=\"background-color:#2300bf;\"><a href=\"https:\/\/avf.asso.fr\/bayeux\/actualites\/category\/animations-culturelles\/\">Animations culturelles<\/a><\/div><\/div><div class=\"news-info col-6\"><a href=\"https:\/\/avf.asso.fr\/bayeux\/actualites\/une-exposition-sur-la-prehistoire-avec-de-vrais-tresors\/\"><h2 class=\"title-sub\">Une exposition sur la pr\u00e9histoire avec de vrais tr\u00e9sors<\/h2><\/a><div id=\"postText\" class=\"fontSizeBig fontSpaced textAlignLeft\">\r\n\r\nExposition de fossiles et d\u2019artefacts d\u00e9couverts dans les tourbes de la for\u00eat engloutie de Quintefeuille organis\u00e9e par Tourbi\u00e8re <b>14 du samedi 28 octobre au dimanche 5 novembre 2023 de 15 h \u00e0 18 h \u00e0 la Grange \u00e0 d\u00eeme d\u2019Asnelles<\/b> pr\u00e8s de l\u2019\u00e9glise .\r\n\r\nEntr\u00e9e libre\r\n\r\n<\/div><\/div> <\/div><div id=\"2858\" class=\"news-item row no-gutter\"><div class=\"news-thumb col-6\"><a href=\"https:\/\/avf.asso.fr\/bayeux\/actualites\/1760-danger-dans-le-bessin\/\"><img width=\"358\" height=\"148\" src=\"https:\/\/avf.asso.fr\/bayeux\/wp-content\/uploads\/sites\/260\/2023\/10\/danger-358x148.png\" class=\"attachment-home_news size-home_news wp-post-image\" alt=\"\" decoding=\"async\" loading=\"lazy\" \/><\/a><div class=\"news-cat\" style=\"background-color:#2300bf;\"><a href=\"https:\/\/avf.asso.fr\/bayeux\/actualites\/category\/animations-culturelles\/\">Animations culturelles<\/a><\/div><\/div><div class=\"news-info col-6\"><a href=\"https:\/\/avf.asso.fr\/bayeux\/actualites\/1760-danger-dans-le-bessin\/\"><h2 class=\"title-sub\">\u00ab  1760 : DANGER DANS LE BESSIN \u00bb<\/h2><\/a>Rallye p\u00e9destre historique propos\u00e9 par l&rsquo;association <b>\u00ab\u00a0Un nouveau monde\u00a0\u00bb<\/b> dans le Bessin <b>les 27 et 28 octobre (apr\u00e8s-midi), \u00e0 Vaux sur Seulles<\/b>.<\/div> <\/div><div id=\"2855\" class=\"news-item row no-gutter\"><div class=\"news-thumb col-6\"><a href=\"https:\/\/avf.asso.fr\/bayeux\/actualites\/programme-epn-dn-2023-11-12\/\"><img width=\"358\" height=\"148\" src=\"https:\/\/avf.asso.fr\/bayeux\/wp-content\/uploads\/sites\/260\/2023\/10\/declic1-358x148.png\" class=\"attachment-home_news size-home_news wp-post-image\" alt=\"\" decoding=\"async\" loading=\"lazy\" \/><\/a><div class=\"news-cat\" style=\"background-color:#af009b;\"><a href=\"https:\/\/avf.asso.fr\/bayeux\/actualites\/category\/information\/\">Information<\/a><\/div><\/div><div class=\"news-info col-6\"><a href=\"https:\/\/avf.asso.fr\/bayeux\/actualites\/programme-epn-dn-2023-11-12\/\"><h2 class=\"title-sub\">\u00ab Programme-EPN-DN-2023-11-12 \u00bb<\/h2><\/a><div id=\"postText\" class=\"fontSizeBig fontSpaced textAlignLeft\">\r\n\r\nProgramme des ateliers de \u2019Espace Public Num\u00e9rique de Bayeux de novembre \u00e0 d\u00e9cembre 2023\r\n\r\n<\/div><\/div> <\/div><div id=\"2849\" class=\"news-item row no-gutter\"><div class=\"news-thumb col-6\"><a href=\"https:\/\/avf.asso.fr\/bayeux\/actualites\/conference-avf-du-9-novembre-23\/\"><img width=\"358\" height=\"148\" src=\"https:\/\/avf.asso.fr\/bayeux\/wp-content\/uploads\/sites\/260\/2023\/10\/vh-358x148.png\" class=\"attachment-home_news size-home_news wp-post-image\" alt=\"\" decoding=\"async\" loading=\"lazy\" \/><\/a><div class=\"news-cat\" style=\"background-color:#bf00d1;\"><a href=\"https:\/\/avf.asso.fr\/bayeux\/actualites\/category\/agenda\/\">Agenda<\/a><\/div><\/div><div class=\"news-info col-6\"><a href=\"https:\/\/avf.asso.fr\/bayeux\/actualites\/conference-avf-du-9-novembre-23\/\"><h2 class=\"title-sub\">Conf\u00e9rence AVF du 9 Novembre 23<\/h2><\/a>Nos conf\u00e9rences AVF d\u00e9butent par le cycle sur VICTOR HUGO pr\u00e9sent\u00e9 par G\u00e9rard POUCHAIN -Historien et \u00e9crivain.<\/div> <\/div><div id=\"2838\" class=\"news-item row no-gutter\"><div class=\"news-thumb col-6\"><a href=\"https:\/\/avf.asso.fr\/bayeux\/actualites\/promenade-de-decouverte-valognaise-du-12-octobre-2023\/\"><img width=\"358\" height=\"148\" src=\"https:\/\/avf.asso.fr\/bayeux\/wp-content\/uploads\/sites\/260\/2023\/10\/1697225188830-358x148.jpg\" class=\"attachment-home_news size-home_news wp-post-image\" alt=\"\" decoding=\"async\" loading=\"lazy\" \/><\/a><div class=\"news-cat\" style=\"background-color:#09ba00;\"><a href=\"https:\/\/avf.asso.fr\/bayeux\/actualites\/category\/sorties\/\">Sorties<\/a><\/div><\/div><div class=\"news-info col-6\"><a href=\"https:\/\/avf.asso.fr\/bayeux\/actualites\/promenade-de-decouverte-valognaise-du-12-octobre-2023\/\"><h2 class=\"title-sub\">Promenade de d\u00e9couverte valognaise du 12 octobre 2023<\/h2><\/a>Belle journ\u00e9e de d\u00e9couverte ainsi que rencontre \u00e0 l&rsquo;h\u00f4tel Grandval -Caligny de Maud Fauvel et Julien Sapori qui nous ont pr\u00e9sent\u00e9 l&rsquo;\u00e9crivain Barbey d&rsquo;Aurivilly<\/div> <\/div><\/div>\n","protected":false},"excerpt":{"rendered":"","protected":false},"author":13,"featured_media":0,"parent":0,"menu_order":0,"comment_status":"closed","ping_status":"closed","template":"actualites.php","meta":[],"acf":[],"_links":{"self":[{"href":"https:\/\/avf.asso.fr\/bayeux\/wp-json\/wp\/v2\/pages\/248"}],"collection":[{"href":"https:\/\/avf.asso.fr\/bayeux\/wp-json\/wp\/v2\/pages"}],"about":[{"href":"https:\/\/avf.asso.fr\/bayeux\/wp-json\/wp\/v2\/types\/page"}],"author":[{"embeddable":true,"href":"https:\/\/avf.asso.fr\/bayeux\/wp-json\/wp\/v2\/users\/13"}],"replies":[{"embeddable":true,"href":"https:\/\/avf.asso.fr\/bayeux\/wp-json\/wp\/v2\/comments?post=248"}],"version-history":[{"count":4,"href":"https:\/\/avf.asso.fr\/bayeux\/wp-json\/wp\/v2\/pages\/248\/revisions"}],"predecessor-version":[{"id":1145,"href":"https:\/\/avf.asso.fr\/bayeux\/wp-json\/wp\/v2\/pages\/248\/revisions\/1145"}],"wp:attachment":[{"href":"https:\/\/avf.asso.fr\/bayeux\/wp-json\/wp\/v2\/media?parent=248"}],"curies":[{"name":"wp","href":"https:\/\/api.w.org\/{rel}","templated":true}]}}