{"id":193,"date":"2018-04-25T11:15:28","date_gmt":"2018-04-25T09:15:28","guid":{"rendered":"https:\/\/avf.asso.fr\/bayeux\/?page_id=193"},"modified":"2023-08-26T22:16:31","modified_gmt":"2023-08-26T20:16:31","slug":"informations-pratiques","status":"publish","type":"page","link":"https:\/\/avf.asso.fr\/bayeux\/informations-pratiques\/","title":{"rendered":"Informations pratiques"},"content":{"rendered":"<p>Nos accueillantes sont heureuses de vous accueillir<\/p>\n<ul>\n<li>le lundi de 14h30 \u00e0 16h30<\/li>\n<li>le mercredi de 14h30 \u00e0 16h30<\/li>\n<\/ul>\n<p>Les permanences ne sont pas assur\u00e9es pendant les cong\u00e9s scolaires.<\/p>\n<p>En cas d&rsquo;indisponibilit\u00e9 de votre part, vous pouvez nous contacter pour convenir d&rsquo;un rendez-vous.Dans ce cas contactez-nous par courriel ou message t\u00e9l\u00e9phonique.<\/p>\n","protected":false},"excerpt":{"rendered":"<p>Nos accueillantes sont heureuses de vous accueillir le lundi de 14h30 \u00e0 16h30 le mercredi de 14h30 \u00e0 16h30 Les permanences ne sont pas assur\u00e9es pendant les cong\u00e9s scolaires. En cas d&rsquo;indisponibilit\u00e9 de votre part, vous pouvez nous contacter pour convenir d&rsquo;un rendez-vous.Dans ce cas contactez-nous par courriel ou message t\u00e9l\u00e9phonique.<\/p>\n","protected":false},"author":1,"featured_media":0,"parent":0,"menu_order":0,"comment_status":"closed","ping_status":"closed","template":"","meta":[],"acf":[],"_links":{"self":[{"href":"https:\/\/avf.asso.fr\/bayeux\/wp-json\/wp\/v2\/pages\/193"}],"collection":[{"href":"https:\/\/avf.asso.fr\/bayeux\/wp-json\/wp\/v2\/pages"}],"about":[{"href":"https:\/\/avf.asso.fr\/bayeux\/wp-json\/wp\/v2\/types\/page"}],"author":[{"embeddable":true,"href":"https:\/\/avf.asso.fr\/bayeux\/wp-json\/wp\/v2\/users\/1"}],"replies":[{"embeddable":true,"href":"https:\/\/avf.asso.fr\/bayeux\/wp-json\/wp\/v2\/comments?post=193"}],"version-history":[{"count":6,"href":"https:\/\/avf.asso.fr\/bayeux\/wp-json\/wp\/v2\/pages\/193\/revisions"}],"predecessor-version":[{"id":2745,"href":"https:\/\/avf.asso.fr\/bayeux\/wp-json\/wp\/v2\/pages\/193\/revisions\/2745"}],"wp:attachment":[{"href":"https:\/\/avf.asso.fr\/bayeux\/wp-json\/wp\/v2\/media?parent=193"}],"curies":[{"name":"wp","href":"https:\/\/api.w.org\/{rel}","templated":true}]}}