{"id":172,"date":"2018-04-25T11:06:44","date_gmt":"2018-04-25T09:06:44","guid":{"rendered":"https:\/\/avf.asso.fr\/bayeux\/?page_id=172"},"modified":"2019-07-30T15:28:43","modified_gmt":"2019-07-30T13:28:43","slug":"le-reseau-avf","status":"publish","type":"page","link":"https:\/\/avf.asso.fr\/bayeux\/le-reseau-avf\/","title":{"rendered":"Le r\u00e9seau AVF"},"content":{"rendered":"<p style=\"text-align: center\"><span style=\"color: #008000\"><strong>\u00a0<\/strong><\/span><\/p>\n<p><img decoding=\"async\" loading=\"lazy\" class=\"aligncenter wp-image-769\" src=\"https:\/\/avf.asso.fr\/bayeux\/wp-content\/uploads\/sites\/260\/2019\/01\/AVF_schema_2018_vecto_mai18-300x197.jpg\" alt=\"\" width=\"408\" height=\"268\" srcset=\"https:\/\/avf.asso.fr\/bayeux\/wp-content\/uploads\/sites\/260\/2019\/01\/AVF_schema_2018_vecto_mai18-300x197.jpg 300w, https:\/\/avf.asso.fr\/bayeux\/wp-content\/uploads\/sites\/260\/2019\/01\/AVF_schema_2018_vecto_mai18.jpg 709w\" sizes=\"(max-width: 408px) 100vw, 408px\" \/><\/p>\n<p>Pr\u00e8s de 300 AVF sont r\u00e9partis un peu partout en France.<\/p>\n<p>Leur but :<br \/>\n<strong>\u00a0\u00a0 \u2013 Aider les Nouveaux Arrivants \u00e0 reconstruire un lien social,<\/strong><br \/>\n<strong>\u00a0\u00a0 \u2013 \u00catre constamment \u00e0 l\u2019\u00e9coute, de fa\u00e7on \u00e0 leur fournir un service adapt\u00e9,<\/strong><br \/>\n<strong>\u00a0\u00a0 \u2013 Faire d\u00e9couvrir la ville, sa qualit\u00e9 de vie et contribuer au d\u00e9veloppement de la r\u00e9gion,<\/strong><br \/>\n<strong>\u00a0\u00a0 \u2013 Accompagner les entreprises dans la mutation de leur personnel\u2026<\/strong><\/p>\n<p>Les AVF sont des associations, loi 1901, sans appartenance politique, non confessionnelles et ayant toutes adopt\u00e9 les m\u00eames statuts et la m\u00eame charte en 2001.<br \/>\nLes AVF locaux, les Unions R\u00e9gionales et l\u2019Union Nationale sont totalement g\u00e9r\u00e9s par des b\u00e9n\u00e9voles qui mettent leurs qualit\u00e9s, leurs talents, au service de l\u2019association.<br \/>\nLes AVF ont aussi pour mission de former leurs b\u00e9n\u00e9voles qui doivent offrir un service de plus en plus professionnel. Ils doivent s\u2019adapter, apprendre des autres pour r\u00e9pondre \u00e0 l\u2019attente des nouveaux arrivants et leur offrir le meilleur d\u2019eux-m\u00eames.<\/p>\n<p style=\"text-align: center\"><span style=\"color: #008000\"><strong>\u00a0<\/strong><\/span><\/p>\n","protected":false},"excerpt":{"rendered":"<p>\u00a0 Pr\u00e8s de 300 AVF sont r\u00e9partis un peu partout en France. Leur but : \u00a0\u00a0 \u2013 Aider les Nouveaux Arrivants \u00e0 reconstruire un lien social, \u00a0\u00a0 \u2013 \u00catre constamment \u00e0 l\u2019\u00e9coute, de fa\u00e7on \u00e0 leur fournir un service adapt\u00e9, \u00a0\u00a0 \u2013 Faire d\u00e9couvrir la ville, sa qualit\u00e9 de vie et contribuer au d\u00e9veloppement de [&hellip;]<\/p>\n","protected":false},"author":1,"featured_media":0,"parent":0,"menu_order":0,"comment_status":"closed","ping_status":"closed","template":"","meta":[],"acf":[],"_links":{"self":[{"href":"https:\/\/avf.asso.fr\/bayeux\/wp-json\/wp\/v2\/pages\/172"}],"collection":[{"href":"https:\/\/avf.asso.fr\/bayeux\/wp-json\/wp\/v2\/pages"}],"about":[{"href":"https:\/\/avf.asso.fr\/bayeux\/wp-json\/wp\/v2\/types\/page"}],"author":[{"embeddable":true,"href":"https:\/\/avf.asso.fr\/bayeux\/wp-json\/wp\/v2\/users\/1"}],"replies":[{"embeddable":true,"href":"https:\/\/avf.asso.fr\/bayeux\/wp-json\/wp\/v2\/comments?post=172"}],"version-history":[{"count":9,"href":"https:\/\/avf.asso.fr\/bayeux\/wp-json\/wp\/v2\/pages\/172\/revisions"}],"predecessor-version":[{"id":1404,"href":"https:\/\/avf.asso.fr\/bayeux\/wp-json\/wp\/v2\/pages\/172\/revisions\/1404"}],"wp:attachment":[{"href":"https:\/\/avf.asso.fr\/bayeux\/wp-json\/wp\/v2\/media?parent=172"}],"curies":[{"name":"wp","href":"https:\/\/api.w.org\/{rel}","templated":true}]}}