

{"id":248,"date":"2018-05-03T01:20:46","date_gmt":"2018-05-02T23:20:46","guid":{"rendered":"https:\/\/avf.asso.fr\/aurillac\/?page_id=248"},"modified":"2018-05-03T12:19:41","modified_gmt":"2018-05-03T10:19:41","slug":"actus","status":"publish","type":"page","link":"https:\/\/avf.asso.fr\/aurillac\/actus\/","title":{"rendered":"Actualit\u00e9s"},"content":{"rendered":"<div id=\"news\" class=\"nobg\"><div id=\"898\" class=\"news-item row no-gutter\"><div class=\"news-thumb col-6\"><a href=\"https:\/\/avf.asso.fr\/aurillac\/actualites\/atelier-cuisine\/\"><img src=\"\" alt=\"Aurillac\" \/><\/a><div class=\"news-cat\" style=\"background-color:#bf00d1;\"><a href=\"https:\/\/avf.asso.fr\/aurillac\/actualites\/category\/agenda\/\">Agenda<\/a><\/div><\/div><div class=\"news-info col-6\"><a href=\"https:\/\/avf.asso.fr\/aurillac\/actualites\/atelier-cuisine\/\"><h2 class=\"title-sub\">Atelier Cuisine<\/h2><\/a>Les ateliers gourmands ont repris d\u00e8s le mois d&rsquo; octobre.\r\n\r\nLe lieu a chang\u00e9 mais reste tr\u00e8s convivial et fort appr\u00e9ci\u00e9 des participants.\r\n\r\nLe prochain aura lieu le mercredi 18 d\u00e9cembre pour le repas de No\u00ebl.<\/div> <\/div><div id=\"822\" class=\"news-item row no-gutter\"><div class=\"news-thumb col-6\"><a href=\"https:\/\/avf.asso.fr\/aurillac\/actualites\/site-en-construction\/\"><img src=\"\" alt=\"Aurillac\" \/><\/a><div class=\"news-cat\" style=\"background-color:#d6a042;\"><a href=\"https:\/\/avf.asso.fr\/aurillac\/actualites\/category\/informations\/\">Informations<\/a><\/div><\/div><div class=\"news-info col-6\"><a href=\"https:\/\/avf.asso.fr\/aurillac\/actualites\/site-en-construction\/\"><h2 class=\"title-sub\">Site en construction<\/h2><\/a>Nouvellement cr\u00e9\u00e9, le site est actuellement en cours de construction\r\nD&rsquo;autres articles viendront l&rsquo;enrichir ult\u00e9rieurement\r\nN&rsquo;h\u00e9sitez pas \u00e0 le consulter r\u00e9guli\u00e8rement<\/div> <\/div><div id=\"724\" class=\"news-item row no-gutter\"><div class=\"news-thumb col-6\"><a href=\"https:\/\/avf.asso.fr\/aurillac\/actualites\/message-national-super-important\/\"><img width=\"358\" height=\"148\" src=\"https:\/\/avf.asso.fr\/aurillac\/wp-content\/uploads\/sites\/87\/2019\/10\/9-Aurillac-parapluie-358x148.jpg\" class=\"attachment-home_news size-home_news wp-post-image\" alt=\"\" decoding=\"async\" loading=\"lazy\" \/><\/a><div class=\"news-cat\" style=\"background-color:#00509a;\"><a href=\"https:\/\/avf.asso.fr\/aurillac\/actualites\/category\/sorties\/\">Sorties<\/a><\/div><\/div><div class=\"news-info col-6\"><a href=\"https:\/\/avf.asso.fr\/aurillac\/actualites\/message-national-super-important\/\"><h2 class=\"title-sub\">March\u00e9 de No\u00ebl \u00e0 Sarlat<\/h2><\/a>Samedi 7 d\u00e9cembre\r\n\r\nL &lsquo;AVF Aurillac se d\u00e9placera \u00e0 SARLAT pour son traditionnel march\u00e9 de No\u00ebl<\/div> <\/div><\/div>\n","protected":false},"excerpt":{"rendered":"","protected":false},"author":13,"featured_media":0,"parent":0,"menu_order":0,"comment_status":"closed","ping_status":"closed","template":"actualites.php","meta":[],"acf":[],"_links":{"self":[{"href":"https:\/\/avf.asso.fr\/aurillac\/wp-json\/wp\/v2\/pages\/248"}],"collection":[{"href":"https:\/\/avf.asso.fr\/aurillac\/wp-json\/wp\/v2\/pages"}],"about":[{"href":"https:\/\/avf.asso.fr\/aurillac\/wp-json\/wp\/v2\/types\/page"}],"author":[{"embeddable":true,"href":"https:\/\/avf.asso.fr\/aurillac\/wp-json\/wp\/v2\/users\/13"}],"replies":[{"embeddable":true,"href":"https:\/\/avf.asso.fr\/aurillac\/wp-json\/wp\/v2\/comments?post=248"}],"version-history":[{"count":0,"href":"https:\/\/avf.asso.fr\/aurillac\/wp-json\/wp\/v2\/pages\/248\/revisions"}],"wp:attachment":[{"href":"https:\/\/avf.asso.fr\/aurillac\/wp-json\/wp\/v2\/media?parent=248"}],"curies":[{"name":"wp","href":"https:\/\/api.w.org\/{rel}","templated":true}]}}