{"id":1748,"date":"2022-08-25T13:16:46","date_gmt":"2022-08-25T11:16:46","guid":{"rendered":"https:\/\/avf.asso.fr\/aubiere\/?page_id=1748"},"modified":"2022-11-22T11:06:34","modified_gmt":"2022-11-22T10:06:34","slug":"sorties-pedestres","status":"publish","type":"page","link":"https:\/\/avf.asso.fr\/aubiere\/sorties-pedestres\/","title":{"rendered":"Sorties P\u00e9destres"},"content":{"rendered":"<p><span>Pour les mardis, la dur\u00e9e de la sortie se situe environ entre <span style=\"color: #3366ff;\">2h et 4h<\/span> et nous parcourons entre <span style=\"color: #3366ff;\">6km et 10km <\/span>selon la saison par balade. Le d\u00e9nivel\u00e9 cumul\u00e9 va de <span style=\"color: #3366ff;\">100 \u00e0 400 m<\/span> en fonction de la saison et du temps.<\/span><\/p>\n<p>Pour les samedis, la dur\u00e9e de la sortie se situe environ entre <span style=\"color: #3366ff;\">2h30 et 4h<\/span> et nous parcourons entre <span style=\"color: #3366ff;\">10 km et 19 km<\/span> selon la saison. Le d\u00e9nivel\u00e9 cumul\u00e9 se situe de <span style=\"color: #3366ff;\">200 \u00e0 500 m.<\/span><\/p>\n<p>Si le temps est incertain merci de t\u00e9l\u00e9phoner \u00e0 un animateur pour s&rsquo;assurer que la randonn\u00e9e est maintenue. La destination de la randonn\u00e9e peut \u00eatre modifi\u00e9e par les animateurs, en fonction de la m\u00e9t\u00e9o.<\/p>\n<p><span style=\"text-decoration: underline;\"><span style=\"color: #993366; text-decoration: underline;\">Important<\/span> <\/span>: Toute personne qui pratique cette activit\u00e9 doit fournir un certificat m\u00e9dical datant de moins de 3 ans et ce d\u00e8s le d\u00e9but de l\u2019activit\u00e9. Pour ces activit\u00e9s, chacun participe sous sa propre responsabilit\u00e9, les animateurs \u00e9tant b\u00e9n\u00e9voles.<\/p>\n<p><span style=\"text-decoration: underline; color: #993366;\">Petits conseils amicaux<\/span><span>\u00a0: Il est indispensable pour la marche de se munir d\u2019un v\u00eatement de pluie et de chaussures de marche (et de chaussures de rechange pour monter dans les v\u00e9hicules). Selon la saison bonnet, \u00e9charpe et gants ou chapeau et lunettes sont conseill\u00e9s.\u00a0<\/span><span style=\"color: #3366ff;\">Nos amis les chiens sont exclus de nos sorties.<\/span><\/p>\n<p><span style=\"text-decoration: underline;\"><span style=\"color: #993366; text-decoration: underline;\">Renseignements compl\u00e9mentaires<\/span><\/span> : G\u00e9rard tel fixe : 04\/73\/26\/25\/66 et Claude G tel fixe : 04\/73\/90\/12\/91.<\/p>\n<p>&nbsp;<\/p>\n<p>&nbsp;<\/p>\n<p>&nbsp;<\/p>\n<p>&nbsp;<\/p>\n<p>&nbsp;<\/p>\n<p>&nbsp;<\/p>\n","protected":false},"excerpt":{"rendered":"<p>Pour les mardis, la dur\u00e9e de la sortie se situe environ entre 2h et 4h et nous parcourons entre 6km et 10km selon la saison par balade. Le d\u00e9nivel\u00e9 cumul\u00e9 va de 100 \u00e0 400 m en fonction de la saison et du temps. Pour les samedis, la dur\u00e9e de la sortie se situe environ [&hellip;]<\/p>\n","protected":false},"author":46819,"featured_media":2231,"parent":0,"menu_order":0,"comment_status":"closed","ping_status":"closed","template":"","meta":[],"acf":[],"_links":{"self":[{"href":"https:\/\/avf.asso.fr\/aubiere\/wp-json\/wp\/v2\/pages\/1748"}],"collection":[{"href":"https:\/\/avf.asso.fr\/aubiere\/wp-json\/wp\/v2\/pages"}],"about":[{"href":"https:\/\/avf.asso.fr\/aubiere\/wp-json\/wp\/v2\/types\/page"}],"author":[{"embeddable":true,"href":"https:\/\/avf.asso.fr\/aubiere\/wp-json\/wp\/v2\/users\/46819"}],"replies":[{"embeddable":true,"href":"https:\/\/avf.asso.fr\/aubiere\/wp-json\/wp\/v2\/comments?post=1748"}],"version-history":[{"count":10,"href":"https:\/\/avf.asso.fr\/aubiere\/wp-json\/wp\/v2\/pages\/1748\/revisions"}],"predecessor-version":[{"id":2262,"href":"https:\/\/avf.asso.fr\/aubiere\/wp-json\/wp\/v2\/pages\/1748\/revisions\/2262"}],"wp:featuredmedia":[{"embeddable":true,"href":"https:\/\/avf.asso.fr\/aubiere\/wp-json\/wp\/v2\/media\/2231"}],"wp:attachment":[{"href":"https:\/\/avf.asso.fr\/aubiere\/wp-json\/wp\/v2\/media?parent=1748"}],"curies":[{"name":"wp","href":"https:\/\/api.w.org\/{rel}","templated":true}]}}

Sorties Pédestres

<p><span>Pour les mardis, la durée de la sortie se situe environ entre <span style="color: #3366ff;">2h et 4h</span> et nous parcourons entre <span style="color: #3366ff;">6km et 10km </span>selon la saison par balade. Le dénivelé cumulé va de <span style="color: #3366ff;">100 à 400 m</span> en fonction de la saison et du temps.</span></p>
<p>Pour les samedis, la durée de la sortie se situe environ entre <span style="color: #3366ff;">2h30 et 4h</span> et nous parcourons entre <span style="color: #3366ff;">10 km et 19 km</span> selon la saison. Le dénivelé cumulé se situe de <span style="color: #3366ff;">200 à 500 m.</span></p>
<p>Si le temps est incertain merci de téléphoner à un animateur pour s&rsquo;assurer que la randonnée est maintenue. La destination de la randonnée peut être modifiée par les animateurs, en fonction de la météo.</p>
<p><span style="text-decoration: underline;"><span style="color: #993366; text-decoration: underline;">Important</span> </span>: Toute personne qui pratique cette activité doit fournir un certificat médical datant de moins de 3 ans et ce dès le début de l’activité. Pour ces activités, chacun participe sous sa propre responsabilité, les animateurs étant bénévoles.</p>
<p><span style="text-decoration: underline; color: #993366;">Petits conseils amicaux</span><span> : Il est indispensable pour la marche de se munir d’un vêtement de pluie et de chaussures de marche (et de chaussures de rechange pour monter dans les véhicules). Selon la saison bonnet, écharpe et gants ou chapeau et lunettes sont conseillés. </span><span style="color: #3366ff;">Nos amis les chiens sont exclus de nos sorties.</span></p>
<p><span style="text-decoration: underline;"><span style="color: #993366; text-decoration: underline;">Renseignements complémentaires</span></span> : Gérard tel fixe : 04/73/26/25/66 et Claude G tel fixe : 04/73/90/12/91.</p>
<p>&nbsp;</p>
<p>&nbsp;</p>
<p>&nbsp;</p>
<p>&nbsp;</p>
<p>&nbsp;</p>
<p>&nbsp;</p>

<p>Pour les mardis, la durée de la sortie se situe environ entre 2h et 4h et nous parcourons entre 6km et 10km selon la saison par balade. Le dénivelé cumulé va de 100 à 400 m en fonction de la saison et du temps. Pour les samedis, la durée de la sortie se situe environ [&hellip;]</p>
