{"id":1351,"date":"2022-03-04T19:19:49","date_gmt":"2022-03-04T18:19:49","guid":{"rendered":"https:\/\/avf.asso.fr\/aubiere\/?page_id=1351"},"modified":"2022-11-09T19:34:06","modified_gmt":"2022-11-09T18:34:06","slug":"repas","status":"publish","type":"page","link":"https:\/\/avf.asso.fr\/aubiere\/repas\/","title":{"rendered":"Repas"},"content":{"rendered":"<p>Il s&rsquo;agit d&rsquo;un moment de <span style=\"color: #3366ff;\">convivialit\u00e9 et d &lsquo;\u00e9changes<\/span> pour r\u00e9unir les <span style=\"color: #3366ff;\">b\u00e9n\u00e9voles et tous les adh\u00e9rents.<\/span><\/p>\n<p>&nbsp;<\/p>\n<p>&nbsp;<\/p>\n","protected":false},"excerpt":{"rendered":"<p>Il s&rsquo;agit d&rsquo;un moment de convivialit\u00e9 et d &lsquo;\u00e9changes pour r\u00e9unir les b\u00e9n\u00e9voles et tous les adh\u00e9rents. &nbsp; &nbsp;<\/p>\n","protected":false},"author":46819,"featured_media":2235,"parent":0,"menu_order":0,"comment_status":"closed","ping_status":"closed","template":"","meta":[],"acf":[],"_links":{"self":[{"href":"https:\/\/avf.asso.fr\/aubiere\/wp-json\/wp\/v2\/pages\/1351"}],"collection":[{"href":"https:\/\/avf.asso.fr\/aubiere\/wp-json\/wp\/v2\/pages"}],"about":[{"href":"https:\/\/avf.asso.fr\/aubiere\/wp-json\/wp\/v2\/types\/page"}],"author":[{"embeddable":true,"href":"https:\/\/avf.asso.fr\/aubiere\/wp-json\/wp\/v2\/users\/46819"}],"replies":[{"embeddable":true,"href":"https:\/\/avf.asso.fr\/aubiere\/wp-json\/wp\/v2\/comments?post=1351"}],"version-history":[{"count":8,"href":"https:\/\/avf.asso.fr\/aubiere\/wp-json\/wp\/v2\/pages\/1351\/revisions"}],"predecessor-version":[{"id":2236,"href":"https:\/\/avf.asso.fr\/aubiere\/wp-json\/wp\/v2\/pages\/1351\/revisions\/2236"}],"wp:featuredmedia":[{"embeddable":true,"href":"https:\/\/avf.asso.fr\/aubiere\/wp-json\/wp\/v2\/media\/2235"}],"wp:attachment":[{"href":"https:\/\/avf.asso.fr\/aubiere\/wp-json\/wp\/v2\/media?parent=1351"}],"curies":[{"name":"wp","href":"https:\/\/api.w.org\/{rel}","templated":true}]}}