{"id":1212,"date":"2022-03-04T06:53:00","date_gmt":"2022-03-04T05:53:00","guid":{"rendered":"https:\/\/avf.asso.fr\/aubiere\/?page_id=1212"},"modified":"2022-11-09T15:33:29","modified_gmt":"2022-11-09T14:33:29","slug":"aquarelle","status":"publish","type":"page","link":"https:\/\/avf.asso.fr\/aubiere\/aquarelle\/","title":{"rendered":"Aquarelle"},"content":{"rendered":"<p style=\"text-align: justify;\">Dans cette activit\u00e9, Sylvie aborde des techniques de base telles que l&rsquo;<span><span style=\"color: #3366ff;\"><strong>apprentissage du travail de l&rsquo;eau<\/strong><\/span> et des <span style=\"color: #3366ff;\"><strong>pigments<\/strong><\/span>, la <span style=\"color: #3366ff;\"><strong>composition d&rsquo;une aquarelle<\/strong><\/span> (travail sur les diff\u00e9rents plans), et le <span style=\"color: #3366ff;\"><strong>Monochrome<\/strong><\/span> (travail avec une seule couleur et ses diff\u00e9rentes valeurs) etc&#8230;<\/span>\u00a0Par la suite, les sujets abord\u00e9s sont choisis ensemble.<\/p>\n<p style=\"text-align: justify;\"><span style=\"text-decoration: underline;\"><span style=\"color: #993366; text-decoration: underline;\"><strong>Fournitures<\/strong><\/span> <\/span>: En d\u00e9but d&rsquo;ann\u00e9e, une liste est donn\u00e9e pour le mat\u00e9riel \u00e0 acheter. L&rsquo;AVF en fournit \u00e9galement.<\/p>\n<p style=\"text-align: justify;\"><strong><span style=\"color: #993366;\"><span style=\"text-decoration: underline;\">Maximum de participants<\/span> : 8\u00a0<\/span><\/strong><\/p>\n<p>&nbsp;<\/p>\n","protected":false},"excerpt":{"rendered":"<p>Dans cette activit\u00e9, Sylvie aborde des techniques de base telles que l&rsquo;apprentissage du travail de l&rsquo;eau et des pigments, la composition d&rsquo;une aquarelle (travail sur les diff\u00e9rents plans), et le Monochrome (travail avec une seule couleur et ses diff\u00e9rentes valeurs) etc&#8230;\u00a0Par la suite, les sujets abord\u00e9s sont choisis ensemble. Fournitures : En d\u00e9but d&rsquo;ann\u00e9e, une [&hellip;]<\/p>\n","protected":false},"author":46819,"featured_media":1648,"parent":0,"menu_order":0,"comment_status":"closed","ping_status":"closed","template":"","meta":[],"acf":[],"_links":{"self":[{"href":"https:\/\/avf.asso.fr\/aubiere\/wp-json\/wp\/v2\/pages\/1212"}],"collection":[{"href":"https:\/\/avf.asso.fr\/aubiere\/wp-json\/wp\/v2\/pages"}],"about":[{"href":"https:\/\/avf.asso.fr\/aubiere\/wp-json\/wp\/v2\/types\/page"}],"author":[{"embeddable":true,"href":"https:\/\/avf.asso.fr\/aubiere\/wp-json\/wp\/v2\/users\/46819"}],"replies":[{"embeddable":true,"href":"https:\/\/avf.asso.fr\/aubiere\/wp-json\/wp\/v2\/comments?post=1212"}],"version-history":[{"count":10,"href":"https:\/\/avf.asso.fr\/aubiere\/wp-json\/wp\/v2\/pages\/1212\/revisions"}],"predecessor-version":[{"id":2174,"href":"https:\/\/avf.asso.fr\/aubiere\/wp-json\/wp\/v2\/pages\/1212\/revisions\/2174"}],"wp:featuredmedia":[{"embeddable":true,"href":"https:\/\/avf.asso.fr\/aubiere\/wp-json\/wp\/v2\/media\/1648"}],"wp:attachment":[{"href":"https:\/\/avf.asso.fr\/aubiere\/wp-json\/wp\/v2\/media?parent=1212"}],"curies":[{"name":"wp","href":"https:\/\/api.w.org\/{rel}","templated":true}]}}