{"id":8196,"date":"2023-11-04T12:31:03","date_gmt":"2023-11-04T11:31:03","guid":{"rendered":"https:\/\/avf.asso.fr\/antony\/?page_id=8196"},"modified":"2024-10-08T03:43:23","modified_gmt":"2024-10-08T01:43:23","slug":"convocation-ago-25-nov-2023","status":"publish","type":"page","link":"https:\/\/avf.asso.fr\/antony\/actus\/convocation-ago-25-nov-2023\/","title":{"rendered":"Convocation AGO 25 nov 2023"},"content":{"rendered":"<h2><strong><span style=\"color: #0000ff;\">Convocation \u00e0 l&rsquo;assembl\u00e9e G\u00e9n\u00e9rale Ordinaire du 25 Novembre 2023<\/span><\/strong><\/h2>\n<p>&nbsp;<\/p>\n<p>&nbsp;<\/p>\n<p>&nbsp;<\/p>\n<p>&nbsp;<\/p>\n","protected":false},"excerpt":{"rendered":"<p>Convocation \u00e0 l&rsquo;assembl\u00e9e G\u00e9n\u00e9rale Ordinaire du 25 Novembre 2023 &nbsp; &nbsp; &nbsp; &nbsp;<\/p>\n","protected":false},"author":51162,"featured_media":0,"parent":248,"menu_order":0,"comment_status":"closed","ping_status":"closed","template":"","meta":[],"acf":[],"_links":{"self":[{"href":"https:\/\/avf.asso.fr\/antony\/wp-json\/wp\/v2\/pages\/8196"}],"collection":[{"href":"https:\/\/avf.asso.fr\/antony\/wp-json\/wp\/v2\/pages"}],"about":[{"href":"https:\/\/avf.asso.fr\/antony\/wp-json\/wp\/v2\/types\/page"}],"author":[{"embeddable":true,"href":"https:\/\/avf.asso.fr\/antony\/wp-json\/wp\/v2\/users\/51162"}],"replies":[{"embeddable":true,"href":"https:\/\/avf.asso.fr\/antony\/wp-json\/wp\/v2\/comments?post=8196"}],"version-history":[{"count":10,"href":"https:\/\/avf.asso.fr\/antony\/wp-json\/wp\/v2\/pages\/8196\/revisions"}],"predecessor-version":[{"id":8935,"href":"https:\/\/avf.asso.fr\/antony\/wp-json\/wp\/v2\/pages\/8196\/revisions\/8935"}],"up":[{"embeddable":true,"href":"https:\/\/avf.asso.fr\/antony\/wp-json\/wp\/v2\/pages\/248"}],"wp:attachment":[{"href":"https:\/\/avf.asso.fr\/antony\/wp-json\/wp\/v2\/media?parent=8196"}],"curies":[{"name":"wp","href":"https:\/\/api.w.org\/{rel}","templated":true}]}}