{"id":1938,"date":"2019-04-10T19:24:54","date_gmt":"2019-04-10T17:24:54","guid":{"rendered":"https:\/\/avf.asso.fr\/antony\/?page_id=1938"},"modified":"2023-01-25T10:29:59","modified_gmt":"2023-01-25T09:29:59","slug":"photos-bowling","status":"publish","type":"page","link":"https:\/\/avf.asso.fr\/antony\/photos\/photos-bowling\/","title":{"rendered":"Photos Bowling"},"content":{"rendered":"<h4><span style=\"color: #008000;\">2022-2023<\/span><\/h4>\n<ul>\n<li><a href=\"https:\/\/photos.app.goo.gl\/EGuFFf7VpD8Nzq5L9\" target=\"_blank\" rel=\"noopener\">Restaurant couscous au St Augustin le 20 janvier 2023<\/a><\/li>\n<\/ul>\n<h4><span style=\"color: #008000;\">2019-2020<\/span><\/h4>\n<ul>\n<li><a href=\"https:\/\/photos.google.com\/share\/AF1QipM35YwdLFz8eEadpN1Fx-N1vv4l2e__rmTRc-6CW3S74XVStexMEuV1yIHtMbChJw?key=UGFodDlrcFJ2MHpTRVVTUmwzQTljUE4xcnNTa0t3&amp;x=0\" target=\"_blank\" rel=\"noopener\">20 d\u00e9cembre<\/a><\/li>\n<li><a href=\"https:\/\/photos.app.goo.gl\/burUELF6wXDidW4MA\" target=\"_blank\" rel=\"noopener\">6 d\u00e9cembre<\/a><\/li>\n<\/ul>\n<h4><span style=\"color: #008000;\">2018-2019<\/span><\/h4>\n<ul>\n<li><a href=\"https:\/\/photos.google.com\/share\/AF1QipOBJOUYn0IheiZDm5t-cnfuxt3nHYFMkUd8a7Ec4QiokoHHgkHlhWJVRKxNjhA1-A?key=c0FjMFJQOVczRTdKOFk0UHZmVlplV2pkOV9GR25n\" target=\"_blank\" rel=\"noopener\">30 novembre et 12 juillet<\/a><\/li>\n<\/ul>\n<h4><span style=\"color: #008000;\">2017-2018<\/span><\/h4>\n<ul>\n<li><a href=\"https:\/\/photos.google.com\/share\/AF1QipPVeMeiW40XCC3XD3-7ARmbtDKSyw2ZFr0sTealGUMeBTL9SyN0I3fKlCosvafxMw?key=U1pFbUZycjlCYXIxMVhlZ0gtS2oxdDhoV1VicVdB\" target=\"_blank\" rel=\"noopener\">22 d\u00e9cembre et 22 juin<\/a><\/li>\n<\/ul>\n<h4><span style=\"color: #008000;\">2016-2017<\/span><\/h4>\n<ul>\n<li><a href=\"https:\/\/photos.google.com\/share\/AF1QipPfvm3W1CJQ6Q23Ll0sbf-PiBFG1HhyqtJYPpToWTsrkpgP4gYOpi0jSLlwgjyWiQ?key=RmxhWVdiX1lheWlJV0U3ejM5aFRqb2VwMlVZc1FR\" target=\"_blank\" rel=\"noopener\">26 octobre, 28 d\u00e9cembre et 6 janvier<\/a><\/li>\n<\/ul>\n<h4><span style=\"color: #008000;\">2015-2016<\/span><\/h4>\n<ul>\n<li><a href=\"https:\/\/goo.gl\/photos\/bqLhKJ53VTzVopYj8\" target=\"_blank\" rel=\"noopener\">3 juin<\/a><\/li>\n<li><a href=\"https:\/\/goo.gl\/photos\/zpj5bA9j4fuiKsET8\" target=\"_blank\" rel=\"noopener\">8 janvier<\/a><\/li>\n<\/ul>\n<h4><span style=\"color: #008000;\">2014-2015<\/span><\/h4>\n<ul>\n<li><a href=\"https:\/\/photos.google.com\/share\/AF1QipPVo_sWNbmV5sq91VTxYiWiv02RDjLSI8F0H9v8NMqYYOXLE7e-JFTs_nN_bD0UNw?key=OEczME5tdV96aklfaW5INHJZSTJmSDJRUzFpNlV3\" target=\"_blank\" rel=\"noopener\">9 janvier, 20 mars et 5 juin<\/a><\/li>\n<\/ul>\n<h4><span style=\"color: #008000;\">2013-2014<\/span><\/h4>\n<ul>\n<li><a href=\"https:\/\/photos.google.com\/share\/AF1QipO2Kx86WUW-BRgnmQ2eaFYGxRWcL2ciGmU-1Bq58_7vC4Q2g275aKsDM-K1hCeykQ?key=SWd6M1FMMHczLWRfQzZ3OE9Tcl9yTXJvS0Q4aUFB\" target=\"_blank\" rel=\"noopener\">10 janvier et 27 juin<\/a><\/li>\n<\/ul>\n<p>&nbsp;<\/p>\n<p>&nbsp;<\/p>\n<div style=\"text-align: right;\">Mise \u00e0 jour le 25\/1\/2023<\/div>\n","protected":false},"excerpt":{"rendered":"<p>2022-2023 Restaurant couscous au St Augustin le 20 janvier 2023 2019-2020 20 d\u00e9cembre 6 d\u00e9cembre 2018-2019 30 novembre et 12 juillet 2017-2018 22 d\u00e9cembre et 22 juin 2016-2017 26 octobre, 28 d\u00e9cembre et 6 janvier 2015-2016 3 juin 8 janvier 2014-2015 9 janvier, 20 mars et 5 juin 2013-2014 10 janvier et 27 juin &nbsp; [&hellip;]<\/p>\n","protected":false},"author":10,"featured_media":0,"parent":1032,"menu_order":0,"comment_status":"closed","ping_status":"closed","template":"","meta":[],"acf":[],"_links":{"self":[{"href":"https:\/\/avf.asso.fr\/antony\/wp-json\/wp\/v2\/pages\/1938"}],"collection":[{"href":"https:\/\/avf.asso.fr\/antony\/wp-json\/wp\/v2\/pages"}],"about":[{"href":"https:\/\/avf.asso.fr\/antony\/wp-json\/wp\/v2\/types\/page"}],"author":[{"embeddable":true,"href":"https:\/\/avf.asso.fr\/antony\/wp-json\/wp\/v2\/users\/10"}],"replies":[{"embeddable":true,"href":"https:\/\/avf.asso.fr\/antony\/wp-json\/wp\/v2\/comments?post=1938"}],"version-history":[{"count":10,"href":"https:\/\/avf.asso.fr\/antony\/wp-json\/wp\/v2\/pages\/1938\/revisions"}],"predecessor-version":[{"id":6904,"href":"https:\/\/avf.asso.fr\/antony\/wp-json\/wp\/v2\/pages\/1938\/revisions\/6904"}],"up":[{"embeddable":true,"href":"https:\/\/avf.asso.fr\/antony\/wp-json\/wp\/v2\/pages\/1032"}],"wp:attachment":[{"href":"https:\/\/avf.asso.fr\/antony\/wp-json\/wp\/v2\/media?parent=1938"}],"curies":[{"name":"wp","href":"https:\/\/api.w.org\/{rel}","templated":true}]}}