{"id":1146,"date":"2019-03-29T07:46:23","date_gmt":"2019-03-29T06:46:23","guid":{"rendered":"https:\/\/avf.asso.fr\/antony\/?page_id=1146"},"modified":"2024-11-22T05:23:48","modified_gmt":"2024-11-22T04:23:48","slug":"activites-culturelles","status":"publish","type":"page","link":"https:\/\/avf.asso.fr\/antony\/activites\/activites-culturelles\/","title":{"rendered":"Activit\u00e9s Culturelles"},"content":{"rendered":"<div>\n<div>\n<p>Cette page a chang\u00e9 d&rsquo;adresse.<\/p>\n<p>Veuillez cliquer ici: <a href=\"https:\/\/site.avfantony.com\/C3\/Culturelles.php\">https:\/\/site.avfantony.com\/C3\/Culturelles.php<\/a><\/p>\n<p>&nbsp;<\/p>\n<\/div>\n<\/div>\n<p>&nbsp;<\/p>\n<p>&nbsp;<\/p>\n<p>&nbsp;<\/p>\n<p>&nbsp;<\/p>\n<p>&nbsp;<\/p>\n<p>&nbsp;<\/p>\n<p>&nbsp;<\/p>\n<p>&nbsp;<\/p>\n<p>&nbsp;<\/p>\n<p>&nbsp;<\/p>\n<p>&nbsp;<\/p>\n<p>&nbsp;<\/p>\n<p>&nbsp;<\/p>\n<p>&nbsp;<\/p>\n<p>&nbsp;<\/p>\n<p>&nbsp;<\/p>\n<p>&nbsp;<\/p>\n<p>&nbsp;<\/p>\n<p>&nbsp;<\/p>\n<p>&nbsp;<\/p>\n<p>&nbsp;<\/p>\n<p>&nbsp;<\/p>\n<p>&nbsp;<\/p>\n<p>&nbsp;<\/p>\n<p>&nbsp;<\/p>\n<p>&nbsp;<\/p>\n<p>&nbsp;<\/p>\n<p>&nbsp;<\/p>\n<p>&nbsp;<\/p>\n<p>&nbsp;<\/p>\n<p>&nbsp;<\/p>\n<p>&nbsp;<\/p>\n<p>&nbsp;<\/p>\n<table style=\"width: 100%; border-collapse: collapse;\" border=\"0\">\n<tbody>\n<tr style=\"height: 200px;\">\n<td style=\"text-align: left; vertical-align: top; width: 21%; height: 125px;\">\n<h2><em><span style=\"color: #008000;\">2023-2024<\/span><\/em><\/h2>\n<p><span style=\"color: #008000;\"><em>\u00a0<\/em><\/span><\/td>\n<td style=\"width: 79%; vertical-align: middle; text-align: center; height: 125px;\">\n<p>&nbsp;<\/p>\n<p><span style=\"color: #800080;\"><em><strong>(*)<\/strong> : Activit\u00e9 requ\u00e9rant d\u2019avoir des connaissances de base en la mati\u00e8re.<\/em><\/span><\/p>\n<p><span style=\"color: #800080;\"><em>Pour en savoir plus sur certaines activit\u00e9s, cliquer sur : <span><strong>D\u00e9tails et informations&#8230;<\/strong><\/span><span><\/span><br \/>\n<\/em><em>Localisation des salles : <a href=\"https:\/\/avf.asso.fr\/antony\/votre-avf\/locaux-des-activites\/\" target=\"_blank\" rel=\"noopener noreferrer\" style=\"color: #800080;\"><img decoding=\"async\" loading=\"lazy\" class=\"alignnone wp-image-4097\" src=\"https:\/\/avf.asso.fr\/antony\/wp-content\/uploads\/sites\/380\/2020\/06\/plan-locaux-273x300.jpg\" alt=\"\" width=\"29\" height=\"31\" \/><\/a><\/em><\/span><\/td>\n<\/tr>\n<tr style=\"height: 18px;\">\n<td style=\"width: 21%; text-align: left; vertical-align: top; height: 18px;\"><\/td>\n<td style=\"width: 79%; text-align: left; vertical-align: middle; height: 18px;\"><span style=\"color: #ffffff;\">\u00a0<\/span><\/td>\n<\/tr>\n<tr style=\"height: 90px;\">\n<td style=\"width: 21%; text-align: left; vertical-align: top; height: 85px;\"><img decoding=\"async\" loading=\"lazy\" src=\"https:\/\/avf.asso.fr\/antony\/wp-content\/uploads\/sites\/380\/2023\/05\/Icone-2-300x300.jpg\" alt=\"\" class=\"alignnone wp-image-7652\" width=\"114\" height=\"114\" srcset=\"https:\/\/avf.asso.fr\/antony\/wp-content\/uploads\/sites\/380\/2023\/05\/Icone-2-300x300.jpg 300w, https:\/\/avf.asso.fr\/antony\/wp-content\/uploads\/sites\/380\/2023\/05\/Icone-2-150x150.jpg 150w, https:\/\/avf.asso.fr\/antony\/wp-content\/uploads\/sites\/380\/2023\/05\/Icone-2-360x360.jpg 360w, https:\/\/avf.asso.fr\/antony\/wp-content\/uploads\/sites\/380\/2023\/05\/Icone-2.jpg 640w\" sizes=\"(max-width: 114px) 100vw, 114px\" \/><\/td>\n<td style=\"width: 79%; text-align: left; vertical-align: middle; height: 85px;\"><span style=\"color: #ffffff;\"><span style=\"color: #800080;\"><strong>ATELIER ECRITURE<\/strong><\/span> <span style=\"color: #000000;\">\u00a0~ Fran\u00e7oise LUBEIGT<\/span><\/span><br \/>\n<span style=\"color: #ffffff;\"><span style=\"color: #000000;\">Laisser danser les mots , donner libre cours \u00e0 son imagination, jouer avec les id\u00e9es, r\u00eaver, &#8230;<br \/>\n<a href=\"https:\/\/avf.asso.fr\/antony\/wp-content\/uploads\/sites\/380\/2023\/05\/2023-2024-en-savoir-plus-Atelier-decriture-F-Lubeigt-1.pdf\"><span style=\"color: #800080;\">Lire le suite&#8230;<\/span><\/a><br \/>\n<\/span><\/span><span style=\"color: #ffffff;\"><\/span><span style=\"color: #3366ff;\"><em>Le 3\u00e9me jeudi du mois 10h30 \u00e0 12h \u00e0 Vasarely<\/em><\/span><\/td>\n<\/tr>\n<tr style=\"height: 32px;\">\n<td style=\"width: 21%; text-align: left; vertical-align: top; height: 16px;\"><\/td>\n<td style=\"width: 79%; text-align: left; vertical-align: middle; height: 16px;\"><\/td>\n<\/tr>\n<tr style=\"height: 90px;\">\n<td style=\"width: 21%; text-align: left; vertical-align: top; height: 90px;\"><img decoding=\"async\" loading=\"lazy\" src=\"https:\/\/avf.asso.fr\/antony\/wp-content\/uploads\/sites\/380\/2023\/11\/logo-atelier-aide-informatique.png\" alt=\"\" width=\"119\" height=\"87\" class=\"alignnone wp-image-8312\" \/><\/td>\n<td style=\"width: 79%; text-align: left; vertical-align: middle; height: 90px;\"><span><span style=\"color: #800080;\"><strong>PETIT ATELIER<\/strong> <strong>INFORMATIQUE <\/strong><\/span>~ Fran\u00e7ois NOGUERA\u00a0\u00a0\u00a0\u00a0\u00a0\u00a0\u00a0\u00a0\u00a0\u00a0\u00a0\u00a0\u00a0\u00a0\u00a0\u00a0 <strong><span style=\"color: #339966;\">NOUVEAU<\/span><\/strong><br \/>\n<\/span>Ce trimestre D\u00e9couverte des menus d\u00e9roulants d\u2019Open Office<br \/>\n<span><em>\u00a0<span style=\"color: #00ccff;\">Lundi de 9h \u00e0 11h30 \u00e0 Beauvallon<br \/>\n<a href=\"https:\/\/avf.asso.fr\/antony\/wp-content\/uploads\/sites\/380\/2023\/11\/petit-atelier-dinformatique-1.pdf\" target=\"_blank\" rel=\"noopener\"><strong>D\u00e9tails et informations&#8230;<\/strong><\/a><br \/>\n<\/span><\/em><\/span><\/td>\n<\/tr>\n<tr style=\"height: 0px;\">\n<td style=\"width: 21%; text-align: left; vertical-align: top; height: 35px;\"><\/td>\n<td style=\"width: 79%; text-align: left; vertical-align: middle; height: 35px;\"><\/td>\n<\/tr>\n<tr style=\"height: 119px;\">\n<td style=\"width: 21%; text-align: left; vertical-align: top; height: 119px;\"><img decoding=\"async\" loading=\"lazy\" src=\"https:\/\/avf.asso.fr\/antony\/wp-content\/uploads\/sites\/380\/2024\/01\/Icone-smartphone.jpg\" alt=\"\" width=\"119\" height=\"95\" class=\"alignnone wp-image-8521\" \/><\/td>\n<td style=\"width: 79%; text-align: left; vertical-align: middle; height: 119px;\"><span><span style=\"color: #800080;\"><strong>ATELIER SMARTPHONE<\/strong><\/span> Jean-Luc TRIN \u00a0\u00a0\u00a0\u00a0\u00a0\u00a0 \u00a0 \u00a0 \u00a0 \u00a0 \u00a0 \u00a0 \u00a0 \u00a0 \u00a0 \u00a0 \u00a0 \u00a0 \u00a0 \u00a0\u00a0\u00a0\u00a0\u00a0\u00a0\u00a0 <span style=\"color: #339966;\"><strong>NOUVEAU<\/strong><\/span><\/span><br \/>\n<span>Mieux comprendre et utiliser mon Smartphone Android &#8230;<br \/>\n<\/span><span><\/span><span style=\"color: #3366ff;\"><em> 2 sc\u00e9ances vendredi au mois de janvier\/f\u00e9vrier de 9h30 \u00e0 11h30 \u00e0 Beauvallon<br \/>\n<span><a href=\"https:\/\/avf.asso.fr\/antony\/wp-content\/uploads\/sites\/380\/2024\/01\/atelier-smartphone-Android.pdf\" target=\"_blank\" rel=\"noopener\"><strong>D\u00e9tails et informations&#8230;<\/strong><\/a><\/span><br \/>\n<\/em><\/span><\/td>\n<\/tr>\n<tr style=\"height: 10px;\">\n<td style=\"width: 21%; text-align: left; vertical-align: top; height: 10px;\"><\/td>\n<td style=\"width: 79%; text-align: left; vertical-align: middle; height: 10px;\"><span style=\"color: #800080;\"><strong>\u00a0<\/strong><\/span><\/td>\n<\/tr>\n<tr style=\"height: 28px;\">\n<td style=\"width: 21%; text-align: left; vertical-align: top; height: 28px;\"><img decoding=\"async\" loading=\"lazy\" src=\"https:\/\/avf.asso.fr\/antony\/wp-content\/uploads\/sites\/380\/2024\/03\/Whatsapp-1.jpg\" alt=\"\" width=\"98\" height=\"86\" class=\"alignnone size-full wp-image-8751\" \/><\/td>\n<td style=\"width: 79%; text-align: left; vertical-align: middle; height: 28px;\"><span style=\"color: #800080;\"><strong>ATELIER SMARTPHONE-<\/strong><strong>ZOOM SUR WHATSAPP<\/strong><\/span> <span>\u00a0 ~ Catherine CHEVALIER \u00a0\u00a0\u00a0\u00a0\u00a0\u00a0\u00a0\u00a0\u00a0\u00a0\u00a0\u00a0\u00a0\u00a0 <span style=\"color: #339966;\"><strong>NOUVEAU<\/strong><\/span><br \/>\n<\/span>Dans le cadre de l\u2019aide \u00e0 l\u2019utilisation du Smartphone Android, Catherine vous propose de d\u00e9couvrir ou d\u2019approfondir vos connaissances de WhatsApp<br \/>\n<span><em><a href=\"https:\/\/avf.asso.fr\/antony\/wp-content\/uploads\/sites\/380\/2024\/03\/Focus-sur-WhatsApp-par-Catherine.pdf\" target=\"_blank\" rel=\"noopener\"><strong>D\u00e9tails et informations&#8230;<\/strong><\/a><\/em><\/span><\/td>\n<\/tr>\n<tr style=\"height: 18px;\">\n<td style=\"width: 21%; text-align: left; vertical-align: top; height: 28px;\"><\/td>\n<td style=\"width: 79%; text-align: left; vertical-align: middle; height: 28px;\"><\/td>\n<\/tr>\n<tr style=\"height: 10px;\">\n<td style=\"height: 10px; width: 21%; text-align: left; vertical-align: top;\"><img decoding=\"async\" loading=\"lazy\" src=\"https:\/\/avf.asso.fr\/antony\/wp-content\/uploads\/sites\/380\/2021\/06\/Allemand.png\" alt=\"\" class=\"alignnone wp-image-5340\" width=\"120\" height=\"79\" \/><\/td>\n<td style=\"height: 10px; width: 79%; text-align: left; vertical-align: middle;\"><span style=\"color: #800080;\"><strong>CONVERSATION ALLEMANDE<\/strong><\/span> (*) ~ V\u00e9r\u00e9na GONIN<br \/>\nLa conversation s\u2019appuie sur des documents \u2013 articles de journaux, po\u00e8mes et chants et \u00e9v\u00e8nements. Des lectures avec explications et des discussions libres animent la s\u00e9ance.<br \/>\n<em><span style=\"color: #00ccff;\">\u00a0Mardi de 14h00 \u00e0 15h30 \u00e0 Vasarely<br \/>\n<\/span><\/em><span style=\"color: #00ccff;\"><a href=\"https:\/\/avf.asso.fr\/antony\/wp-content\/uploads\/sites\/380\/2023\/07\/2023-2024-en-savoir-plus-Atelier-Conversation-en-Allemand-V.-Gonin.pdf\"><strong><em>D\u00e9tails et informations&#8230;<\/em><\/strong><\/a><\/span><em><span style=\"color: #00ccff;\"><br \/>\n<\/span><\/em><em><span style=\"color: #ff0000;\"><\/span><\/em><em><span style=\"color: #00ccff;\"><\/span><span style=\"color: #ff0000;\"><\/span><\/em><\/td>\n<\/tr>\n<tr style=\"height: 10px;\">\n<td style=\"height: 10px; width: 21%; text-align: left; vertical-align: top;\"><\/td>\n<td style=\"height: 10px; width: 79%; text-align: left; vertical-align: middle;\"><span style=\"color: #ffffff;\">.<\/span><\/td>\n<\/tr>\n<tr style=\"height: 10px;\">\n<td style=\"height: 10px; width: 21%; text-align: left; vertical-align: top;\">\n<p>&nbsp;<\/p>\n<p><img decoding=\"async\" loading=\"lazy\" src=\"https:\/\/avf.asso.fr\/antony\/wp-content\/uploads\/sites\/380\/2021\/06\/Anglais.png\" alt=\"\" class=\"alignnone wp-image-5341\" width=\"120\" height=\"81\" \/><\/td>\n<td style=\"height: 10px; width: 79%; text-align: left; vertical-align: middle;\"><strong><span style=\"color: #800080;\">CONVERSATION ANGLAISE<\/span><\/strong> (*)<br \/>\nL\u2019activit\u00e9 est surtout centr\u00e9e sur la parole spontan\u00e9e, moins sur la lecture. Un peu de grammaire, correction de la prononciation, pr\u00e9cision de la signification et des nuances, petits jeux de r\u00f4le et conversations sur les activit\u00e9s de chacun.<br \/>\n<span style=\"color: #000000;\">Quatre <\/span>groupes au choix <em><span style=\"color: #00ccff;\">\u00e0 Vasarely<\/span><\/em> :<br \/>\n<span style=\"color: #00ccff;\"><em>1. lundi de 9h30 \u00e0 11h <\/em><\/span>~ Nicole JOBIC et Anne CUEILLE<br \/>\n<span style=\"color: #00ccff;\"><em>2. lundi de 10h30 \u00e0 12h00 <\/em><\/span>~ Fran\u00e7ois GOUTET<span style=\"color: #00ccff;\"><em><br \/>\n<span style=\"color: #ffffff;\">.<\/span>\u00a0\u00a0 <a href=\"https:\/\/avf.asso.fr\/antony\/wp-content\/uploads\/sites\/380\/2023\/08\/2023-2024-en-savoir-plus-Ateliers-Conversation-Anglaise-2-et-3-F.Goutet-v2.pdf\"><strong><span style=\"color: #000080;\">D\u00e9tails et informations&#8230;<\/span><\/strong><\/a><br \/>\n<\/em><\/span><span style=\"color: #00ccff;\"><em>3. mardi de 10h30 \u00e0 12h00 <\/em><\/span>~ Fran\u00e7ois GOUTET<em><span><br \/>\n<span style=\"color: #ffffff;\">.\u00a0<\/span>\u00a0 <span style=\"color: #000080;\"><a href=\"https:\/\/avf.asso.fr\/antony\/wp-content\/uploads\/sites\/380\/2023\/08\/2023-2024-en-savoir-plus-Ateliers-Conversation-Anglaise-2-et-3-F.Goutet-v2.pdf\" style=\"color: #000080;\"><strong>D\u00e9tails et informations&#8230;<\/strong><\/a><\/span><br \/>\n<\/span><\/em><span><\/span><em><span><\/span><\/em><span style=\"color: #00ccff;\"><em>4. mercredi 17h30 \u00e0 19h00 <\/em><\/span>~ Gabrielle ALGARON<em><\/em><span style=\"color: #00ccff;\"><em><br \/>\n<\/em><\/span><\/td>\n<\/tr>\n<tr style=\"height: 10px;\">\n<td style=\"height: 10px; width: 21%; text-align: left; vertical-align: top;\"><\/td>\n<td style=\"height: 10px; width: 79%; text-align: left; vertical-align: middle;\"><span style=\"color: #ffffff;\">.<br \/>\n<\/span><\/td>\n<\/tr>\n<tr style=\"height: 10px;\">\n<td style=\"height: 17px; width: 21%; text-align: left; vertical-align: top;\"><img decoding=\"async\" loading=\"lazy\" src=\"https:\/\/avf.asso.fr\/antony\/wp-content\/uploads\/sites\/380\/2021\/06\/Espagnol.png\" alt=\"\" class=\"alignnone wp-image-5344\" width=\"120\" height=\"85\" \/><\/td>\n<td style=\"height: 17px; width: 79%; text-align: left; vertical-align: middle;\"><strong><span style=\"color: #993366;\">CONVERSATION ESPAGNOLE<\/span><\/strong> (*)<br \/>\nNous suivons un livre achet\u00e9 au d\u00e9but de l\u2019ann\u00e9e dans lequel il y a des dialogues de base de la vie courante les mettant en situation, grammaire, exercices etc\u2026<br \/>\nTrois niveaux au choix <span style=\"color: #00ccff;\"><em>\u00e0 Vasarely<\/em><\/span> :<br \/>\n<span style=\"color: #00ccff;\"><em><\/em><\/span><span style=\"color: #00ccff;\"><\/span>~ Rosa Maria GONZALEZ<a href=\"https:\/\/avf.asso.fr\/antony\/wp-content\/uploads\/sites\/380\/2021\/07\/2021T3-en-savoir-plus-Ateliers-ConvEspagnol-RMGonzalez.pdf\" target=\"_blank\" rel=\"noopener noreferrer\"><\/a><br \/>\n<span style=\"color: #00ccff;\"><em>1. mercredi de 14h30 \u00e0 16h<\/em><\/span>\u00a0Pr\u00e9-requis : niveau scolaire<br \/>\n<span style=\"color: #00ccff;\"><em>2. vendredi de 14h30 \u00e0 16h<\/em><\/span>\u00a0Pr\u00e9-requis : savoir les bases<br \/>\n<span style=\"color: #ffffff;\">.<\/span>\u00a0\u00a0 <span style=\"color: #000080;\"><strong><em><a href=\"https:\/\/avf.asso.fr\/antony\/wp-content\/uploads\/sites\/380\/2023\/07\/2023-2024-en-savoir-plus-Ateliers-Conversation-Espagnole-3-et-4-RMGonzalez.pdf\" style=\"color: #000080;\" target=\"_blank\" rel=\"noopener\">D\u00e9tails et informations&#8230;<\/a><\/em><\/strong><\/span><br \/>\n~ Fran\u00e7ois GOUTET,<br \/>\n<em><span><span style=\"color: #ffffff;\">.<\/span>\u00a0\u00a0 <a href=\"https:\/\/avf.asso.fr\/antony\/wp-content\/uploads\/sites\/380\/2023\/08\/2023-2024-en-savoir-plus-Atelier-Conversation-Espagnole-2-F.Goutet.pdf\" target=\"_blank\" rel=\"noopener\"><strong>D\u00e9tails et informations&#8230;<\/strong><\/a><\/span><\/em><br \/>\n~ Micheline DELAUNAY<br \/>\n<span style=\"color: #00ccff;\"><em>\u00a0\u00a0 Lundi de 15h15 \u00e0 16h30\/45<\/em><\/span><a href=\"https:\/\/avf.asso.fr\/antony\/wp-content\/uploads\/sites\/380\/2022\/10\/2022T4-en-savoir-plus-Atelier-Conversation-Espagnole-3-F-Goutet.pdf\" target=\"_blank\" rel=\"noopener noreferrer\"><span><em><br \/>\n<span style=\"color: #ffffff;\"><span style=\"text-decoration: underline;\">\u00a0 \u00a0<\/span> <\/span><\/em><\/span><\/a><em><a href=\"https:\/\/avf.asso.fr\/antony\/wp-content\/uploads\/sites\/380\/2024\/02\/2023-2024-en-savoir-plus-Conversation-Espagnole1-M-Delaunay-mod-20022024.pdf\" target=\"_blank\" rel=\"noopener\"><strong>D\u00e9tails et informations&#8230;<\/strong><\/a><\/em><br \/>\n<span style=\"color: #00ccff;\"><em>3. mercredi de 10h30 \u00e0 12h<\/em><\/span> Pr\u00e9-requis : savoir les bases<span style=\"color: #ff0000;\"><\/span><br \/>\n<span style=\"color: #00ccff;\"><em><\/em><\/span><\/td>\n<\/tr>\n<tr style=\"height: 10px;\">\n<td style=\"height: 10px; width: 21%; text-align: left; vertical-align: top;\"><\/td>\n<td style=\"height: 10px; width: 79%; text-align: left; vertical-align: middle;\"><span style=\"color: #ffffff;\">.<\/span><\/td>\n<\/tr>\n<tr style=\"height: 10px;\">\n<td style=\"height: 10px; width: 21%; text-align: left; vertical-align: top;\"><img decoding=\"async\" loading=\"lazy\" src=\"https:\/\/avf.asso.fr\/antony\/wp-content\/uploads\/sites\/380\/2021\/06\/Italien.png\" alt=\"\" class=\"alignnone wp-image-5346\" width=\"122\" height=\"82\" \/><\/td>\n<td style=\"height: 10px; width: 79%; text-align: left; vertical-align: middle;\"><strong><span style=\"color: #993366;\">CONVERSATION ITALIENNE<\/span><\/strong><span style=\"color: #993366;\"><\/span><span style=\"color: #993366;\"><\/span> (*)<br \/>\nBas\u00e9e sur un \u00e9quilibre entre l\u2019acquisition ou le renforcement des fondamentaux de l\u2019\u00e9crit, d\u2019une part, et le d\u00e9veloppement des facult\u00e9s d\u2019expression \u00e0 l\u2019oral.<br \/>\nDeux groupes au choix <span style=\"color: #00ccff;\"><em>\u00e0 Vasarely<\/em><\/span> :<br \/>\n<span style=\"color: #00ccff;\"><em>1. lundi de 13h30 \u00e0 15h00<\/em><\/span> ~ Fran\u00e7oise GIQUEL<br \/>\n<span style=\"color: #00ccff;\"><em>2. mardi de 9h00 \u00e0 10h30 <\/em><\/span>~ Jacques FRANC<img decoding=\"async\" loading=\"lazy\" src=\"https:\/\/avf.asso.fr\/antony\/wp-content\/uploads\/sites\/380\/2021\/07\/EnSavoirPlusP.jpg\" alt=\"\" class=\"alignnone wp-image-5469\" width=\"31\" height=\"24\" \/><br \/>\n<span style=\"color: #ffffff;\">.\u00a0 <\/span><a href=\"https:\/\/avf.asso.fr\/antony\/wp-content\/uploads\/sites\/380\/2023\/07\/2023-2024-en-savoir-plus-Atelier-Conversation-Italien2-JFranc.pdf\" target=\"_blank\" rel=\"noopener\"><em><strong>D\u00e9tails et informations&#8230;<\/strong><\/em><\/a><\/td>\n<\/tr>\n<tr style=\"height: 10px;\">\n<td style=\"height: 10px; width: 21%; text-align: left; vertical-align: top;\"><\/td>\n<td style=\"height: 10px; width: 79%; text-align: left; vertical-align: middle;\"><span style=\"color: #ffffff;\">.<\/span><\/td>\n<\/tr>\n<tr style=\"height: 10px;\">\n<td style=\"height: 10px; width: 21%; text-align: left; vertical-align: top;\">\n<p>&nbsp;<\/p>\n<p><img decoding=\"async\" loading=\"lazy\" src=\"https:\/\/avf.asso.fr\/antony\/wp-content\/uploads\/sites\/380\/2021\/06\/Chinois.png\" alt=\"\" class=\"alignnone wp-image-5343\" width=\"120\" height=\"79\" \/><\/td>\n<td style=\"height: 10px; width: 79%; text-align: left; vertical-align: middle;\"><strong><span style=\"color: #993366;\">CHINOIS<\/span><\/strong> ~ Tak-Wah ONG<a href=\"https:\/\/avf.asso.fr\/antony\/wp-content\/uploads\/sites\/380\/2021\/07\/2021T3-en-savoir-plus-Ateliers-CHINOIS-TW-Ong.pdf\" target=\"_blank\" rel=\"noopener noreferrer\"><img decoding=\"async\" loading=\"lazy\" src=\"https:\/\/avf.asso.fr\/antony\/wp-content\/uploads\/sites\/380\/2021\/07\/EnSavoirPlusP.jpg\" alt=\"\" class=\"alignnone wp-image-5469\" width=\"31\" height=\"24\" \/><\/a><br \/>\nDeux niveaux au choix <span style=\"color: #00ccff;\"><em>\u00e0 Vasarely<\/em><\/span> :<br \/>\n<span style=\"color: #00ccff;\"><em>1.<\/em><\/span> <em><span style=\"color: #00ccff;\">mardi de 16h30 \u00e0 17h30<br \/>\n<\/span><\/em>\u00ab d\u00e9couverte \u00bb Acqu\u00e9rir des bases fondamentales permettant l\u2019apprentissage de la langue chinoise \u00e0 travers la compr\u00e9hension de la structure et la construction des phrases et des exercices d\u2019\u00e9criture,<br \/>\n<span style=\"color: #00ccff;\"><em>2.<\/em><\/span> <em><span style=\"color: #00ccff;\">mardi de 18h00 \u00e0 19h00<br \/>\n<\/span><\/em>\u00ab perfectionnement \u00bb Approfondissement des bases fondamentales, structure des phrases, \u00e9l\u00e9ments particuliers et \u00e9criture, compr\u00e9hension et conversation, initiation \u00e0 la calligraphie,<br \/>\n<span style=\"color: #ffffff;\">.<\/span>\u00a0\u00a0 <a href=\"https:\/\/avf.asso.fr\/antony\/wp-content\/uploads\/sites\/380\/2023\/07\/2023-2024-en-savoir-plus-AteliersChinoisT-WONG-1.pdf\"><em><strong>D\u00e9tails et informations&#8230;<\/strong><\/em><\/a><\/td>\n<\/tr>\n<tr style=\"height: 10px;\">\n<td style=\"height: 10px; width: 21%; text-align: left; vertical-align: top;\"><\/td>\n<td style=\"height: 10px; width: 79%; text-align: left; vertical-align: middle;\"><span style=\"color: #ffffff;\">.<\/span><\/td>\n<\/tr>\n<tr style=\"height: 10px;\">\n<td style=\"height: 10px; width: 21%; text-align: left; vertical-align: top;\"><img decoding=\"async\" loading=\"lazy\" src=\"https:\/\/avf.asso.fr\/antony\/wp-content\/uploads\/sites\/380\/2021\/06\/GymCerebrale.png\" alt=\"\" class=\"alignnone wp-image-5345\" width=\"120\" height=\"85\" \/><\/td>\n<td style=\"height: 10px; width: 79%; text-align: left; vertical-align: middle;\"><strong><span style=\"color: #993366;\">GYM C\u00c9R\u00c9BRALE<\/span><\/strong> ~ Pierre et Martine PARA<br \/>\nDes exercices ludiques viseront \u00e0 stimuler les diff\u00e9rentes formes de m\u00e9moire : s\u00e9mantique, \u00e0 court terme, visuelle et auditive sollicitant l\u2019ensemble des fonctions du cerveau, mobilisant l\u2019attention, l\u2019observation et la concentration.<br \/>\n<em><span style=\"color: #00ccff;\">Mercredi de 10h00 \u00e0 11h30 \u00e0 Vasarely<br \/>\n<span style=\"color: #ffffff;\">.<\/span>\u00a0\u00a0 <a href=\"https:\/\/avf.asso.fr\/antony\/wp-content\/uploads\/sites\/380\/2024\/02\/2023-2024-en-savoir-plus-Ateliers-Gym-Cerebrale-P-Para.pdf\" target=\"_blank\" rel=\"noopener\"><strong>D\u00e9tails et informations&#8230;<\/strong><\/a><br \/>\n<\/span><\/em><\/td>\n<\/tr>\n<tr style=\"height: 18px;\">\n<td style=\"width: 21%; text-align: left; vertical-align: top; height: 18px;\"><\/td>\n<td style=\"width: 79%; text-align: left; vertical-align: middle; height: 18px;\"><span style=\"color: #ffffff;\">.<\/span><\/td>\n<\/tr>\n<tr style=\"height: 94px;\">\n<td style=\"width: 21%; text-align: left; vertical-align: top; height: 94px;\"><img decoding=\"async\" loading=\"lazy\" src=\"https:\/\/avf.asso.fr\/antony\/wp-content\/uploads\/sites\/380\/2021\/06\/BouillonCulture.png\" alt=\"\" class=\"alignnone wp-image-5342\" width=\"120\" height=\"91\" \/><\/td>\n<td style=\"width: 79%; text-align: left; vertical-align: middle; height: 94px;\"><strong><span style=\"color: #993366;\">BOUILLON DE CULTURE<\/span><\/strong> ~ Jacqueline LHORCA et Peter HERMAN<br \/>\nS\u2019enrichir mutuellement en parlant de nos lectures, des films, ou des spectacles que nous avons vus, des mus\u00e9es ou des monuments que vous avons visit\u00e9s\u2026 dans une ambiance chaleureuse.<br \/>\n<em><span style=\"color: #00ccff;\">Lundi de 9h \u00e0 12h00 \u00e0 Vasarely (1 semaine sur 2)<\/span><\/em><\/td>\n<\/tr>\n<\/tbody>\n<\/table>\n<p>&nbsp;<\/p>\n<p>&nbsp;<\/p>\n<p style=\"text-align: right;\"><em data-wp-editing=\"1\">9\/3\/2024<\/em><\/p>\n<p>&nbsp;<\/p>\n","protected":false},"excerpt":{"rendered":"<p>Cette page a chang\u00e9 d&rsquo;adresse. Veuillez cliquer ici: https:\/\/site.avfantony.com\/C3\/Culturelles.php &nbsp; &nbsp; &nbsp; &nbsp; &nbsp; &nbsp; &nbsp; &nbsp; &nbsp; &nbsp; &nbsp; &nbsp; &nbsp; &nbsp; &nbsp; &nbsp; &nbsp; &nbsp; &nbsp; &nbsp; &nbsp; &nbsp; &nbsp; &nbsp; &nbsp; &nbsp; &nbsp; &nbsp; &nbsp; &nbsp; &nbsp; &nbsp; &nbsp; &nbsp; 2023-2024 \u00a0 &nbsp; (*) : Activit\u00e9 requ\u00e9rant d\u2019avoir des connaissances de base [&hellip;]<\/p>\n","protected":false},"author":10,"featured_media":0,"parent":7968,"menu_order":1,"comment_status":"closed","ping_status":"closed","template":"","meta":[],"acf":[],"_links":{"self":[{"href":"https:\/\/avf.asso.fr\/antony\/wp-json\/wp\/v2\/pages\/1146"}],"collection":[{"href":"https:\/\/avf.asso.fr\/antony\/wp-json\/wp\/v2\/pages"}],"about":[{"href":"https:\/\/avf.asso.fr\/antony\/wp-json\/wp\/v2\/types\/page"}],"author":[{"embeddable":true,"href":"https:\/\/avf.asso.fr\/antony\/wp-json\/wp\/v2\/users\/10"}],"replies":[{"embeddable":true,"href":"https:\/\/avf.asso.fr\/antony\/wp-json\/wp\/v2\/comments?post=1146"}],"version-history":[{"count":13,"href":"https:\/\/avf.asso.fr\/antony\/wp-json\/wp\/v2\/pages\/1146\/revisions"}],"predecessor-version":[{"id":8955,"href":"https:\/\/avf.asso.fr\/antony\/wp-json\/wp\/v2\/pages\/1146\/revisions\/8955"}],"up":[{"embeddable":true,"href":"https:\/\/avf.asso.fr\/antony\/wp-json\/wp\/v2\/pages\/7968"}],"wp:attachment":[{"href":"https:\/\/avf.asso.fr\/antony\/wp-json\/wp\/v2\/media?parent=1146"}],"curies":[{"name":"wp","href":"https:\/\/api.w.org\/{rel}","templated":true}]}}