{"id":1241,"date":"2020-11-05T08:35:33","date_gmt":"2020-11-05T07:35:33","guid":{"rendered":"https:\/\/avf.asso.fr\/angouleme\/?page_id=1241"},"modified":"2020-11-05T18:05:30","modified_gmt":"2020-11-05T17:05:30","slug":"animations-ponctuelles","status":"publish","type":"page","link":"https:\/\/avf.asso.fr\/angouleme\/animations-ponctuelles\/","title":{"rendered":"Animations ponctuelles"},"content":{"rendered":"<p>Les animations ponctuelles de l&rsquo;AVF d&rsquo;Angoul\u00eame sont tr\u00e8s vari\u00e9es&#8230; il y en a vraiment pour tous les go\u00fbts. Vous aurez la possibilit\u00e9 de participer \u00e0 :<\/p>\n<p>&#8211; des sorties culturelles : exposition au mus\u00e9e, visite d&rsquo;une distillerie, visite d&rsquo;une \u00e9glise romane ou d&rsquo;un village typique par exemple<\/p>\n<p>&#8211; des sorties \u00ab\u00a0nature\u00a0\u00bb avec des randonn\u00e9es au coeur de la Charente<\/p>\n<p>&#8211; des visites du patrimoine industriel local comme par exemple la d\u00e9couverte du centre de tri de d\u00e9chets ou la visite d&rsquo;une entreprise de c\u00e9l\u00e8bres charentaises<\/p>\n<p>&#8211; des moments plus ludiques, comme une soir\u00e9e jeux de soci\u00e9t\u00e9 ou un ap\u00e9ro-bowling<\/p>\n<p>&#8211; et puis des moments festifs et gastronomiques, avec des soir\u00e9es saveurs ou la traditionnelle soir\u00e9e Beaujolais Nouveau !<\/p>\n","protected":false},"excerpt":{"rendered":"<p>Les animations ponctuelles de l&rsquo;AVF d&rsquo;Angoul\u00eame sont tr\u00e8s vari\u00e9es&#8230; il y en a vraiment pour tous les go\u00fbts. Vous aurez la possibilit\u00e9 de participer \u00e0 : &#8211; des sorties culturelles : exposition au mus\u00e9e, visite d&rsquo;une distillerie, visite d&rsquo;une \u00e9glise romane ou d&rsquo;un village typique par exemple &#8211; des sorties \u00ab\u00a0nature\u00a0\u00bb avec des randonn\u00e9es au [&hellip;]<\/p>\n","protected":false},"author":817,"featured_media":0,"parent":0,"menu_order":0,"comment_status":"closed","ping_status":"closed","template":"","meta":[],"acf":[],"_links":{"self":[{"href":"https:\/\/avf.asso.fr\/angouleme\/wp-json\/wp\/v2\/pages\/1241"}],"collection":[{"href":"https:\/\/avf.asso.fr\/angouleme\/wp-json\/wp\/v2\/pages"}],"about":[{"href":"https:\/\/avf.asso.fr\/angouleme\/wp-json\/wp\/v2\/types\/page"}],"author":[{"embeddable":true,"href":"https:\/\/avf.asso.fr\/angouleme\/wp-json\/wp\/v2\/users\/817"}],"replies":[{"embeddable":true,"href":"https:\/\/avf.asso.fr\/angouleme\/wp-json\/wp\/v2\/comments?post=1241"}],"version-history":[{"count":10,"href":"https:\/\/avf.asso.fr\/angouleme\/wp-json\/wp\/v2\/pages\/1241\/revisions"}],"predecessor-version":[{"id":1261,"href":"https:\/\/avf.asso.fr\/angouleme\/wp-json\/wp\/v2\/pages\/1241\/revisions\/1261"}],"wp:attachment":[{"href":"https:\/\/avf.asso.fr\/angouleme\/wp-json\/wp\/v2\/media?parent=1241"}],"curies":[{"name":"wp","href":"https:\/\/api.w.org\/{rel}","templated":true}]}}