{"id":212,"date":"2018-04-26T19:06:34","date_gmt":"2018-04-26T17:06:34","guid":{"rendered":"https:\/\/avf.asso.fr\/ales\/?page_id=212"},"modified":"2019-10-01T15:36:31","modified_gmt":"2019-10-01T13:36:31","slug":"documentation","status":"publish","type":"page","link":"https:\/\/avf.asso.fr\/ales\/documentation\/","title":{"rendered":"Documentation"},"content":{"rendered":"<p><strong><span style=\"color: #000080\">Nos statuts doivent \u00eatre conformes aux statuts type \u00e9labor\u00e9s\u00a0 par le national.<\/span><\/strong><\/p>\n","protected":false},"excerpt":{"rendered":"<p>Nos statuts doivent \u00eatre conformes aux statuts type \u00e9labor\u00e9s\u00a0 par le national.<\/p>\n","protected":false},"author":1,"featured_media":0,"parent":0,"menu_order":0,"comment_status":"closed","ping_status":"closed","template":"","meta":[],"acf":[],"_links":{"self":[{"href":"https:\/\/avf.asso.fr\/ales\/wp-json\/wp\/v2\/pages\/212"}],"collection":[{"href":"https:\/\/avf.asso.fr\/ales\/wp-json\/wp\/v2\/pages"}],"about":[{"href":"https:\/\/avf.asso.fr\/ales\/wp-json\/wp\/v2\/types\/page"}],"author":[{"embeddable":true,"href":"https:\/\/avf.asso.fr\/ales\/wp-json\/wp\/v2\/users\/1"}],"replies":[{"embeddable":true,"href":"https:\/\/avf.asso.fr\/ales\/wp-json\/wp\/v2\/comments?post=212"}],"version-history":[{"count":2,"href":"https:\/\/avf.asso.fr\/ales\/wp-json\/wp\/v2\/pages\/212\/revisions"}],"predecessor-version":[{"id":932,"href":"https:\/\/avf.asso.fr\/ales\/wp-json\/wp\/v2\/pages\/212\/revisions\/932"}],"wp:attachment":[{"href":"https:\/\/avf.asso.fr\/ales\/wp-json\/wp\/v2\/media?parent=212"}],"curies":[{"name":"wp","href":"https:\/\/api.w.org\/{rel}","templated":true}]}}