{"id":188,"date":"2018-04-25T11:10:12","date_gmt":"2018-04-25T09:10:12","guid":{"rendered":"https:\/\/avf.asso.fr\/ales\/?page_id=188"},"modified":"2019-10-01T16:05:43","modified_gmt":"2019-10-01T14:05:43","slug":"partenaires","status":"publish","type":"page","link":"https:\/\/avf.asso.fr\/ales\/partenaires\/","title":{"rendered":"Partenaires"},"content":{"rendered":"<p><strong>Les partenaires institutionnels<\/strong><\/p>\n<p><a href=\"http:\/\/www.ales.fr\">MAIRIE D&rsquo;AL\u00c8S<\/a><\/p>\n<p><a href=\"http:\/\/www.gard.fr\/\">CONSEIL D\u00c9PARTEMENTAL<\/a><\/p>\n<p><a href=\"https:\/\/www.mutuelle-viasante.fr\/\">VIASANT\u00c9-AG2R La MONDIALE<\/a><\/p>\n<p><a href=\"https:\/\/www.creditmutuel.fr\/fr\/particuliers.html\">CREDIT MUTUEL<\/a><br \/>\n<span class=\"LrzXr\">15 rue de la R\u00e9publique<br \/>\n<\/span><span class=\"LrzXr\">30100 AL\u00c8S<\/span><\/p>\n<p><a href=\"http:\/\/www.cevennes-tourisme.fr\">OFFICE DE TOURISME<\/a><\/p>\n","protected":false},"excerpt":{"rendered":"<p>Les partenaires institutionnels MAIRIE D&rsquo;AL\u00c8S CONSEIL D\u00c9PARTEMENTAL VIASANT\u00c9-AG2R La MONDIALE CREDIT MUTUEL 15 rue de la R\u00e9publique 30100 AL\u00c8S OFFICE DE TOURISME<\/p>\n","protected":false},"author":1,"featured_media":0,"parent":0,"menu_order":0,"comment_status":"closed","ping_status":"closed","template":"","meta":[],"acf":[],"_links":{"self":[{"href":"https:\/\/avf.asso.fr\/ales\/wp-json\/wp\/v2\/pages\/188"}],"collection":[{"href":"https:\/\/avf.asso.fr\/ales\/wp-json\/wp\/v2\/pages"}],"about":[{"href":"https:\/\/avf.asso.fr\/ales\/wp-json\/wp\/v2\/types\/page"}],"author":[{"embeddable":true,"href":"https:\/\/avf.asso.fr\/ales\/wp-json\/wp\/v2\/users\/1"}],"replies":[{"embeddable":true,"href":"https:\/\/avf.asso.fr\/ales\/wp-json\/wp\/v2\/comments?post=188"}],"version-history":[{"count":4,"href":"https:\/\/avf.asso.fr\/ales\/wp-json\/wp\/v2\/pages\/188\/revisions"}],"predecessor-version":[{"id":937,"href":"https:\/\/avf.asso.fr\/ales\/wp-json\/wp\/v2\/pages\/188\/revisions\/937"}],"wp:attachment":[{"href":"https:\/\/avf.asso.fr\/ales\/wp-json\/wp\/v2\/media?parent=188"}],"curies":[{"name":"wp","href":"https:\/\/api.w.org\/{rel}","templated":true}]}}

<p><strong>Les partenaires institutionnels</strong></p>
<p><a href="http://www.ales.fr">MAIRIE D&rsquo;ALÈS</a></p>
<p><a href="http://www.gard.fr/">CONSEIL DÉPARTEMENTAL</a></p>
<p><a href="https://www.mutuelle-viasante.fr/">VIASANTÉ-AG2R La MONDIALE</a></p>
<p><a href="https://www.creditmutuel.fr/fr/particuliers.html">CREDIT MUTUEL</a><br />
<span class="LrzXr">15 rue de la République<br />
</span><span class="LrzXr">30100 ALÈS</span></p>
<p><a href="http://www.cevennes-tourisme.fr">OFFICE DE TOURISME</a></p>

<p>Les partenaires institutionnels MAIRIE D&rsquo;ALÈS CONSEIL DÉPARTEMENTAL VIASANTÉ-AG2R La MONDIALE CREDIT MUTUEL 15 rue de la République 30100 ALÈS OFFICE DE TOURISME</p>
