{"id":176,"date":"2018-04-25T11:07:11","date_gmt":"2018-04-25T09:07:11","guid":{"rendered":"https:\/\/avf.asso.fr\/ales\/?page_id=176"},"modified":"2023-10-05T07:38:28","modified_gmt":"2023-10-05T05:38:28","slug":"equipe","status":"publish","type":"page","link":"https:\/\/avf.asso.fr\/ales\/equipe\/","title":{"rendered":"Equipe"},"content":{"rendered":"<p>Pr\u00e9sident et Relations Publiques : Serge SABATIER<\/p>\n<p>Vice Pr\u00e9sident charg\u00e9 de la tr\u00e9sorerie : Gilbert JACQUIAU<\/p>\n<p>Vice Pr\u00e9sidente charg\u00e9e de l&rsquo;accueil des nouveaux arrivants : Danielle MONTHUL\u00c9<\/p>\n<p>Secr\u00e9taire g\u00e9n\u00e9ral : Jacques LAUZE<\/p>\n<p>Communication externe : Nicole VALLOIS<\/p>\n<p>Coordination des activit\u00e9s, sorties et voyages : Marie-Jo PASCAL<\/p>\n<p>&nbsp;<\/p>\n","protected":false},"excerpt":{"rendered":"<p>Pr\u00e9sident et Relations Publiques : Serge SABATIER Vice Pr\u00e9sident charg\u00e9 de la tr\u00e9sorerie : Gilbert JACQUIAU Vice Pr\u00e9sidente charg\u00e9e de l&rsquo;accueil des nouveaux arrivants : Danielle MONTHUL\u00c9 Secr\u00e9taire g\u00e9n\u00e9ral : Jacques LAUZE Communication externe : Nicole VALLOIS Coordination des activit\u00e9s, sorties et voyages : Marie-Jo PASCAL &nbsp;<\/p>\n","protected":false},"author":1,"featured_media":0,"parent":0,"menu_order":0,"comment_status":"closed","ping_status":"closed","template":"","meta":[],"acf":[],"_links":{"self":[{"href":"https:\/\/avf.asso.fr\/ales\/wp-json\/wp\/v2\/pages\/176"}],"collection":[{"href":"https:\/\/avf.asso.fr\/ales\/wp-json\/wp\/v2\/pages"}],"about":[{"href":"https:\/\/avf.asso.fr\/ales\/wp-json\/wp\/v2\/types\/page"}],"author":[{"embeddable":true,"href":"https:\/\/avf.asso.fr\/ales\/wp-json\/wp\/v2\/users\/1"}],"replies":[{"embeddable":true,"href":"https:\/\/avf.asso.fr\/ales\/wp-json\/wp\/v2\/comments?post=176"}],"version-history":[{"count":9,"href":"https:\/\/avf.asso.fr\/ales\/wp-json\/wp\/v2\/pages\/176\/revisions"}],"predecessor-version":[{"id":1090,"href":"https:\/\/avf.asso.fr\/ales\/wp-json\/wp\/v2\/pages\/176\/revisions\/1090"}],"wp:attachment":[{"href":"https:\/\/avf.asso.fr\/ales\/wp-json\/wp\/v2\/media?parent=176"}],"curies":[{"name":"wp","href":"https:\/\/api.w.org\/{rel}","templated":true}]}}

<p>Président et Relations Publiques : Serge SABATIER</p>
<p>Vice Président chargé de la trésorerie : Gilbert JACQUIAU</p>
<p>Vice Présidente chargée de l&rsquo;accueil des nouveaux arrivants : Danielle MONTHULÉ</p>
<p>Secrétaire général : Jacques LAUZE</p>
<p>Communication externe : Nicole VALLOIS</p>
<p>Coordination des activités, sorties et voyages : Marie-Jo PASCAL</p>
<p>&nbsp;</p>

<p>Président et Relations Publiques : Serge SABATIER Vice Président chargé de la trésorerie : Gilbert JACQUIAU Vice Présidente chargée de l&rsquo;accueil des nouveaux arrivants : Danielle MONTHULÉ Secrétaire général : Jacques LAUZE Communication externe : Nicole VALLOIS Coordination des activités, sorties et voyages : Marie-Jo PASCAL &nbsp;</p>
